000
CXUS54 KFWD 072147
CF6DFW
PRELIMINARY LOCAL CLIMATOLOGICAL DATA (WS FORM: F-6)
STATION: DALLAS/FORT WORTH
MONTH: JUNE
YEAR: 2022
LATITUDE: 32 54 N
LONGITUDE: 97 2 W
TEMPERATURE IN F: :PCPN: SNOW: WIND :SUNSHINE: SKY :PK WND
================================================================================
1 2 3 4 5 6A 6B 7 8 9 10 11 12 13 14 15 16 17 18
12Z AVG MX 2MIN
DY MAX MIN AVG DEP HDD CDD WTR SNW DPTH SPD SPD DIR MIN PSBL S-S WX SPD DR
================================================================================
1 89 71 80 1 0 15 2.15 0.0 0 8.6 36 350 M M 8 13 46 50
2 84 65 75 -4 0 10 0.38 0.0 0 10.2 39 350 M M 7 13 50 360
3 83 70 77 -3 0 12 0.11 0.0 0 6.0 16 60 M M 8 13 22 30
4 87 68 78 -2 0 13 0.00 0.0 0 6.9 14 110 M M 8 19 150
5 93 73 83 3 0 18 0.00 0.0 0 14.4 24 120 M M 6 35 130
6 94 76 85 5 0 20 0.00 0.0 0 16.5 26 180 M M 4 35 200
7 94 77 86 6 0 21 0.00 0.0 0 13.8 21 150 M M 5 30 170
8 89 75 82 1 0 17 0.00 0.0 0 13.8 28 360 M M 7 37 30
9 94 73 84 3 0 19 0.00 0.0 0 6.9 13 170 M M 6 18 180
10 99 76 88 7 0 23 0.00 0.0 0 7.5 21 20 M M 5 27 20
11 103 79 91 10 0 26 0.00 0.0 0 11.9 20 180 M M 3 26 200
12 102 80 91 9 0 26 0.00 0.0 0 16.1 23 190 M M 2 30 190
13 100 80 90 8 0 25 0.00 0.0 0 18.4 26 190 M M 0 8 40 170
14 97 78 88 6 0 23 0.00 0.0 0 22.5 32 170 M M 5 44 170
15 95 79 87 5 0 22 0.00 0.0 0 18.5 30 180 M M 7 43 160
16 100 81 91 9 0 26 0.00 0.0 0 9.9 18 200 M M 4 23 190
17 99 75 87 5 0 22 T 0.0 0 5.4 24 120 M M 2 38 39 120
18 99 75 87 5 0 22 0.00 0.0 0 7.4 16 150 M M 3 24 160
19 99 78 89 6 0 24 0.00 0.0 0 8.0 25 120 M M 2 34 110
20 101 76 89 6 0 24 0.00 0.0 0 10.4 20 150 M M 2 29 140
21 99 81 90 7 0 25 0.00 0.0 0 9.7 17 150 M M 1 24 130
22 99 77 88 5 0 23 0.00 0.0 0 7.2 15 200 M M 2 19 140
23 102 80 91 8 0 26 0.00 0.0 0 6.3 18 130 M M 3 24 130
24 103 82 93 10 0 28 0.00 0.0 0 10.9 20 140 M M 2 34 210
25 101 82 92 9 0 27 0.00 0.0 0 10.3 17 200 M M 2 22 190
26 101 78 90 6 0 25 0.00 0.0 0 9.6 24 20 M M 4 3 32 20
27 94 73 84 0 0 19 0.00 0.0 0 11.6 22 20 M M 6 27 360
28 92 76 84 0 0 19 0.00 0.0 0 9.1 15 40 M M 7 21 40
29 94 74 84 0 0 19 0.00 0.0 0 7.3 14 60 M M 2 19 40
30 99 73 86 2 0 21 0.00 0.0 0 7.8 22 160 M M 2 30 160
================================================================================
SM 2885 2281 0 640 2.64 0.0 322.9 M 125
================================================================================
AV 96.2 76.0 10.8 FASTST M M 4 MAX(MPH)
MISC ----> 39 350 50 360
================================================================================
NOTES:
# LAST OF SEVERAL OCCURRENCES
COLUMN 17 PEAK WIND IN M.P.H.
PRELIMINARY LOCAL CLIMATOLOGICAL DATA (WS FORM: F-6) , PAGE 2
STATION: DALLAS/FORT WORTH
MONTH: JUNE
YEAR: 2022
LATITUDE: 32 54 N
LONGITUDE: 97 2 W
[TEMPERATURE DATA] [PRECIPITATION DATA] SYMBOLS USED IN COLUMN 16
AVERAGE MONTHLY: 86.1 TOTAL FOR MONTH: 2.64 1 = FOG OR MIST
DPTR FM NORMAL: 4.2 DPTR FM NORMAL: -1.06 2 = FOG REDUCING VISIBILITY
HIGHEST: 103 ON 24,11 GRTST 24HR 2.53 ON 1- 2 TO 1/4 MILE OR LESS
LOWEST: 65 ON 2 3 = THUNDER
SNOW, ICE PELLETS, HAIL 4 = ICE PELLETS
TOTAL MONTH: 0.0 INCH 5 = HAIL
GRTST 24HR 0.0 6 = FREEZING RAIN OR DRIZZLE
GRTST DEPTH: 0 7 = DUSTSTORM OR SANDSTORM:
VSBY 1/2 MILE OR LESS
8 = SMOKE OR HAZE
[NO. OF DAYS WITH] [WEATHER - DAYS WITH] 9 = BLOWING SNOW
X = TORNADO
MAX 32 OR BELOW: 0 0.01 INCH OR MORE: 3
MAX 90 OR ABOVE: 25 0.10 INCH OR MORE: 3
MIN 32 OR BELOW: 0 0.50 INCH OR MORE: 1
MIN 0 OR BELOW: 0 1.00 INCH OR MORE: 1
[HDD (BASE 65) ]
TOTAL THIS MO. 0 CLEAR (SCALE 0-3) 11
DPTR FM NORMAL 0 PTCLDY (SCALE 4-7) 18
TOTAL FM JUL 1 1789 CLOUDY (SCALE 8-10) 1
DPTR FM NORMAL -429
[CDD (BASE 65) ]
TOTAL THIS MO. 640
DPTR FM NORMAL 134 [PRESSURE DATA]
TOTAL FM JAN 1 1255 HIGHEST SLP 30.17 ON 28
DPTR FM NORMAL 312 LOWEST SLP 29.57 ON 6
[REMARKS]
#FINAL-06-22#