000
CXUS54 KAMA 011600
CF6DHT
PRELIMINARY LOCAL CLIMATOLOGICAL DATA (WS FORM: F-6)
STATION: DALHART
MONTH: NOVEMBER
YEAR: 2021
LATITUDE: 36 1 N
LONGITUDE: 102 33 W
TEMPERATURE IN F: :PCPN: SNOW: WIND :SUNSHINE: SKY :PK WND
================================================================================
1 2 3 4 5 6A 6B 7 8 9 10 11 12 13 14 15 16 17 18
12Z AVG MX 2MIN
DY MAX MIN AVG DEP HDD CDD WTR SNW DPTH SPD SPD DIR MIN PSBL S-S WX SPD DR
================================================================================
1 64 31 48 -3 17 0 0.00 0.0 0 10.2 24 60 M M 0 29 60
2 41 37 39 -11 26 0 0.00 0.0 0 7.3 14 50 M M 10 17 50
3 56 32 44 -6 21 0 0.00 0.0 0 5.8 13 120 M M 4 1 20 160
4 67 24 46 -4 19 0 0.00 0.0 0 10.1 20 200 M M 0 1 27 180
5 75 29 52 3 13 0 0.00 0.0 0 9.2 14 160 M M 0 1 20 200
6 78 32 55 6 10 0 0.00 0.0 0 9.6 25 190 M M 0 34 180
7 84 33 59 11 6 0 0.00 0.0 0 12.6 24 220 M M 0 33 210
8 82 34 58 10 7 0 0.00 0.0 0 8.5 18 70 M M 0 24 80
9 65 36 51 3 14 0 0.00 0.0 0 8.5 14 180 M M 2 1 20 160
10 69 39 54 7 11 0 0.00 0.0 0 12.2 28 360 M M 1 8 37 10
11 61 30 46 -1 19 0 0.00 0.0 0 8.7 18 230 M M 1 32 200
12 56 30 43 -4 22 0 0.00 0.0 0 10.4 28 30 M M 0 37 20
13 71 26 49 3 16 0 0.00 0.0 0 7.9 16 220 M M 0 22 210
14 61 33 47 1 18 0 0.00 0.0 0 10.3 28 20 M M 0 34 20
15 82 33 58 13 7 0 0.00 0.0 0 4.2 12 290 M M 0 15 310
16 79 35 57 12 8 0 0.00 0.0 0 12.1 25 240 M M 0 8 33 240
17 56 27 42 -3 23 0 0.00 0.0 0 18.4 36 20 M M 0 48 20
18 51 18 35 -9 30 0 0.00 0.0 0 12.5 25 200 M M 0 36 180
19 68 30 49 5 16 0 0.00 0.0 0 16.5 26 220 M M 0 36 220
20 72 36 54 11 11 0 0.00 0.0 0 7.4 18 20 M M 0 8 26 40
21 58 31 45 2 20 0 0.00 0.0 0 12.8 32 10 M M 0 41 10
22 68 25 47 4 18 0 0.00 0.0 0 6.0 13 240 M M 0 17 250
23 76 22 49 7 16 0 0.00 0.0 0 14.1 28 220 M M 0 8 35 210
24 61 40 51 9 14 0 0.00 0.0 0 16.8 29 10 M M 1 39 360
25 52 21 37 -4 28 0 0.00 0.0 0 9.1 26 20 M M 1 33 10
26 65 18 42 1 23 0 0.00 0.0 0 8.4 14 200 M M 0 8 21 220
27 63 22 43 2 22 0 0.00 0.0 0 13.6 31 20 M M 0 39 20
28 65 26 46 6 19 0 0.00 0.0 0 10.2 25 220 M M 0 32 210
29 80 28 54 14 11 0 0.00 0.0 0 7.3 17 230 M M 0 23 220
30 63 30 47 7 18 0 0.00 0.0 0 14.0 37 360 M M 0 8 50 360
================================================================================
SM 1989 888 503 0 0.00 0.0 314.7 M 20
================================================================================
AV 66.3 29.6 10.5 FASTST M M 1 MAX(MPH)
MISC ----> 37 360 50 360
================================================================================
NOTES:
# LAST OF SEVERAL OCCURRENCES
COLUMN 17 PEAK WIND IN M.P.H.
PRELIMINARY LOCAL CLIMATOLOGICAL DATA (WS FORM: F-6) , PAGE 2
STATION: DALHART
MONTH: NOVEMBER
YEAR: 2021
LATITUDE: 36 1 N
LONGITUDE: 102 33 W
[TEMPERATURE DATA] [PRECIPITATION DATA] SYMBOLS USED IN COLUMN 16
AVERAGE MONTHLY: 48.0 TOTAL FOR MONTH: 0.00 1 = FOG OR MIST
DPTR FM NORMAL: 2.9 DPTR FM NORMAL: -0.53 2 = FOG REDUCING VISIBILITY
HIGHEST: 84 ON 7 GRTST 24HR 0.00 ON 1- 1 TO 1/4 MILE OR LESS
LOWEST: 18 ON 26,18 3 = THUNDER
SNOW, ICE PELLETS, HAIL 4 = ICE PELLETS
TOTAL MONTH: 0.0 INCH 5 = HAIL
GRTST 24HR 0.0 6 = FREEZING RAIN OR DRIZZLE
GRTST DEPTH: 0 7 = DUSTSTORM OR SANDSTORM:
VSBY 1/2 MILE OR LESS
8 = SMOKE OR HAZE
[NO. OF DAYS WITH] [WEATHER - DAYS WITH] 9 = BLOWING SNOW
X = TORNADO
MAX 32 OR BELOW: 0 0.01 INCH OR MORE: 0
MAX 90 OR ABOVE: 0 0.10 INCH OR MORE: 0
MIN 32 OR BELOW: 20 0.50 INCH OR MORE: 0
MIN 0 OR BELOW: 0 1.00 INCH OR MORE: 0
[HDD (BASE 65) ]
TOTAL THIS MO. 503 CLEAR (SCALE 0-3) 28
DPTR FM NORMAL -93 PTCLDY (SCALE 4-7) 1
TOTAL FM JUL 1 729 CLOUDY (SCALE 8-10) 1
DPTR FM NORMAL -171
[CDD (BASE 65) ]
TOTAL THIS MO. 0
DPTR FM NORMAL -1 [PRESSURE DATA]
TOTAL FM JAN 1 1389 HIGHEST SLP 30.59 ON 18
DPTR FM NORMAL -15 LOWEST SLP 29.61 ON 24
[REMARKS]
#FINAL-11-21#