000
CXUS54 KAMA 010710
CF6DHT
PRELIMINARY LOCAL CLIMATOLOGICAL DATA (WS FORM: F-6)
STATION: DALHART
MONTH: OCTOBER
YEAR: 2021
LATITUDE: 36 1 N
LONGITUDE: 102 33 W
TEMPERATURE IN F: :PCPN: SNOW: WIND :SUNSHINE: SKY :PK WND
================================================================================
1 2 3 4 5 6A 6B 7 8 9 10 11 12 13 14 15 16 17 18
12Z AVG MX 2MIN
DY MAX MIN AVG DEP HDD CDD WTR SNW DPTH SPD SPD DIR MIN PSBL S-S WX SPD DR
================================================================================
1 61 49 55 -8 10 0 T 0.0 0 5.8 24 270 M M 7 1 35 260
2 72 45 59 -4 6 0 0.00 0.0 0 7.8 20 360 M M 4 18 28 30
3 82 44 63 1 2 0 0.00 0.0 0 4.8 14 290 M M 1 18 19 290
4 87 47 67 5 0 2 0.00 0.0 0 6.5 21 10 M M 0 33 10
5 81 49 65 3 0 0 0.00 0.0 0 8.9 15 70 M M 0 21 70
6 82 46 64 3 1 0 0.00 0.0 0 12.3 23 190 M M 1 32 180
7 86 49 68 7 0 3 0.00 0.0 0 5.8 16 240 M M 0 23 310
8 91 49 70 10 0 5 0.00 0.0 0 8.9 20 200 M M 0 26 200
9 92 50 71 11 0 6 0.00 0.0 0 14.2 35 230 M M 0 8 50 220
10 69 47 58 -2 7 0 0.27 0.0 0 13.9 31 20 M M 6 18 39 20
11 76 36 56 -3 9 0 0.00 0.0 0 M M M M M M M M
12 75 41 58 -1 7 0 0.00 0.0 0 M M M M M M M M
13 71 36 54 -4 11 0 0.00 0.0 0 11.8 22 260 M M 0 32 270
14 63 37 50 -8 15 0 0.00 0.0 0 10.2 20 350 M M 1 26 360
15 61 36 49 -8 16 0 0.00 0.0 0 9.4 20 10 M M 1 8 28 360
16 70 30 50 -7 15 0 0.00 0.0 0 9.4 22 240 M M 0 8 27 240
17 75 28 52 -5 13 0 0.00 0.0 0 13.0 26 200 M M 0 37 190
18 82 41 62 6 3 0 0.00 0.0 0 15.0 30 180 M M 0 43 170
19 81 46 64 8 1 0 0.00 0.0 0 17.5 35 230 M M 0 47 200
20 69 36 53 -2 12 0 0.00 0.0 0 8.0 17 20 M M 0 22 20
21 75 35 55 0 10 0 0.00 0.0 0 5.5 13 210 M M 0 23 230
22 81 35 58 3 7 0 0.00 0.0 0 7.5 22 220 M M 0 18 32 210
23 85 41 63 9 2 0 0.00 0.0 0 13.4 35 220 M M 0 47 230
24 76 46 61 7 4 0 0.00 0.0 0 9.3 18 220 M M 0 24 360
25 88 42 65 12 0 0 0.00 0.0 0 11.6 28 200 M M 0 36 220
26 84 44 64 11 1 0 T 0.0 0 17.7 37 210 M M 1 51 220
27 63 39 51 -2 14 0 0.00 0.0 0 20.5 38 360 M M 0 52 350
28 62 39 51 -1 14 0 0.00 0.0 0 14.5 29 340 M M 0 41 320
29 73 34 54 2 11 0 0.00 0.0 0 6.1 13 280 M M 0 17 290
30 79 34 57 5 8 0 0.00 0.0 0 11.9 25 360 M M 0 8 33 340
31 57 38 48 -3 17 0 0.00 0.0 0 13.7 23 20 M M 2 30 40
================================================================================
SM 2349 1269 216 16 0.27 0.0 314.9 M 24
================================================================================
AV 75.8 40.9 10.9 FASTST M M 1 MAX(MPH)
MISC ----> 38 360 52 350
================================================================================
NOTES:
# LAST OF SEVERAL OCCURRENCES
COLUMN 17 PEAK WIND IN M.P.H.
PRELIMINARY LOCAL CLIMATOLOGICAL DATA (WS FORM: F-6) , PAGE 2
STATION: DALHART
MONTH: OCTOBER
YEAR: 2021
LATITUDE: 36 1 N
LONGITUDE: 102 33 W
[TEMPERATURE DATA] [PRECIPITATION DATA] SYMBOLS USED IN COLUMN 16
AVERAGE MONTHLY: 58.4 TOTAL FOR MONTH: 0.27 1 = FOG OR MIST
DPTR FM NORMAL: 1.3 DPTR FM NORMAL: -1.37 2 = FOG REDUCING VISIBILITY
HIGHEST: 92 ON 9 GRTST 24HR 0.27 ON 10-10 TO 1/4 MILE OR LESS
LOWEST: 28 ON 17 3 = THUNDER
SNOW, ICE PELLETS, HAIL 4 = ICE PELLETS
TOTAL MONTH: 0.0 INCH 5 = HAIL
GRTST 24HR 0.0 6 = FREEZING RAIN OR DRIZZLE
GRTST DEPTH: 0 7 = DUSTSTORM OR SANDSTORM:
VSBY 1/2 MILE OR LESS
8 = SMOKE OR HAZE
[NO. OF DAYS WITH] [WEATHER - DAYS WITH] 9 = BLOWING SNOW
X = TORNADO
MAX 32 OR BELOW: 0 0.01 INCH OR MORE: 1
MAX 90 OR ABOVE: 2 0.10 INCH OR MORE: 1
MIN 32 OR BELOW: 2 0.50 INCH OR MORE: 0
MIN 0 OR BELOW: 0 1.00 INCH OR MORE: 0
[HDD (BASE 65) ]
TOTAL THIS MO. 216 CLEAR (SCALE 0-3) 26
DPTR FM NORMAL -49 PTCLDY (SCALE 4-7) 3
TOTAL FM JUL 1 226 CLOUDY (SCALE 8-10) 2
DPTR FM NORMAL -79
[CDD (BASE 65) ]
TOTAL THIS MO. 16
DPTR FM NORMAL -4 [PRESSURE DATA]
TOTAL FM JAN 1 1389 HIGHEST SLP M ON M
DPTR FM NORMAL -14 LOWEST SLP 29.35 ON 26
[REMARKS]
#FINAL-10-21#