000
CXUS53 KDLH 020126
CF6DLH
PRELIMINARY LOCAL CLIMATOLOGICAL DATA (WS FORM: F-6)
STATION: DULUTH
MONTH: OCTOBER
YEAR: 2022
LATITUDE: 46 49 N
LONGITUDE: 92 11 W
TEMPERATURE IN F: :PCPN: SNOW: WIND :SUNSHINE: SKY :PK WND
================================================================================
1 2 3 4 5 6A 6B 7 8 9 10 11 12 13 14 15 16 17 18
12Z AVG MX 2MIN
DY MAX MIN AVG DEP HDD CDD WTR SNW DPTH SPD SPD DIR MIN PSBL S-S WX SPD DR
================================================================================
1 58 48 53 2 12 0 0.00 0.0 0 11.1 20 80 M M 6 1 28 100
2 58 49 54 4 11 0 T 0.0 0 9.4 16 90 M M 9 1 21 70
3 70 51 61 11 4 0 T 0.0 0 8.8 17 210 M M 6 1 24 200
4 70 55 63 13 2 0 T 0.0 0 5.4 13 230 M M 7 17 250
5 72 54 63 14 2 0 0.03 0.0 0 8.1 16 310 M M 6 1 24 320
6 54 34 44 -5 21 0 T 0.0 0 12.8 23 350 M M 6 36 340
7 44 30 37 -11 28 0 T T 0 8.5 17 280 M M 4 1 24 260
8 61 32 47 -1 18 0 0.00 0.0 0 12.9 21 290 M M 2 30 270
9 51 32 42 -5 23 0 0.00 0.0 0 4.9 13 90 M M 4 1 16 70
10 62 32 47 0 18 0 0.00 0.0 0 4.5 14 190 M M 2 12 18 190
11 77 42 60 14 5 0 0.01 0.0 0 14.8 30 190 M M 2 3 39 190
12 56 38 47 1 18 0 0.03 0.0 0 11.5 25 290 M M 7 18 36 290
13 44 31 38 -8 27 0 T T 0 11.6 21 310 M M 9 8 31 310
14 43 31 37 -8 28 0 0.13 2.0 2 6.1 13 340 M M 7 1 17 340
15 44 31 38 -7 27 0 0.23 2.7 2 10.4 20 300 M M 9 1 29 290
16 41 31 36 -8 29 0 0.02 0.4 0 15.4 28 310 M M 9 19 45 320
17 33 24 29 -15 36 0 T T T 16.8 25 340 M M 7 41 10
18 39 22 31 -12 34 0 0.00 0.0 0 11.4 20 350 M M 0 29 350
19 47 24 36 -7 29 0 0.00 0.0 0 9.9 18 340 M M 3 27 340
20 56 32 44 2 21 0 0.00 0.0 0 8.4 14 230 M M 1 21 340
21 63 42 53 11 12 0 0.00 0.0 0 10.1 18 300 M M 1 28 320
22 63 39 51 9 14 0 0.00 0.0 0 11.0 24 100 M M 1 36 100
23 69 45 57 16 8 0 0.04 0.0 0 13.1 21 90 M M 3 13 31 90
24 67 45 56 15 9 0 0.28 T 0 14.9 29 220 M M 8 135 41 210
25 45 37 41 1 24 0 0.00 0.0 0 11.5 22 300 M M 8 29 290
26 44 28 36 -4 29 0 0.00 0.0 0 7.6 16 310 M M 6 23 310
27 47 30 39 0 26 0 0.02 0.0 0 7.9 16 190 M M 6 23 180
28 60 44 52 13 13 0 0.00 0.0 0 13.3 24 220 M M 2 32 220
29 65 43 54 16 11 0 0.00 0.0 0 11.2 21 210 M M 0 28 220
30 62 32 47 9 18 0 0.00 0.0 0 5.4 13 340 M M 0 18 330
31 63 28 46 9 19 0 0.00 0.0 0 7.6 16 240 M M 1 20 250
================================================================================
SM 1728 1136 576 0 0.79 5.1 316.3 M 142
================================================================================
AV 55.7 36.6 10.2 FASTST M M 5 MAX(MPH)
MISC ----> 30 190 45 320
================================================================================
NOTES:
# LAST OF SEVERAL OCCURRENCES
COLUMN 17 PEAK WIND IN M.P.H.
PRELIMINARY LOCAL CLIMATOLOGICAL DATA (WS FORM: F-6) , PAGE 2
STATION: DULUTH
MONTH: OCTOBER
YEAR: 2022
LATITUDE: 46 49 N
LONGITUDE: 92 11 W
[TEMPERATURE DATA] [PRECIPITATION DATA] SYMBOLS USED IN COLUMN 16
AVERAGE MONTHLY: 46.2 TOTAL FOR MONTH: 0.79 1 = FOG OR MIST
DPTR FM NORMAL: 2.1 DPTR FM NORMAL: -2.12 2 = FOG REDUCING VISIBILITY
HIGHEST: 77 ON 11 GRTST 24HR 0.32 ON 23-24 TO 1/4 MILE OR LESS
LOWEST: 22 ON 18 3 = THUNDER
SNOW, ICE PELLETS, HAIL 4 = ICE PELLETS
TOTAL MONTH: 5.1 INCHES 5 = HAIL
GRTST 24HR 2.7 ON 15-15 6 = FREEZING RAIN OR DRIZZLE
GRTST DEPTH: 2 ON 15,14 7 = DUSTSTORM OR SANDSTORM:
VSBY 1/2 MILE OR LESS
8 = SMOKE OR HAZE
[NO. OF DAYS WITH] [WEATHER - DAYS WITH] 9 = BLOWING SNOW
X = TORNADO
MAX 32 OR BELOW: 0 0.01 INCH OR MORE: 9
MAX 90 OR ABOVE: 0 0.10 INCH OR MORE: 3
MIN 32 OR BELOW: 16 0.50 INCH OR MORE: 0
MIN 0 OR BELOW: 0 1.00 INCH OR MORE: 0
[HDD (BASE 65) ]
TOTAL THIS MO. 576 CLEAR (SCALE 0-3) 12
DPTR FM NORMAL -71 PTCLDY (SCALE 4-7) 15
TOTAL FM JUL 1 862 CLOUDY (SCALE 8-10) 4
DPTR FM NORMAL -154
[CDD (BASE 65) ]
TOTAL THIS MO. 0
DPTR FM NORMAL -1 [PRESSURE DATA]
TOTAL FM JAN 1 239 HIGHEST SLP 30.58 ON 7
DPTR FM NORMAL -16 LOWEST SLP 29.36 ON 21
[REMARKS]
#FINAL-10-22#