000
CXUS53 KDLH 041742
CLSDLH
CLIMATE REPORT
NATIONAL WEATHER SERVICE DULUTH MN
1142 AM CST SUN DEC 04 2022
...................................
...THE DULUTH CLIMATE SUMMARY FOR THE SEASON, FROM
9/1/2022 TO 11/30/2022...
CLIMATE NORMAL PERIOD: 1991 TO 2020
CLIMATE RECORD PERIOD: 1870 TO 2022
WEATHER OBSERVED NORMAL DEPART LAST YEAR`S
VALUE DATE(S) VALUE FROM VALUE DATE(S)
NORMAL
................................................................
TEMPERATURE (F)
RECORD
HIGH 95 09/07/1976
LOW -29 11/29/1875
HIGHEST 85 09/01 MM MM 85
LOWEST 5 11/20 MM MM 5
11/30
MEAN 45.1 43.7 1.4 47.3
PRECIPITATION (INCHES)
RECORD
MAXIMUM 17.74 1881
MINIMUM 1.97 1952
TOTALS 7.15 8.35 -1.20 7.44
SNOWFALL (INCHES)
RECORDS
TOTAL 56.8 1991
SNOW DEPTH 30 11/02/1991
TOTALS 18.0 16.9 1.1 5.5
SINCE 7/1 18.0 16.9 1.1 MM
SNOWDEPTH AVG. 1 0
DAYS >= 1.0 6 5.0 1.0 1
DAYS >= 1.0 6 1
GREATEST
SNOW DEPTH 5 11/15 3 11/14
11/16
11/17
DEGREE DAYS
HEATING TOTAL 1817 1957 -140 1597
COOLING TOTAL 28 22 6 15
................................................................
WIND (MPH)
AVERAGE WIND SPEED 9.7
HIGHEST WIND SPEED/DIRECTION 39/090
HIGHEST GUST SPEED/DIRECTION 54/110
SKY COVER
POSSIBLE SUNSHINE (PERCENT) MM
- INDICATES NEGATIVE NUMBERS.
R INDICATES RECORD WAS SET OR TIED.
MM INDICATES DATA IS MISSING.
T INDICATES TRACE AMOUNT.
$$