000
CXUS56 KTFX 160807
CF6DLN
PRELIMINARY LOCAL CLIMATOLOGICAL DATA (WS FORM: F-6)
STATION: DILLON AIRPORT MT
MONTH: AUGUST
YEAR: 2023
LATITUDE: 45 15 N
LONGITUDE: 112 33 W
TEMPERATURE IN F: :PCPN: SNOW: WIND :SUNSHINE: SKY :PK WND
================================================================================
1 2 3 4 5 6A 6B 7 8 9 10 11 12 13 14 15 16 17 18
12Z AVG MX 2MIN
DY MAX MIN AVG DEP HDD CDD WTR SNW DPTH SPD SPD DIR MIN PSBL S-S WX SPD DR
================================================================================
1 89 54 72 6 0 7 0.00 M M 6.6 14 220 M M 0 8 18 290
2 77 54 66 0 0 1 T M M 9.0 26 120 M M 2 38 44 310
3 68 51 60 -6 5 0 T M M 6.1 15 70 M M 7 8 22 50
4 63 53 58 -8 7 0 T M M 3.9 12 150 M M 9 18 16 150
5 68 51 60 -6 5 0 0.20 M M 6.3 16 30 M M 7 13 23 40
6 73 45 59 -7 6 0 T M M 5.2 20 70 M M 3 13 25 60
7 73 46 60 -6 5 0 0.25 M M 5.3 22 220 M M 7 13 33 230
8 75 44 60 -5 5 0 0.00 M M 4.1 9 170 M M 2 13 210
9 80 49 65 0 0 0 0.09 M M 7.5 35 260 M M 2 13 49 260
10 79 46 63 -2 2 0 0.00 M M 8.1 23 260 M M 0 32 260
11 82 45 64 -1 1 0 0.00 M M 7.5 21 250 M M 0 28 250
12 85 46 66 2 0 1 0.00 M M 6.1 16 260 M M 1 26 270
13 77 47 62 -2 3 0 0.00 M M 7.3 14 40 M M 0 19 30
14 86 41 64 0 1 0 0.00 M M 5.6 15 210 M M 0 20 210
15 94 50 72 8 0 7 0.00 M M 8.2 17 230 M M 0 21 220
16 91 56 74 10 0 9 0.00 M M 7.2 16 200 M M 0 8 27 200
17 95 52 74 11 0 9 T M M 10.1 24 140 M M 1 8 35 140
18 89 60 75 12 0 10 0.00 M M 11.5 36 240 M M 2 8 51 230
19 78 51 65 2 0 0 0.04 M M 6.0 17 340 M M 3 138 22 330
20 58 54 56 -7 9 0 0.32 M M 5.6 15 350 M M 10 1 18 360
21 82 53 68 6 0 3 0.01 M M 11.6 35 170 M M 7 1 51 170
22 78 55 67 5 0 2 0.00 M M 11.4 25 180 M M 1 3 39 180
23 77 48 63 1 2 0 0.02 M M 8.0 38 190 M M 2 138 52 200
24 86 46 66 4 0 1 0.00 M M 6.2 10 80 M M 0 15 290
25 79 51 65 4 0 0 0.03 M M 7.2 22 350 M M 3 13 28 350
26 79 48 64 3 1 0 T M M 4.9 18 340 M M 1 13 25 340
27 77 49 63 2 2 0 0.00 M M 6.3 14 210 M M 2 19 210
28 84 47 66 5 0 1 0.00 M M 7.5 18 30 M M 0 3 25 60
29 88 47 68 8 0 3 0.01 M M 8.8 36 210 M M 1 53 210
30 69 47 58 -2 7 0 0.00 M M 11.6 30 270 M M 1 38 270
31 77 46 62 2 3 0 T M M 9.9 24 140 M M 0 41 150
================================================================================
SM 2456 1532 64 54 0.97 M 230.6 M 74
================================================================================
AV 79.2 49.4 7.4 FASTST M M 2 MAX(MPH)
MISC ----> 38 190 53 210
================================================================================
NOTES:
# LAST OF SEVERAL OCCURRENCES
COLUMN 17 PEAK WIND IN M.P.H.
PRELIMINARY LOCAL CLIMATOLOGICAL DATA (WS FORM: F-6) , PAGE 2
STATION: DILLON AIRPORT MT
MONTH: AUGUST
YEAR: 2023
LATITUDE: 45 15 N
LONGITUDE: 112 33 W
[TEMPERATURE DATA] [PRECIPITATION DATA] SYMBOLS USED IN COLUMN 16
AVERAGE MONTHLY: 64.3 TOTAL FOR MONTH: 0.97 1 = FOG OR MIST
DPTR FM NORMAL: 0.9 DPTR FM NORMAL: 0.10 2 = FOG REDUCING VISIBILITY
HIGHEST: 95 ON 17 GRTST 24HR 0.36 ON 19-20 TO 1/4 MILE OR LESS
LOWEST: 41 ON 14 3 = THUNDER
SNOW, ICE PELLETS, HAIL 4 = ICE PELLETS
TOTAL MONTH: M 5 = HAIL
GRTST 24HR M ON M 6 = FREEZING RAIN OR DRIZZLE
GRTST DEPTH: M ON M 7 = DUSTSTORM OR SANDSTORM:
VSBY 1/2 MILE OR LESS
8 = SMOKE OR HAZE
[NO. OF DAYS WITH] [WEATHER - DAYS WITH] 9 = BLOWING SNOW
X = TORNADO
MAX 32 OR BELOW: 0 0.01 INCH OR MORE: 9
MAX 90 OR ABOVE: 3 0.10 INCH OR MORE: 3
MIN 32 OR BELOW: 0 0.50 INCH OR MORE: 0
MIN 0 OR BELOW: 0 1.00 INCH OR MORE: 0
[HDD (BASE 65) ]
TOTAL THIS MO. 64 CLEAR (SCALE 0-3) 24
DPTR FM NORMAL -28 PTCLDY (SCALE 4-7) 5
TOTAL FM JUL 1 98 CLOUDY (SCALE 8-10) 2
DPTR FM NORMAL -57
[CDD (BASE 65) ]
TOTAL THIS MO. 54
DPTR FM NORMAL 11 [PRESSURE DATA]
TOTAL FM JAN 1 118 HIGHEST SLP 30.27 ON 14
DPTR FM NORMAL 7 LOWEST SLP 29.63 ON 18
[REMARKS]
#FINAL-08-23#