000
CXUS55 KGJT 011010
CF6DRO
PRELIMINARY LOCAL CLIMATOLOGICAL DATA (WS FORM: F-6)
STATION: DURANGO AIRPORT CO
MONTH: JANUARY
YEAR: 2022
LATITUDE: 37 9 N
LONGITUDE: 107 45 W
TEMPERATURE IN F: :PCPN: SNOW: WIND :SUNSHINE: SKY :PK WND
================================================================================
1 2 3 4 5 6A 6B 7 8 9 10 11 12 13 14 15 16 17 18
12Z AVG MX 2MIN
DY MAX MIN AVG DEP HDD CDD WTR SNW DPTH SPD SPD DIR MIN PSBL S-S WX SPD DR
================================================================================
1 31 -2 15 -8 50 0 0.01 M M 11.6 25 320 M M 5 1 36 320
2 25 -10 8 -15 57 0 0.00 M M 4.4 9 10 M M 0 8 11 10
3 36 -5 16 -7 49 0 0.00 M M 4.6 12 10 M M 0 16 360
4 39 7 23 0 42 0 0.00 M M 5.6 13 250 M M 2 23 250
5 41 3 22 -1 43 0 0.00 M M 6.2 15 230 M M 2 22 230
6 46 15 31 8 34 0 0.00 M M 6.4 14 230 M M 1 18 250
7 47 13 30 7 35 0 0.00 M M 3.6 8 20 M M 0 9 20
8 41 19 30 7 35 0 T M M 5.8 16 300 M M 3 1 21 310
9 41 11 26 3 39 0 0.00 M M 3.3 10 10 M M 0 12 360
10 44 10 27 4 38 0 0.00 M M 2.9 9 10 M M 0 10 360
11 42 8 25 2 40 0 0.00 M M 3.2 9 210 M M 0 12 210
12 42 10 26 3 39 0 0.00 M M 3.3 12 10 M M 0 13 10
13 46 13 30 7 35 0 0.00 M M 3.5 9 10 M M 0 11 10
14 49 18 34 11 31 0 0.00 M M 5.6 18 330 M M 0 24 340
15 42 11 27 4 38 0 0.00 M M 3.9 10 10 M M 0 12 250
16 41 10 26 3 39 0 0.00 M M 4.3 12 10 M M 0 13 10
17 42 10 26 2 39 0 0.00 M M 2.8 10 20 M M 0 12 10
18 45 13 29 5 36 0 0.00 M M 6.1 17 260 M M 1 23 270
19 40 16 28 4 37 0 0.00 M M 3.8 12 220 M M 0 13 220
20 41 14 28 4 37 0 0.00 M M 4.0 13 250 M M 0 17 250
21 39 16 28 4 37 0 0.00 M M 4.2 10 10 M M 5 12 80
22 45 19 32 8 33 0 0.00 M M 3.6 10 10 M M 1 13 60
23 46 16 31 7 34 0 0.00 M M 3.8 14 260 M M 0 19 250
24 47 16 32 8 33 0 0.00 M M 4.7 22 270 M M 0 30 250
25 43 19 31 6 34 0 T M M 4.6 20 130 M M 2 1 28 140
26 38 22 30 5 35 0 0.02 M M 4.7 14 90 M M 7 1 22 90
27 39 14 27 2 38 0 T M M 6.1 33 40 M M 1 18 39 40
28 39 8 24 -1 41 0 0.00 M M 2.9 9 20 M M 0 11 10
29 46 12 29 3 36 0 0.00 M M 3.2 9 20 M M 0 10 20
30 45 16 31 5 34 0 0.00 M M 3.9 13 190 M M 0 23 210
31 45 14 30 4 35 0 0.00 M M 3.6 12 10 M M 0 14 130
================================================================================
SM 1293 356 1183 0 0.03 M 140.2 M 30
================================================================================
AV 41.7 11.5 4.5 FASTST M M 1 MAX(MPH)
MISC ----> 33 40 39 40
================================================================================
NOTES:
# LAST OF SEVERAL OCCURRENCES
COLUMN 17 PEAK WIND IN M.P.H.
PRELIMINARY LOCAL CLIMATOLOGICAL DATA (WS FORM: F-6) , PAGE 2
STATION: DURANGO AIRPORT CO
MONTH: JANUARY
YEAR: 2022
LATITUDE: 37 9 N
LONGITUDE: 107 45 W
[TEMPERATURE DATA] [PRECIPITATION DATA] SYMBOLS USED IN COLUMN 16
AVERAGE MONTHLY: 26.6 TOTAL FOR MONTH: 0.03 1 = FOG OR MIST
DPTR FM NORMAL: 2.9 DPTR FM NORMAL: -1.25 2 = FOG REDUCING VISIBILITY
HIGHEST: 49 ON 14 GRTST 24HR 0.06 ON 5- 5 TO 1/4 MILE OR LESS
LOWEST: -10 ON 2 3 = THUNDER
SNOW, ICE PELLETS, HAIL 4 = ICE PELLETS
TOTAL MONTH: M 5 = HAIL
GRTST 24HR M ON M 6 = FREEZING RAIN OR DRIZZLE
GRTST DEPTH: M ON M 7 = DUSTSTORM OR SANDSTORM:
VSBY 1/2 MILE OR LESS
8 = SMOKE OR HAZE
[NO. OF DAYS WITH] [WEATHER - DAYS WITH] 9 = BLOWING SNOW
X = TORNADO
MAX 32 OR BELOW: 2 0.01 INCH OR MORE: 2
MAX 90 OR ABOVE: 0 0.10 INCH OR MORE: 0
MIN 32 OR BELOW: 31 0.50 INCH OR MORE: 0
MIN 0 OR BELOW: 3 1.00 INCH OR MORE: 0
[HDD (BASE 65) ]
TOTAL THIS MO. 1183 CLEAR (SCALE 0-3) 27
DPTR FM NORMAL -96 PTCLDY (SCALE 4-7) 4
TOTAL FM JUL 1 3727 CLOUDY (SCALE 8-10) 0
DPTR FM NORMAL -382
[CDD (BASE 65) ]
TOTAL THIS MO. 0
DPTR FM NORMAL 0 [PRESSURE DATA]
TOTAL FM JAN 1 0 HIGHEST SLP 30.82 ON 10
DPTR FM NORMAL 0 LOWEST SLP 29.46 ON 1
[REMARKS]
#FINAL-01-22#