000
CXUS55 KGJT 010910
CF6DRO
PRELIMINARY LOCAL CLIMATOLOGICAL DATA (WS FORM: F-6)
STATION: DURANGO AIRPORT CO
MONTH: SEPTEMBER
YEAR: 2021
LATITUDE: 37 9 N
LONGITUDE: 107 45 W
TEMPERATURE IN F: :PCPN: SNOW: WIND :SUNSHINE: SKY :PK WND
================================================================================
1 2 3 4 5 6A 6B 7 8 9 10 11 12 13 14 15 16 17 18
12Z AVG MX 2MIN
DY MAX MIN AVG DEP HDD CDD WTR SNW DPTH SPD SPD DIR MIN PSBL S-S WX SPD DR
================================================================================
1 72 55 64 0 1 0 0.73 M M 4.3 18 270 M M 7 13 23 270
2 72 54 63 -1 2 0 0.05 M M 3.0 12 270 M M 6 1 15 260
3 79 50 65 1 0 0 0.00 M M 3.6 15 290 M M 1 19 260
4 84 49 67 4 0 2 0.00 M M 5.3 22 260 M M 1 30 250
5 85 45 65 2 0 0 0.00 M M 4.9 15 220 M M 0 19 220
6 87 45 66 3 0 1 0.00 M M 7.1 22 270 M M 0 33 250
7 91 48 70 7 0 5 0.00 M M 5.3 16 260 M M 0 21 250
8 89 49 69 7 0 4 0.00 M M 5.5 18 270 M M 0 26 290
9 92 47 70 8 0 5 0.00 M M 5.9 18 220 M M 0 8 27 240
10 90 49 70 8 0 5 0.00 M M 4.8 15 230 M M 0 23 270
11 86 48 67 6 0 2 0.00 M M 5.3 17 260 M M 0 30 310
12 86 48 67 6 0 2 0.00 M M 5.9 23 260 M M 0 32 250
13 86 48 67 6 0 2 0.00 M M 5.9 24 250 M M 1 35 250
14 86 48 67 7 0 2 0.00 M M 6.2 24 280 M M 2 35 270
15 86 40 63 3 2 0 0.00 M M 5.7 21 260 M M 0 31 290
16 83 41 62 2 3 0 0.00 M M 5.5 22 260 M M 0 29 220
17 84 39 62 3 3 0 0.00 M M 4.0 16 250 M M 0 26 250
18 81 42 62 3 3 0 T M M 5.0 28 280 M M 3 40 290
19 77 52 65 7 0 0 0.01 M M 6.4 23 250 M M 4 31 250
20 75 41 58 0 7 0 0.00 M M 11.3 30 270 M M 0 41 260
21 74 32 53 -5 12 0 0.00 M M 5.2 15 260 M M 0 24 210
22 79 31 55 -2 10 0 0.00 M M 6.7 21 260 M M 0 27 250
23 80 34 57 0 8 0 0.00 M M 4.8 17 230 M M 0 26 270
24 81 47 64 8 1 0 0.00 M M 6.0 17 250 M M 1 3 24 270
25 81 39 60 4 5 0 0.00 M M 5.0 24 220 M M 0 33 210
26 73 43 58 2 7 0 0.09 M M 6.2 32 50 M M 3 3 41 50
27 65 49 57 2 8 0 0.07 M M 4.7 16 130 M M 6 13 23 130
28 66 42 54 -1 11 0 0.17 M M 4.7 15 250 M M 4 123 20 250
29 64 45 55 1 10 0 0.32 M M 4.3 21 280 M M 5 13 30 270
30 60 41 51 -3 14 0 0.66 M M 5.7 23 140 M M 8 13 32 130
================================================================================
SM 2394 1341 107 30 2.10 M 164.2 M 52
================================================================================
AV 79.8 44.7 5.5 FASTST M M 2 MAX(MPH)
MISC ----> 32 50 # 41 260
================================================================================
NOTES:
# LAST OF SEVERAL OCCURRENCES
COLUMN 17 PEAK WIND IN M.P.H.
PRELIMINARY LOCAL CLIMATOLOGICAL DATA (WS FORM: F-6) , PAGE 2
STATION: DURANGO AIRPORT CO
MONTH: SEPTEMBER
YEAR: 2021
LATITUDE: 37 9 N
LONGITUDE: 107 45 W
[TEMPERATURE DATA] [PRECIPITATION DATA] SYMBOLS USED IN COLUMN 16
AVERAGE MONTHLY: 62.3 TOTAL FOR MONTH: 2.10 1 = FOG OR MIST
DPTR FM NORMAL: 2.8 DPTR FM NORMAL: 0.11 2 = FOG REDUCING VISIBILITY
HIGHEST: 92 ON 9 GRTST 24HR 0.74 ON 1- 2 TO 1/4 MILE OR LESS
LOWEST: 31 ON 22 3 = THUNDER
SNOW, ICE PELLETS, HAIL 4 = ICE PELLETS
TOTAL MONTH: M 5 = HAIL
GRTST 24HR M ON M 6 = FREEZING RAIN OR DRIZZLE
GRTST DEPTH: M ON M 7 = DUSTSTORM OR SANDSTORM:
VSBY 1/2 MILE OR LESS
8 = SMOKE OR HAZE
[NO. OF DAYS WITH] [WEATHER - DAYS WITH] 9 = BLOWING SNOW
X = TORNADO
MAX 32 OR BELOW: 0 0.01 INCH OR MORE: 8
MAX 90 OR ABOVE: 3 0.10 INCH OR MORE: 4
MIN 32 OR BELOW: 2 0.50 INCH OR MORE: 2
MIN 0 OR BELOW: 0 1.00 INCH OR MORE: 0
[HDD (BASE 65) ]
TOTAL THIS MO. 107 CLEAR (SCALE 0-3) 22
DPTR FM NORMAL -67 PTCLDY (SCALE 4-7) 8
TOTAL FM JUL 1 110 CLOUDY (SCALE 8-10) 0
DPTR FM NORMAL -88
[CDD (BASE 65) ]
TOTAL THIS MO. 30
DPTR FM NORMAL 20 [PRESSURE DATA]
TOTAL FM JAN 1 455 HIGHEST SLP M ON M
DPTR FM NORMAL 165 LOWEST SLP 29.70 ON 1
[REMARKS]
#FINAL-09-21#