681
CXUS55 KGJT 011010
CF6DRO
PRELIMINARY LOCAL CLIMATOLOGICAL DATA (WS FORM: F-6)
STATION: DURANGO AIRPORT CO
MONTH: DECEMBER
YEAR: 2020
LATITUDE: 37 9 N
LONGITUDE: 107 45 W
TEMPERATURE IN F: :PCPN: SNOW: WIND :SUNSHINE: SKY :PK WND
================================================================================
1 2 3 4 5 6A 6B 7 8 9 10 11 12 13 14 15 16 17 18
12Z AVG MX 2MIN
DY MAX MIN AVG DEP HDD CDD WTR SNW DPTH SPD SPD DIR MIN PSBL S-S WX SPD DR
================================================================================
1 44 11 28 -2 37 0 0.00 M M 8.1 26 320 M M 0 37 360
2 37 10 24 -6 41 0 0.00 M M 5.4 20 270 M M 3 26 270
3 38 5 22 -7 43 0 0.00 M M 4.2 13 200 M M 0 17 210
4 46 7 27 -2 38 0 0.00 M M 2.9 8 10 M M 0 11 250
5 53 11 32 3 33 0 0.00 M M 4.0 15 220 M M 0 19 230
6 49 9 29 1 36 0 0.00 M M 3.8 12 10 M M 0 13 10
7 57 10 34 6 31 0 0.00 M M 4.1 12 20 M M 0 14 10
8 54 13 34 6 31 0 0.00 M M 4.4 10 10 M M 0 14 260
9 53 12 33 5 32 0 0.00 M M 4.2 13 10 M M 0 14 10
10 38 14 26 -1 39 0 0.12 M M 2.4 9 60 M M 7 1 11 280
11 35 14 25 -2 40 0 0.02 M M 11.2 29 270 M M 5 12 38 280
12 26 10 18 -9 47 0 0.23 M M 5.6 17 330 M M 8 12 24 330
13 25 -8 9 -18 56 0 0.00 M M 5.0 15 350 M M 1 1 22 350
14 33 2 18 -8 47 0 T M M 5.1 17 270 M M 7 21 260
15 31 1 16 -10 49 0 0.00 M M 4.1 12 70 M M 4 1 14 60
16 29 -3 13 -13 52 0 0.00 M M 3.8 9 40 M M 0 10 40
17 32 0 16 -10 49 0 T M M 3.7 10 10 M M 3 1 13 10
18 35 17 26 0 39 0 0.01 M M 3.9 10 80 M M 6 1 13 90
19 31 8 20 -5 45 0 0.00 M M 4.1 10 70 M M 3 12 15 80
20 35 2 19 -6 46 0 0.00 M M 3.8 9 70 M M 0 11 20
21 43 6 25 0 40 0 0.00 M M 3.4 9 10 M M 0 10 10
22 44 10 27 2 38 0 0.00 M M 9.4 29 300 M M 0 40 290
23 30 4 17 -8 48 0 0.00 M M 12.5 26 330 M M 1 39 320
24 28 -2 13 -11 52 0 0.00 M M 3.5 12 90 M M 0 15 90
25 41 3 22 -2 43 0 0.00 M M 4.4 12 240 M M 0 14 250
26 40 8 24 0 41 0 0.00 M M 3.1 9 70 M M 0 11 90
27 33 10 22 -2 43 0 0.04 M M 3.1 8 70 M M 5 1 9 270
28 37 23 30 6 35 0 0.35 M M 5.6 17 260 M M 10 1 23 270
29 30 9 20 -4 45 0 T M M 5.0 17 250 M M 3 1 21 270
30 31 -7 12 -12 53 0 0.00 M M 3.6 10 360 M M 0 16 360
31 32 -2 15 -9 50 0 0.00 M M 3.9 9 20 M M 2 12 80
================================================================================
SM 1170 207 1319 0 0.77 M 151.3 M 68
================================================================================
AV 37.7 6.7 4.9 FASTST M M 2 MAX(MPH)
MISC ----> # 29 270 40 290
================================================================================
NOTES:
# LAST OF SEVERAL OCCURRENCES
COLUMN 17 PEAK WIND IN M.P.H.
PRELIMINARY LOCAL CLIMATOLOGICAL DATA (WS FORM: F-6) , PAGE 2
STATION: DURANGO AIRPORT CO
MONTH: DECEMBER
YEAR: 2020
LATITUDE: 37 9 N
LONGITUDE: 107 45 W
[TEMPERATURE DATA] [PRECIPITATION DATA] SYMBOLS USED IN COLUMN 16
AVERAGE MONTHLY: 22.2 TOTAL FOR MONTH: 0.77 1 = FOG OR MIST
DPTR FM NORMAL: -4.1 DPTR FM NORMAL: -0.40 2 = FOG REDUCING VISIBILITY
HIGHEST: 57 ON 7 GRTST 24HR 0.35 ON 28-28 TO 1/4 MILE OR LESS
LOWEST: -8 ON 13 3 = THUNDER
SNOW, ICE PELLETS, HAIL 4 = ICE PELLETS
TOTAL MONTH: M 5 = HAIL
GRTST 24HR M ON M 6 = FREEZING RAIN OR DRIZZLE
GRTST DEPTH: M ON M 7 = DUSTSTORM OR SANDSTORM:
VSBY 1/2 MILE OR LESS
8 = SMOKE OR HAZE
[NO. OF DAYS WITH] [WEATHER - DAYS WITH] 9 = BLOWING SNOW
X = TORNADO
MAX 32 OR BELOW: 11 0.01 INCH OR MORE: 6
MAX 90 OR ABOVE: 0 0.10 INCH OR MORE: 3
MIN 32 OR BELOW: 31 0.50 INCH OR MORE: 0
MIN 0 OR BELOW: 6 1.00 INCH OR MORE: 0
[HDD (BASE 65) ]
TOTAL THIS MO. 1319 CLEAR (SCALE 0-3) 23
DPTR FM NORMAL 118 PTCLDY (SCALE 4-7) 7
TOTAL FM JUL 1 2750 CLOUDY (SCALE 8-10) 1
DPTR FM NORMAL -124
[CDD (BASE 65) ]
TOTAL THIS MO. 0
DPTR FM NORMAL 0 [PRESSURE DATA]
TOTAL FM JAN 1 445 HIGHEST SLP 30.72 ON 24
DPTR FM NORMAL 202 LOWEST SLP 29.82 ON 12
[REMARKS]
#FINAL-12-20#