000
CXUS55 KGJT 011644
CF6DRO
PRELIMINARY LOCAL CLIMATOLOGICAL DATA (WS FORM: F-6)
STATION: DURANGO AIRPORT CO
MONTH: JUNE
YEAR: 2020
LATITUDE: 37 9 N
LONGITUDE: 107 45 W
TEMPERATURE IN F: :PCPN: SNOW: WIND :SUNSHINE: SKY :PK WND
================================================================================
1 2 3 4 5 6A 6B 7 8 9 10 11 12 13 14 15 16 17 18
12Z AVG MX 2MIN
DY MAX MIN AVG DEP HDD CDD WTR SNW DPTH SPD SPD DIR MIN PSBL S-S WX SPD DR
================================================================================
1 83 52 68 10 0 3 T M M 6.3 32 10 M M 3 3 40 360
2 86 44 65 7 0 0 T M M 6.8 24 40 M M 1 38 60
3 87 44 66 8 0 1 T M M 5.3 22 310 M M 0 3 30 310
4 90 43 67 8 0 2 0.00 M M 5.9 25 260 M M 0 33 260
5 91 45 68 9 0 3 T M M 8.9 33 140 M M 3 59 140
6 81 47 64 5 1 0 0.08 M M 13.5 38 250 M M 4 3 59 220
7 80 38 59 -1 6 0 0.00 M M 11.3 32 210 M M 0 46 220
8 74 33 54 -6 11 0 0.00 M M 15.7 39 290 M M 1 55 280
9 70 35 53 -7 12 0 0.00 M M 11.9 23 340 M M 0 42 320
10 79 34 57 -4 8 0 0.00 M M 5.6 17 250 M M 0 28 260
11 85 40 63 2 2 0 0.00 M M 5.5 22 240 M M 0 33 340
12 86 42 64 3 1 0 T M M 7.3 33 310 M M 2 50 310
13 86 57 72 11 0 7 0.06 M M 11.2 33 140 M M 6 3 49 120
14 84 49 67 5 0 2 0.00 M M 8.9 24 260 M M 2 32 230
15 86 44 65 3 0 0 0.00 M M 9.1 22 220 M M 1 34 190
16 86 49 68 6 0 3 0.00 M M 8.2 23 260 M M 2 38 280
17 83 42 63 0 2 0 0.00 M M 7.9 22 250 M M 2 37 220
18 82 41 62 -1 3 0 0.00 M M 7.4 22 230 M M 0 31 230
19 82 47 65 2 0 0 0.00 M M 8.8 26 260 M M 1 35 270
20 85 36 61 -2 4 0 0.00 M M 7.5 24 270 M M 0 33 260
21 89 41 65 1 0 0 0.00 M M 6.8 25 290 M M 0 46 310
22 92 45 69 5 0 4 0.00 M M 9.3 26 330 M M 0 40 250
23 92 45 69 5 0 4 0.00 M M 9.8 28 280 M M 0 41 320
24 92 50 71 7 0 6 0.00 M M 7.2 24 300 M M 0 32 290
25 92 55 74 9 0 9 T M M 8.2 24 210 M M 0 34 200
26 87 46 67 2 0 2 0.00 M M 5.8 21 320 M M 0 31 320
27 86 50 68 3 0 3 0.11 M M 8.0 31 60 M M 2 3 48 70
28 87 45 66 0 0 1 0.00 M M 8.1 22 200 M M 1 34 250
29 84 49 67 1 0 2 0.00 M M 10.6 25 210 M M 2 8 36 210
30 77 43 60 -6 5 0 0.00 M M 9.6 23 250 M M 2 33 260
================================================================================
SM 2544 1331 55 52 0.25 M 256.4 M 35
================================================================================
AV 84.8 44.4 8.5 FASTST M M 1 MAX(MPH)
MISC ----> # 39 290 # 59 140
================================================================================
NOTES:
# LAST OF SEVERAL OCCURRENCES
COLUMN 17 PEAK WIND IN M.P.H.
PRELIMINARY LOCAL CLIMATOLOGICAL DATA (WS FORM: F-6) , PAGE 2
STATION: DURANGO AIRPORT CO
MONTH: JUNE
YEAR: 2020
LATITUDE: 37 9 N
LONGITUDE: 107 45 W
[TEMPERATURE DATA] [PRECIPITATION DATA] SYMBOLS USED IN COLUMN 16
AVERAGE MONTHLY: 64.6 TOTAL FOR MONTH: 0.25 1 = FOG OR MIST
DPTR FM NORMAL: 2.5 DPTR FM NORMAL: -0.39 2 = FOG REDUCING VISIBILITY
HIGHEST: 92 ON 25,24 GRTST 24HR 0.11 ON 27-27 TO 1/4 MILE OR LESS
LOWEST: 33 ON 8 3 = THUNDER
SNOW, ICE PELLETS, HAIL 4 = ICE PELLETS
TOTAL MONTH: M 5 = HAIL
GRTST 24HR M ON M 6 = FREEZING RAIN OR DRIZZLE
GRTST DEPTH: M ON M 7 = DUSTSTORM OR SANDSTORM:
VSBY 1/2 MILE OR LESS
8 = SMOKE OR HAZE
[NO. OF DAYS WITH] [WEATHER - DAYS WITH] 9 = BLOWING SNOW
X = TORNADO
MAX 32 OR BELOW: 0 0.01 INCH OR MORE: 3
MAX 90 OR ABOVE: 6 0.10 INCH OR MORE: 1
MIN 32 OR BELOW: 0 0.50 INCH OR MORE: 0
MIN 0 OR BELOW: 0 1.00 INCH OR MORE: 0
[HDD (BASE 65) ]
TOTAL THIS MO. 55 CLEAR (SCALE 0-3) 28
DPTR FM NORMAL -60 PTCLDY (SCALE 4-7) 2
TOTAL FM JUL 1 6794 CLOUDY (SCALE 8-10) 0
DPTR FM NORMAL -329
[CDD (BASE 65) ]
TOTAL THIS MO. 52
DPTR FM NORMAL 24 [PRESSURE DATA]
TOTAL FM JAN 1 64 HIGHEST SLP 30.24 ON 12
DPTR FM NORMAL 35 LOWEST SLP 29.54 ON 28
[REMARKS]
#FINAL-06-20#