000
CXUS55 KGJT 010910
CF6DRO
PRELIMINARY LOCAL CLIMATOLOGICAL DATA (WS FORM: F-6)
STATION: DURANGO AIRPORT CO
MONTH: SEPTEMBER
YEAR: 2023
LATITUDE: 37 9 N
LONGITUDE: 107 45 W
TEMPERATURE IN F: :PCPN: SNOW: WIND :SUNSHINE: SKY :PK WND
================================================================================
1 2 3 4 5 6A 6B 7 8 9 10 11 12 13 14 15 16 17 18
12Z AVG MX 2MIN
DY MAX MIN AVG DEP HDD CDD WTR SNW DPTH SPD SPD DIR MIN PSBL S-S WX SPD DR
================================================================================
1 89 52 71 7 0 6 0.00 M M 6.8 20 200 M M 2 29 210
2 84 59 72 8 0 7 T M M 5.0 17 240 M M 4 28 230
3 84 55 70 6 0 5 0.01 M M 6.2 18 270 M M 2 26 270
4 79 47 63 0 2 0 0.00 M M 7.4 22 290 M M 2 29 290
5 82 44 63 0 2 0 0.00 M M 4.3 16 260 M M 1 23 250
6 86 42 64 1 1 0 0.00 M M 5.1 20 260 M M 0 8 34 220
7 87 40 64 1 1 0 0.00 M M 7.3 21 300 M M 0 30 300
8 89 41 65 3 0 0 0.00 M M 6.8 21 300 M M 0 32 280
9 88 43 66 4 0 1 0.00 M M 6.7 26 270 M M 0 35 270
10 86 44 65 3 0 0 0.01 M M 8.2 23 300 M M 1 33 280
11 76 52 64 3 1 0 0.16 M M 3.9 18 270 M M 6 13 25 330
12 68 51 60 -1 5 0 0.28 M M 5.5 25 10 M M 9 13 35 20
13 69 49 59 -2 6 0 T M M 3.6 16 320 M M 5 3 30 320
14 72 43 58 -2 7 0 0.02 M M 4.3 35 310 M M 3 3 45 300
15 65 46 56 -4 9 0 0.15 M M 2.8 24 320 M M 6 3 33 310
16 74 41 58 -2 7 0 0.00 M M 3.1 10 10 M M 0 16 250
17 78 41 60 1 5 0 0.00 M M 4.2 13 310 M M 1 26 300
18 73 42 58 -1 7 0 0.08 M M 4.9 32 260 M M 4 13 42 290
19 76 42 59 1 6 0 T M M 4.7 23 20 M M 2 3 33 10
20 72 37 55 -3 10 0 T M M 6.6 25 170 M M 3 3 37 190
21 75 45 60 2 5 0 0.03 M M 6.4 22 210 M M 2 3 29 230
22 75 34 55 -2 10 0 0.00 M M 5.1 18 270 M M 0 26 270
23 71 45 58 1 7 0 0.03 M M 6.5 20 230 M M 5 1 25 230
24 71 43 57 1 8 0 T M M 3.7 13 260 M M 1 19 210
25 77 41 59 3 6 0 0.00 M M 4.1 16 10 M M 0 20 10
26 80 41 61 5 4 0 0.00 M M 3.8 15 220 M M 2 21 200
27 80 37 59 4 6 0 0.00 M M 4.5 16 260 M M 0 23 270
28 78 36 57 2 8 0 0.00 M M 4.7 17 250 M M 0 25 250
29 79 35 57 3 8 0 0.00 M M 4.6 15 220 M M 0 8 20 210
30 81 38 60 6 5 0 T M M 7.9 24 190 M M 2 38 37 190
================================================================================
SM 2344 1306 136 19 0.77 M 158.7 M 63
================================================================================
AV 78.1 43.5 5.3 FASTST M M 2 MAX(MPH)
MISC ----> 35 310 45 300
================================================================================
NOTES:
# LAST OF SEVERAL OCCURRENCES
COLUMN 17 PEAK WIND IN M.P.H.
PRELIMINARY LOCAL CLIMATOLOGICAL DATA (WS FORM: F-6) , PAGE 2
STATION: DURANGO AIRPORT CO
MONTH: SEPTEMBER
YEAR: 2023
LATITUDE: 37 9 N
LONGITUDE: 107 45 W
[TEMPERATURE DATA] [PRECIPITATION DATA] SYMBOLS USED IN COLUMN 16
AVERAGE MONTHLY: 60.8 TOTAL FOR MONTH: 0.77 1 = FOG OR MIST
DPTR FM NORMAL: 1.3 DPTR FM NORMAL: -1.22 2 = FOG REDUCING VISIBILITY
HIGHEST: 89 ON 8, 1 GRTST 24HR 0.30 ON 11-12 TO 1/4 MILE OR LESS
LOWEST: 34 ON 22 3 = THUNDER
SNOW, ICE PELLETS, HAIL 4 = ICE PELLETS
TOTAL MONTH: M 5 = HAIL
GRTST 24HR M ON M 6 = FREEZING RAIN OR DRIZZLE
GRTST DEPTH: M ON M 7 = DUSTSTORM OR SANDSTORM:
VSBY 1/2 MILE OR LESS
8 = SMOKE OR HAZE
[NO. OF DAYS WITH] [WEATHER - DAYS WITH] 9 = BLOWING SNOW
X = TORNADO
MAX 32 OR BELOW: 0 0.01 INCH OR MORE: 9
MAX 90 OR ABOVE: 0 0.10 INCH OR MORE: 3
MIN 32 OR BELOW: 0 0.50 INCH OR MORE: 0
MIN 0 OR BELOW: 0 1.00 INCH OR MORE: 0
[HDD (BASE 65) ]
TOTAL THIS MO. 136 CLEAR (SCALE 0-3) 21
DPTR FM NORMAL -38 PTCLDY (SCALE 4-7) 8
TOTAL FM JUL 1 136 CLOUDY (SCALE 8-10) 1
DPTR FM NORMAL -62
[CDD (BASE 65) ]
TOTAL THIS MO. 19
DPTR FM NORMAL 9 [PRESSURE DATA]
TOTAL FM JAN 1 423 HIGHEST SLP M ON M
DPTR FM NORMAL 133 LOWEST SLP 29.75 ON 30
[REMARKS]
#FINAL-09-23#