000
CXUS55 KGJT 010910
CF6DRO
PRELIMINARY LOCAL CLIMATOLOGICAL DATA (WS FORM: F-6)
STATION: DURANGO AIRPORT CO
MONTH: AUGUST
YEAR: 2023
LATITUDE: 37 9 N
LONGITUDE: 107 45 W
TEMPERATURE IN F: :PCPN: SNOW: WIND :SUNSHINE: SKY :PK WND
================================================================================
1 2 3 4 5 6A 6B 7 8 9 10 11 12 13 14 15 16 17 18
12Z AVG MX 2MIN
DY MAX MIN AVG DEP HDD CDD WTR SNW DPTH SPD SPD DIR MIN PSBL S-S WX SPD DR
================================================================================
1 88 55 72 2 0 7 0.01 M M 6.3 20 280 M M 3 3 29 220
2 90 55 73 3 0 8 0.01 M M 7.5 30 300 M M 2 3 42 310
3 88 51 70 0 0 5 0.00 M M 5.9 21 280 M M 0 29 290
4 90 49 70 0 0 5 0.00 M M 4.9 21 250 M M 2 27 250
5 92 47 70 1 0 5 0.00 M M 7.5 24 270 M M 0 32 280
6 91 47 69 0 0 4 0.00 M M 7.7 28 270 M M 0 45 230
7 90 42 66 -3 0 1 0.00 M M 9.5 28 310 M M 0 40 260
8 85 48 67 -2 0 2 T M M 8.2 26 260 M M 1 3 37 210
9 88 48 68 -1 0 3 0.00 M M 8.9 26 270 M M 0 38 270
10 84 47 66 -3 0 1 0.01 M M 9.5 31 310 M M 1 3 44 290
11 88 50 69 1 0 4 T M M 8.9 23 270 M M 2 32 290
12 82 57 70 2 0 5 0.14 M M 4.2 15 20 M M 6 1 21 20
13 86 60 73 5 0 8 0.00 M M 4.6 18 130 M M 4 3 26 290
14 77 58 68 0 0 3 T M M 5.1 15 270 M M 6 3 22 170
15 85 57 71 3 0 6 0.00 M M 3.9 21 330 M M 4 3 30 310
16 88 51 70 2 0 5 0.00 M M 5.7 16 360 M M 1 3 21 20
17 91 50 71 3 0 6 0.14 M M 6.2 21 210 M M 3 3 30 200
18 89 54 72 5 0 7 0.00 M M 5.9 26 240 M M 1 39 250
19 90 51 71 4 0 6 0.00 M M 5.1 15 170 M M 1 22 180
20 89 52 71 4 0 6 0.00 M M 9.7 25 180 M M 0 45 200
21 90 60 75 8 0 10 T M M 10.9 23 170 M M 3 3 35 230
22 88 60 74 8 0 9 T M M 7.7 22 170 M M 3 3 32 140
23 83 55 69 3 0 4 T M M 4.4 26 170 M M 4 3 38 160
24 78 58 68 2 0 3 0.38 M M 5.4 21 170 M M 8 13 31 180
25 82 55 69 3 0 4 0.00 M M 3.6 16 300 M M 4 1 24 310
26 84 55 70 4 0 5 0.00 M M 6.3 17 340 M M 1 3 26 320
27 88 54 71 6 0 6 0.05 M M 5.5 33 300 M M 1 3 45 290
28 89 53 71 6 0 6 0.00 M M 5.7 21 300 M M 1 28 290
29 87 51 69 4 0 4 0.00 M M 6.2 16 250 M M 0 21 260
30 90 52 71 6 0 6 0.00 M M 6.7 17 280 M M 0 24 280
31 91 48 70 6 0 5 0.00 M M 5.8 22 260 M M 1 30 290
================================================================================
SM 2701 1630 0 159 0.74 M 203.4 M 63
================================================================================
AV 87.1 52.6 6.6 FASTST M M 2 MAX(MPH)
MISC ----> 33 300 # 45 230
================================================================================
NOTES:
# LAST OF SEVERAL OCCURRENCES
COLUMN 17 PEAK WIND IN M.P.H.
PRELIMINARY LOCAL CLIMATOLOGICAL DATA (WS FORM: F-6) , PAGE 2
STATION: DURANGO AIRPORT CO
MONTH: AUGUST
YEAR: 2023
LATITUDE: 37 9 N
LONGITUDE: 107 45 W
[TEMPERATURE DATA] [PRECIPITATION DATA] SYMBOLS USED IN COLUMN 16
AVERAGE MONTHLY: 69.9 TOTAL FOR MONTH: 0.74 1 = FOG OR MIST
DPTR FM NORMAL: 2.4 DPTR FM NORMAL: -0.63 2 = FOG REDUCING VISIBILITY
HIGHEST: 92 ON 5 GRTST 24HR 0.38 ON 23-24 TO 1/4 MILE OR LESS
LOWEST: 42 ON 7 3 = THUNDER
SNOW, ICE PELLETS, HAIL 4 = ICE PELLETS
TOTAL MONTH: M 5 = HAIL
GRTST 24HR M ON M 6 = FREEZING RAIN OR DRIZZLE
GRTST DEPTH: M ON M 7 = DUSTSTORM OR SANDSTORM:
VSBY 1/2 MILE OR LESS
8 = SMOKE OR HAZE
[NO. OF DAYS WITH] [WEATHER - DAYS WITH] 9 = BLOWING SNOW
X = TORNADO
MAX 32 OR BELOW: 0 0.01 INCH OR MORE: 7
MAX 90 OR ABOVE: 10 0.10 INCH OR MORE: 3
MIN 32 OR BELOW: 0 0.50 INCH OR MORE: 0
MIN 0 OR BELOW: 0 1.00 INCH OR MORE: 0
[HDD (BASE 65) ]
TOTAL THIS MO. 0 CLEAR (SCALE 0-3) 24
DPTR FM NORMAL -18 PTCLDY (SCALE 4-7) 6
TOTAL FM JUL 1 0 CLOUDY (SCALE 8-10) 1
DPTR FM NORMAL -22
[CDD (BASE 65) ]
TOTAL THIS MO. 159
DPTR FM NORMAL 63 [PRESSURE DATA]
TOTAL FM JAN 1 404 HIGHEST SLP M ON M
DPTR FM NORMAL 124 LOWEST SLP 29.83 ON 8
[REMARKS]
#FINAL-08-23#