000
CXUS54 KEWX 011333
CF6DRT
PRELIMINARY LOCAL CLIMATOLOGICAL DATA (WS FORM: F-6)
STATION: DEL RIO
MONTH: SEPTEMBER
YEAR: 2022
LATITUDE: 29 22 N
LONGITUDE: 100 55 W
TEMPERATURE IN F: :PCPN: SNOW: WIND :SUNSHINE: SKY :PK WND
================================================================================
1 2 3 4 5 6A 6B 7 8 9 10 11 12 13 14 15 16 17 18
12Z AVG MX 2MIN
DY MAX MIN AVG DEP HDD CDD WTR SNW DPTH SPD SPD DIR MIN PSBL S-S WX SPD DR
================================================================================
1 88 74 81 -4 0 16 0.00 0.0 0 6.6 13 110 M M 3 18 150
2 90 77 84 -1 0 19 T 0.0 0 5.7 10 100 M M 3 20 120
3 90 72 81 -3 0 16 1.77 0.0 0 6.0 26 70 M M 4 1 36 70
4 85 73 79 -5 0 14 T 0.0 0 4.0 12 150 M M 3 15 150
5 88 70 79 -5 0 14 0.00 0.0 0 6.2 13 150 M M 0 17 150
6 88 70 79 -5 0 14 0.00 0.0 0 5.7 12 170 M M 0 14 150
7 90 74 82 -2 0 17 0.00 0.0 0 4.6 10 100 M M 1 14 100
8 94 72 83 0 0 18 0.00 0.0 0 3.7 12 80 M M 1 17 100
9 93 73 83 0 0 18 0.00 0.0 0 6.6 14 140 M M 0 19 140
10 93 74 84 1 0 19 0.00 0.0 0 8.6 16 160 M M 0 21 160
11 92 74 83 1 0 18 0.34 0.0 0 4.7 15 40 M M 2 25 50
12 90 71 81 -1 0 16 0.00 0.0 0 6.3 12 150 M M 1 15 160
13 91 71 81 -1 0 16 0.00 0.0 0 8.8 18 160 M M 0 24 170
14 89 72 81 -1 0 16 0.00 0.0 0 9.6 18 160 M M 2 26 130
15 88 69 79 -3 0 14 0.00 0.0 0 8.7 16 150 M M 1 23 150
16 91 72 82 1 0 17 0.00 0.0 0 9.2 16 150 M M 2 22 140
17 93 75 84 3 0 19 0.00 0.0 0 10.3 20 150 M M 2 26 120
18 93 75 84 3 0 19 0.00 0.0 0 11.1 18 150 M M 3 23 160
19 92 76 84 4 0 19 0.00 0.0 0 9.5 17 150 M M 3 24 160
20 93 75 84 4 0 19 0.00 0.0 0 9.8 17 150 M M 2 23 140
21 93 74 84 4 0 19 0.00 0.0 0 8.7 16 150 M M 0 23 150
22 93 70 82 2 0 17 0.00 0.0 0 6.4 15 160 M M 0 20 150
23 93 70 82 3 0 17 0.00 0.0 0 7.7 16 140 M M 0 22 140
24 92 70 81 2 0 16 0.00 0.0 0 7.3 17 150 M M 0 24 160
25 94 71 83 4 0 18 0.01 0.0 0 6.7 23 50 M M 1 39 60
26 91 68 80 1 0 15 0.33 0.0 0 5.7 25 30 M M 1 13 43 40
27 89 62 76 -2 0 11 0.00 0.0 0 2.3 9 160 M M 0 13 90
28 87 57 72 -6 0 7 0.00 0.0 0 3.7 13 180 M M 0 17 150
29 89 61 75 -3 0 10 0.00 0.0 0 5.3 15 150 M M 0 20 150
30 90 59 75 -3 0 10 0.00 0.0 0 4.6 14 140 M M 0 18 170
================================================================================
SM 2722 2121 0 478 2.45 0.0 204.1 M 35
================================================================================
AV 90.7 70.7 6.8 FASTST M M 1 MAX(MPH)
MISC ----> 26 70 43 40
================================================================================
NOTES:
# LAST OF SEVERAL OCCURRENCES
COLUMN 17 PEAK WIND IN M.P.H.
PRELIMINARY LOCAL CLIMATOLOGICAL DATA (WS FORM: F-6) , PAGE 2
STATION: DEL RIO
MONTH: SEPTEMBER
YEAR: 2022
LATITUDE: 29 22 N
LONGITUDE: 100 55 W
[TEMPERATURE DATA] [PRECIPITATION DATA] SYMBOLS USED IN COLUMN 16
AVERAGE MONTHLY: 80.7 TOTAL FOR MONTH: 2.45 1 = FOG OR MIST
DPTR FM NORMAL: -0.7 DPTR FM NORMAL: -0.18 2 = FOG REDUCING VISIBILITY
HIGHEST: 94 ON 25, 8 GRTST 24HR 1.77 ON 3- 3 TO 1/4 MILE OR LESS
LOWEST: 57 ON 28 3 = THUNDER
SNOW, ICE PELLETS, HAIL 4 = ICE PELLETS
TOTAL MONTH: 0.0 INCH 5 = HAIL
GRTST 24HR 0.0 6 = FREEZING RAIN OR DRIZZLE
GRTST DEPTH: 0 7 = DUSTSTORM OR SANDSTORM:
VSBY 1/2 MILE OR LESS
8 = SMOKE OR HAZE
[NO. OF DAYS WITH] [WEATHER - DAYS WITH] 9 = BLOWING SNOW
X = TORNADO
MAX 32 OR BELOW: 0 0.01 INCH OR MORE: 4
MAX 90 OR ABOVE: 21 0.10 INCH OR MORE: 3
MIN 32 OR BELOW: 0 0.50 INCH OR MORE: 1
MIN 0 OR BELOW: 0 1.00 INCH OR MORE: 1
[HDD (BASE 65) ]
TOTAL THIS MO. 0 CLEAR (SCALE 0-3) 28
DPTR FM NORMAL -1 PTCLDY (SCALE 4-7) 2
TOTAL FM JUL 1 0 CLOUDY (SCALE 8-10) 0
DPTR FM NORMAL 0
[CDD (BASE 65) ]
TOTAL THIS MO. 478
DPTR FM NORMAL -14 [PRESSURE DATA]
TOTAL FM JAN 1 3872 HIGHEST SLP 30.26 ON 28
DPTR FM NORMAL 548 LOWEST SLP 29.66 ON 9
[REMARKS]
#FINAL-09-22#