000
CXUS55 KTWC 010855
CF6DUG
PRELIMINARY LOCAL CLIMATOLOGICAL DATA (WS FORM: F-6)
STATION: DOUGLAS AZ
MONTH: NOVEMBER
YEAR: 2023
LATITUDE: 31 28 N
LONGITUDE: 109 36 W
TEMPERATURE IN F: :PCPN: SNOW: WIND :SUNSHINE: SKY :PK WND
================================================================================
1 2 3 4 5 6A 6B 7 8 9 10 11 12 13 14 15 16 17 18
12Z AVG MX 2MIN
DY MAX MIN AVG DEP HDD CDD WTR SNW DPTH SPD SPD DIR MIN PSBL S-S WX SPD DR
================================================================================
1 72 35 54 -4 11 0 0.00 M M 6.5 18 80 M M 0 25 80
2 75 33 54 -4 11 0 0.00 M M 2.6 12 20 M M 0 12 200
3 78 33 56 -2 9 0 0.00 M M 2.6 9 70 M M 0 15 190
4 82 35 59 2 6 0 0.00 M M 3.9 12 180 M M 0 17 200
5 85 41 63 6 2 0 0.00 M M 4.5 13 10 M M 0 17 180
6 86 44 65 9 0 0 0.00 M M 6.6 22 270 M M 0 29 270
7 85 44 65 9 0 0 0.00 M M 8.7 28 250 M M 0 41 250
8 82 50 66 10 0 1 0.00 M M 10.6 26 250 M M 2 37 240
9 74 39 57 2 8 0 0.00 M M 7.1 21 240 M M 2 27 240
10 71 31 51 -4 14 0 0.00 M M 6.3 20 170 M M 0 28 170
11 68 36 52 -2 13 0 0.00 M M 9.9 18 80 M M 0 26 70
12 71 40 56 2 9 0 0.00 M M 10.5 17 70 M M 0 23 90
13 73 43 58 4 7 0 0.00 M M 9.9 18 90 M M 0 24 80
14 74 44 59 6 6 0 0.00 M M 3.7 12 70 M M 0 15 80
15 77 37 57 4 8 0 0.00 M M 3.3 9 40 M M 0 12 200
16 74 51 63 10 2 0 0.00 M M 4.6 12 340 M M 2 17 340
17 76 50 63 11 2 0 0.00 M M 3.9 12 340 M M 2 15 340
18 80 50 65 13 0 0 0.00 M M 8.5 24 250 M M 3 30 230
19 72 41 57 6 8 0 0.00 M M 7.9 21 320 M M 0 1 31 220
20 64 38 51 0 14 0 0.00 M M 8.2 18 350 M M 1 26 320
21 62 40 51 0 14 0 0.00 M M 14.3 25 90 M M 0 34 90
22 65 30 48 -2 17 0 0.00 M M 9.3 20 80 M M 0 27 90
23 68 25 47 -3 18 0 0.00 M M 7.1 21 220 M M 0 27 220
24 68 37 53 3 12 0 0.00 M M 12.7 28 220 M M 2 36 170
25 62 39 51 2 14 0 0.00 M M 8.4 22 270 M M 3 29 230
26 64 28 46 -3 19 0 0.00 M M 8.1 21 150 M M 3 30 150
27 65 40 53 5 12 0 0.00 M M 5.9 15 80 M M 0 20 150
28 68 39 54 6 11 0 0.00 M M 6.7 18 170 M M 2 26 130
29 70 33 52 4 13 0 0.00 M M 8.2 20 240 M M 0 27 240
30 59 43 51 3 14 0 0.00 M M 8.1 22 250 M M 4 27 250
================================================================================
SM 2170 1169 274 1 0.00 M 218.6 M 26
================================================================================
AV 72.3 39.0 7.3 FASTST M M 1 MAX(MPH)
MISC ----> # 28 250 41 250
================================================================================
NOTES:
# LAST OF SEVERAL OCCURRENCES
COLUMN 17 PEAK WIND IN M.P.H.
PRELIMINARY LOCAL CLIMATOLOGICAL DATA (WS FORM: F-6) , PAGE 2
STATION: DOUGLAS AZ
MONTH: NOVEMBER
YEAR: 2023
LATITUDE: 31 28 N
LONGITUDE: 109 36 W
[TEMPERATURE DATA] [PRECIPITATION DATA] SYMBOLS USED IN COLUMN 16
AVERAGE MONTHLY: 55.7 TOTAL FOR MONTH: 0.00 1 = FOG OR MIST
DPTR FM NORMAL: 2.9 DPTR FM NORMAL: -0.67 2 = FOG REDUCING VISIBILITY
HIGHEST: 86 ON 6 GRTST 24HR 0.00 ON 1- 1 TO 1/4 MILE OR LESS
LOWEST: 25 ON 23 3 = THUNDER
SNOW, ICE PELLETS, HAIL 4 = ICE PELLETS
TOTAL MONTH: M 5 = HAIL
GRTST 24HR M ON M 6 = FREEZING RAIN OR DRIZZLE
GRTST DEPTH: M ON M 7 = DUSTSTORM OR SANDSTORM:
VSBY 1/2 MILE OR LESS
8 = SMOKE OR HAZE
[NO. OF DAYS WITH] [WEATHER - DAYS WITH] 9 = BLOWING SNOW
X = TORNADO
MAX 32 OR BELOW: 0 0.01 INCH OR MORE: 0
MAX 90 OR ABOVE: 0 0.10 INCH OR MORE: 0
MIN 32 OR BELOW: 4 0.50 INCH OR MORE: 0
MIN 0 OR BELOW: 0 1.00 INCH OR MORE: 0
[HDD (BASE 65) ]
TOTAL THIS MO. 274 CLEAR (SCALE 0-3) 29
DPTR FM NORMAL -92 PTCLDY (SCALE 4-7) 1
TOTAL FM JUL 1 336 CLOUDY (SCALE 8-10) 0
DPTR FM NORMAL -119
[CDD (BASE 65) ]
TOTAL THIS MO. 1
DPTR FM NORMAL 0 [PRESSURE DATA]
TOTAL FM JAN 1 2078 HIGHEST SLP M ON M
DPTR FM NORMAL 369 LOWEST SLP 29.73 ON 29
[REMARKS]
#FINAL-11-23#