000
CXUS53 KFGF 010815
CF6DVL
PRELIMINARY LOCAL CLIMATOLOGICAL DATA (WS FORM: F-6)
STATION: DEVILS LAKE ND
MONTH: APRIL
YEAR: 2023
LATITUDE: 48 7 N
LONGITUDE: 98 54 W
TEMPERATURE IN F: :PCPN: SNOW: WIND :SUNSHINE: SKY :PK WND
================================================================================
1 2 3 4 5 6A 6B 7 8 9 10 11 12 13 14 15 16 17 18
12Z AVG MX 2MIN
DY MAX MIN AVG DEP HDD CDD WTR SNW DPTH SPD SPD DIR MIN PSBL S-S WX SPD DR
================================================================================
1 32 0 16 -16 49 0 0.00 M M 9.7 17 170 M M 2 23 170
2 38 23 31 -2 34 0 0.07 M M 13.8 24 300 M M 9 1 31 320
3 28 13 21 -13 44 0 0.03 M M 15.9 23 350 M M 10 1 M M
4 21 15 18 -16 47 0 0.02 M M 16.3 31 20 M M 10 12 37 20
5 24 17 21 -13 44 0 0.02 M M 26.4 36 310 M M 10 128 43 310
6 24 9 17 -18 48 0 0.00 M M 8.5 23 280 M M 2 M M
7 28 5 17 -19 48 0 T M M 11.6 22 120 M M 4 1 M M
8 36 11 24 -12 41 0 0.00 M M 10.6 20 120 M M 0 M M
9 44 24 34 -2 31 0 0.00 M M 9.2 15 250 M M 0 M M
10 46 32 39 2 26 0 0.00 M M 11.3 20 230 M M 0 M M
11 50 33 42 5 23 0 0.00 M M 5.8 14 200 M M 0 8 M M
12 46 33 40 2 25 0 0.00 M M 10.8 20 330 M M 0 31 340
13 41 33 37 -1 28 0 0.00 M M 15.5 22 50 M M 1 30 50
14 39 34 37 -2 28 0 T M M 12.9 20 330 M M 10 M M
15 36 32 34 -5 31 0 0.02 M M M M M M M M M M
16 46 28 37 -3 28 0 0.00 M M 13.8 21 340 M M 0 25 350
17 46 26 36 -4 29 0 0.00 M M 5.9 10 60 M M 0 M M
18 46 27 37 -3 28 0 0.00 M M 12.8 23 100 M M 4 30 110
19 39 31 35 -6 30 0 T M M 23.8 29 100 M M 10 1 44 100
20 37 29 33 -8 32 0 0.06 M M 18.3 25 30 M M 10 1 32 20
21 33 28 31 -11 34 0 T M M 23.2 30 360 M M 9 1 41 350
22 36 22 29 -13 36 0 0.00 M M 13.0 22 340 M M 0 M M
23 39 23 31 -12 34 0 0.00 M M 5.3 12 340 M M 4 M M
24 41 28 35 -8 30 0 0.00 M M 5.9 12 140 M M 7 M M
25 46 24 35 -9 30 0 0.00 M M 7.0 10 130 M M 0 M M
26 56 29 43 -1 22 0 0.02 M M 11.2 23 170 M M 5 36 170
27 46 33 40 -4 25 0 0.36 M M 7.2 14 50 M M 9 1 M M
28 50 32 41 -4 24 0 0.00 M M 8.4 17 340 M M 8 21 340
29 49 33 41 -4 24 0 T M M 13.8 24 350 M M 9 32 330
30 53 33 43 -3 22 0 M M M 16.8 24 350 M M 2 32 360
================================================================================
SM 1196 740 975 0 0.60 M 364.7 M 135
================================================================================
AV 39.9 24.7 12.6 FASTST M M 5 MAX(MPH)
MISC ----> 36 310 44 100
================================================================================
NOTES:
# LAST OF SEVERAL OCCURRENCES
COLUMN 17 PEAK WIND IN M.P.H.
PRELIMINARY LOCAL CLIMATOLOGICAL DATA (WS FORM: F-6) , PAGE 2
STATION: DEVILS LAKE ND
MONTH: APRIL
YEAR: 2023
LATITUDE: 48 7 N
LONGITUDE: 98 54 W
[TEMPERATURE DATA] [PRECIPITATION DATA] SYMBOLS USED IN COLUMN 16
AVERAGE MONTHLY: 32.3 TOTAL FOR MONTH: 0.60 1 = FOG OR MIST
DPTR FM NORMAL: -7.0 DPTR FM NORMAL: -0.36 2 = FOG REDUCING VISIBILITY
HIGHEST: 56 ON 26 GRTST 24HR 0.36 ON 27-27 TO 1/4 MILE OR LESS
LOWEST: 0 ON 1 3 = THUNDER
SNOW, ICE PELLETS, HAIL 4 = ICE PELLETS
TOTAL MONTH: M 5 = HAIL
GRTST 24HR M ON M 6 = FREEZING RAIN OR DRIZZLE
GRTST DEPTH: M ON M 7 = DUSTSTORM OR SANDSTORM:
VSBY 1/2 MILE OR LESS
8 = SMOKE OR HAZE
[NO. OF DAYS WITH] [WEATHER - DAYS WITH] 9 = BLOWING SNOW
X = TORNADO
MAX 32 OR BELOW: 6 0.01 INCH OR MORE: 8
MAX 90 OR ABOVE: 0 0.10 INCH OR MORE: 1
MIN 32 OR BELOW: 23 0.50 INCH OR MORE: 0
MIN 0 OR BELOW: 1 1.00 INCH OR MORE: 0
[HDD (BASE 65) ]
TOTAL THIS MO. 975 CLEAR (SCALE 0-3) 13
DPTR FM NORMAL 204 PTCLDY (SCALE 4-7) 6
TOTAL FM JUL 1 9761 CLOUDY (SCALE 8-10) 11
DPTR FM NORMAL 607
[CDD (BASE 65) ]
TOTAL THIS MO. 0
DPTR FM NORMAL 0 [PRESSURE DATA]
TOTAL FM JAN 1 0 HIGHEST SLP M ON M
DPTR FM NORMAL 0 LOWEST SLP M ON M
[REMARKS]
#FINAL-04-23#