000
CXUS53 KFGF 010915
CF6DVL
PRELIMINARY LOCAL CLIMATOLOGICAL DATA (WS FORM: F-6)
STATION: DEVILS LAKE ND
MONTH: FEBRUARY
YEAR: 2023
LATITUDE: 48 7 N
LONGITUDE: 98 54 W
TEMPERATURE IN F: :PCPN: SNOW: WIND :SUNSHINE: SKY :PK WND
================================================================================
1 2 3 4 5 6A 6B 7 8 9 10 11 12 13 14 15 16 17 18
12Z AVG MX 2MIN
DY MAX MIN AVG DEP HDD CDD WTR SNW DPTH SPD SPD DIR MIN PSBL S-S WX SPD DR
================================================================================
1 6 -17 -5 -13 70 0 T M M 6.5 16 330 M M 3 1 M M
2 9 -24 -7 -15 72 0 T M M 11.8 28 360 M M 2 18 33 360
3 5 -11 -3 -11 68 0 0.00 M M M M M M M M M M
4 36 5 21 13 44 0 0.00 M M M M M M M M M M
5 24 14 19 11 46 0 T M M 9.8 21 150 M M 10 12 23 160
6 33 22 28 20 37 0 T M M 19.1 27 290 M M 3 1 32 290
7 35 12 24 15 41 0 0.00 M M 12.2 22 280 M M 1 21 230
8 35 17 26 17 39 0 T M M 7.2 18 340 M M 2 1 M M
9 29 3 16 7 49 0 T M M 14.9 29 10 M M 2 1 35 360
10 31 2 17 8 48 0 M M M 10.0 20 250 M M 0 1 M M
11 35 23 29 20 36 0 M M M 11.5 17 250 M M 1 M M
12 33 11 22 12 43 0 0.00 M M 10.9 21 280 M M 0 12 M M
13 38 11 25 15 40 0 M M M 8.9 16 230 M M 0 M M
14 33 8 21 11 44 0 0.01 M M 21.3 41 350 M M 9 129 50 350
15 9 -4 3 -7 62 0 T M M 15.3 32 350 M M 3 18 40 350
16 9 -5 2 -8 63 0 M M M 5.8 12 180 M M 3 M M
17 34 4 19 8 46 0 M M M 17.5 25 290 M M 2 30 230
18 33 11 22 11 43 0 T M M 8.5 14 310 M M 7 1 M M
19 28 3 16 5 49 0 M M M 13.5 23 360 M M 10 12 30 10
20 16 -10 3 -9 62 0 T M M 15.7 29 330 M M 8 1 35 340
21 2 -17 -7 -19 72 0 M M M 6.2 14 350 M M 5 1 M M
22 -8 -27 -17 -29 82 0 M M M 15.4 27 20 M M 3 8 30 20
23 -7 -14 -10 -23 75 0 T M M 17.2 26 20 M M 8 8 32 30
24 -3 -26 -14 -27 79 0 T M M 6.7 17 190 M M 4 8 M M
25 7 -13 -3 -16 68 0 T M M 12.8 24 280 M M 0 M M
26 20 -8 6 -8 59 0 0.00 M M 10.1 20 140 M M 1 30 150
27 34 3 19 5 46 0 T M M 10.9 20 280 M M 3 1 M M
28 18 0 9 -6 56 0 0.00 M M 9.0 18 60 M M 3 M M
================================================================================
SM 574 -27 1539 0 0.01 M 308.7 M 93
================================================================================
AV 20.5 -1.0 11.9 FASTST M M 4 MAX(MPH)
MISC ----> 41 350 50 350
================================================================================
NOTES:
# LAST OF SEVERAL OCCURRENCES
COLUMN 17 PEAK WIND IN M.P.H.
PRELIMINARY LOCAL CLIMATOLOGICAL DATA (WS FORM: F-6) , PAGE 2
STATION: DEVILS LAKE ND
MONTH: FEBRUARY
YEAR: 2023
LATITUDE: 48 7 N
LONGITUDE: 98 54 W
[TEMPERATURE DATA] [PRECIPITATION DATA] SYMBOLS USED IN COLUMN 16
AVERAGE MONTHLY: 9.8 TOTAL FOR MONTH: 0.01 1 = FOG OR MIST
DPTR FM NORMAL: -0.8 DPTR FM NORMAL: -0.37 2 = FOG REDUCING VISIBILITY
HIGHEST: 38 ON 13 GRTST 24HR 0.01 ON 14-14 TO 1/4 MILE OR LESS
LOWEST: -27 ON 22 3 = THUNDER
SNOW, ICE PELLETS, HAIL 4 = ICE PELLETS
TOTAL MONTH: M 5 = HAIL
GRTST 24HR M ON M 6 = FREEZING RAIN OR DRIZZLE
GRTST DEPTH: M ON M 7 = DUSTSTORM OR SANDSTORM:
VSBY 1/2 MILE OR LESS
8 = SMOKE OR HAZE
[NO. OF DAYS WITH] [WEATHER - DAYS WITH] 9 = BLOWING SNOW
X = TORNADO
MAX 32 OR BELOW: 17 0.01 INCH OR MORE: 1
MAX 90 OR ABOVE: 0 0.10 INCH OR MORE: 0
MIN 32 OR BELOW: 28 0.50 INCH OR MORE: 0
MIN 0 OR BELOW: 13 1.00 INCH OR MORE: 0
[HDD (BASE 65) ]
TOTAL THIS MO. 1539 CLEAR (SCALE 0-3) 14
DPTR FM NORMAL 15 PTCLDY (SCALE 4-7) 7
TOTAL FM JUL 1 7125 CLOUDY (SCALE 8-10) 7
DPTR FM NORMAL 36
[CDD (BASE 65) ]
TOTAL THIS MO. 0
DPTR FM NORMAL 0 [PRESSURE DATA]
TOTAL FM JAN 1 0 HIGHEST SLP M ON M
DPTR FM NORMAL 0 LOWEST SLP M ON M
[REMARKS]
#FINAL-02-23#