000
CXUS53 KFGF 010815
CF6DVL
PRELIMINARY LOCAL CLIMATOLOGICAL DATA (WS FORM: F-6)
STATION: DEVILS LAKE ND
MONTH: MARCH
YEAR: 2022
LATITUDE: 48 7 N
LONGITUDE: 98 54 W
TEMPERATURE IN F: :PCPN: SNOW: WIND :SUNSHINE: SKY :PK WND
================================================================================
1 2 3 4 5 6A 6B 7 8 9 10 11 12 13 14 15 16 17 18
12Z AVG MX 2MIN
DY MAX MIN AVG DEP HDD CDD WTR SNW DPTH SPD SPD DIR MIN PSBL S-S WX SPD DR
================================================================================
1 21 13 17 2 48 0 T M M 5.4 8 100 M M 10 1 M M
2 21 -2 10 -6 55 0 T M M 10.7 20 30 M M 5 1 M M
3 12 -8 2 -14 63 0 0.00 M M 4.1 9 130 M M 2 M M
4 21 11 16 0 49 0 0.00 M M 14.9 21 90 M M 10 1 28 90
5 20 17 19 2 46 0 T M M 12.4 21 330 M M 10 M M
6 22 8 15 -2 50 0 T M M 14.8 20 320 M M 6 1 M M
7 31 3 17 -1 48 0 T M M 12.9 17 260 M M 4 1 M M
8 32 9 21 3 44 0 T M M 24.2 37 300 M M 8 128 40 290
9 9 -3 3 -16 62 0 T M M 14.0 23 290 M M 6 18 29 290
10 23 -7 8 -12 57 0 T M M 20.7 37 290 M M 2 128 43 290
11 0 -10 -5 -25 70 0 0.00 M M 20.2 30 300 M M 1 8 36 300
12 32 -9 12 -9 53 0 T M M 13.8 21 200 M M 4 1 29 190
13 30 11 21 0 44 0 0.00 M M 8.1 20 280 M M 2 M M
14 35 13 24 2 41 0 0.00 M M 7.1 16 190 M M 7 12 M M
15 43 27 35 13 30 0 0.00 M M 7.5 16 220 M M 4 M M
16 41 32 37 14 28 0 0.00 M M 12.5 27 290 M M 2 8 36 290
17 37 27 32 8 33 0 0.00 M M 9.4 16 310 M M 2 M M
18 45 23 34 10 31 0 0.00 M M 9.1 15 160 M M 0 12 M M
19 47 29 38 13 27 0 0.00 M M 6.4 10 300 M M 0 M M
20 48 29 39 13 26 0 T M M 13.7 26 100 M M 3 33 110
21 42 32 37 11 28 0 0.10 M M 11.0 21 100 M M 5 1 25 100
22 40 29 35 8 30 0 T M M 15.0 23 330 M M 5 31 330
23 39 27 33 6 32 0 0.00 M M 13.9 21 10 M M 6 30 10
24 48 24 36 8 29 0 T M M 14.0 36 300 M M 4 45 300
25 35 19 27 -1 38 0 T M M 23.6 32 320 M M 2 41 310
26 22 11 17 -12 48 0 T M M 13.5 20 10 M M 1 23 10
27 27 9 18 -12 47 0 T M M 8.0 14 120 M M 2 M M
28 41 20 31 1 34 0 0.00 M M 18.1 28 150 M M 6 33 150
29 39 29 34 3 31 0 0.01 M M 12.0 21 150 M M 6 1 28 150
30 35 25 30 -1 35 0 T M M 21.3 28 10 M M 7 36 360
31 39 17 28 -4 37 0 M M M 6.9 10 10 M M 1 M M
================================================================================
SM 977 455 1294 0 0.11 M 399.1 M 133
================================================================================
AV 31.5 14.7 12.9 FASTST M M 4 MAX(MPH)
MISC ----> # 37 290 45 300
================================================================================
NOTES:
# LAST OF SEVERAL OCCURRENCES
COLUMN 17 PEAK WIND IN M.P.H.
PRELIMINARY LOCAL CLIMATOLOGICAL DATA (WS FORM: F-6) , PAGE 2
STATION: DEVILS LAKE ND
MONTH: MARCH
YEAR: 2022
LATITUDE: 48 7 N
LONGITUDE: 98 54 W
[TEMPERATURE DATA] [PRECIPITATION DATA] SYMBOLS USED IN COLUMN 16
AVERAGE MONTHLY: 23.1 TOTAL FOR MONTH: 0.11 1 = FOG OR MIST
DPTR FM NORMAL: -0.2 DPTR FM NORMAL: -0.53 2 = FOG REDUCING VISIBILITY
HIGHEST: 48 ON 20,24 GRTST 24HR 0.10 ON 21-21 TO 1/4 MILE OR LESS
LOWEST: -10 ON 11 3 = THUNDER
SNOW, ICE PELLETS, HAIL 4 = ICE PELLETS
TOTAL MONTH: M 5 = HAIL
GRTST 24HR M ON M 6 = FREEZING RAIN OR DRIZZLE
GRTST DEPTH: M ON M 7 = DUSTSTORM OR SANDSTORM:
VSBY 1/2 MILE OR LESS
8 = SMOKE OR HAZE
[NO. OF DAYS WITH] [WEATHER - DAYS WITH] 9 = BLOWING SNOW
X = TORNADO
MAX 32 OR BELOW: 15 0.01 INCH OR MORE: 2
MAX 90 OR ABOVE: 0 0.10 INCH OR MORE: 0
MIN 32 OR BELOW: 31 0.50 INCH OR MORE: 0
MIN 0 OR BELOW: 6 1.00 INCH OR MORE: 0
[HDD (BASE 65) ]
TOTAL THIS MO. 1294 CLEAR (SCALE 0-3) 13
DPTR FM NORMAL 0 PTCLDY (SCALE 4-7) 15
TOTAL FM JUL 1 8234 CLOUDY (SCALE 8-10) 3
DPTR FM NORMAL -149
[CDD (BASE 65) ]
TOTAL THIS MO. 0
DPTR FM NORMAL 0 [PRESSURE DATA]
TOTAL FM JAN 1 0 HIGHEST SLP M ON M
DPTR FM NORMAL 0 LOWEST SLP M ON M
[REMARKS]
#FINAL-03-22#