000
CXUS55 KPSR 011005
CF6DVT
PRELIMINARY LOCAL CLIMATOLOGICAL DATA (WS FORM: F-6)
STATION: DEER VLY/PHOENIX AZ
MONTH: OCTOBER
YEAR: 2020
LATITUDE: 33 41 N
LONGITUDE: 112 4 W
TEMPERATURE IN F: :PCPN: SNOW: WIND :SUNSHINE: SKY :PK WND
================================================================================
1 2 3 4 5 6A 6B 7 8 9 10 11 12 13 14 15 16 17 18
12Z AVG MX 2MIN
DY MAX MIN AVG DEP HDD CDD WTR SNW DPTH SPD SPD DIR MIN PSBL S-S WX SPD DR
================================================================================
1 103 71 87 7 0 22 0.00 M M 4.8 14 30 M M 0 8 18 240
2 103 71 87 7 0 22 0.00 M M 3.9 13 240 M M 0 17 250
3 101 64 83 4 0 18 0.00 M M 4.6 14 250 M M 0 16 240
4 100 64 82 3 0 17 0.00 M M 4.9 14 30 M M 0 16 30
5 101 69 85 7 0 20 0.00 M M 2.9 12 20 M M 0 15 210
6 101 69 85 7 0 20 0.00 M M 4.7 14 270 M M 0 18 240
7 100 69 85 7 0 20 0.00 M M 4.6 13 30 M M 0 20 230
8 97 67 82 5 0 17 0.00 M M 4.7 14 210 M M 0 18 220
9 96 69 83 6 0 18 0.00 M M 5.5 15 200 M M 0 19 180
10 92 70 81 5 0 16 0.00 M M 5.7 14 240 M M 0 19 210
11 91 63 77 1 0 12 0.00 M M 4.1 13 250 M M 0 17 280
12 95 66 81 5 0 16 0.00 M M 4.1 12 40 M M 0 14 30
13 98 64 81 6 0 16 0.00 M M 1.9 12 30 M M 0 14 30
14 97 66 82 7 0 17 0.00 M M 3.6 14 220 M M 0 17 210
15 95 63 79 5 0 14 0.00 M M 4.5 12 230 M M 0 8 15 220
16 99 69 84 10 0 19 0.00 M M 5.0 13 30 M M 0 16 30
17 93 63 78 4 0 13 0.00 M M 2.9 10 240 M M 0 13 200
18 93 62 78 5 0 13 0.00 M M 3.5 14 30 M M 0 17 20
19 93 63 78 5 0 13 0.00 M M 5.1 13 20 M M 0 16 20
20 93 62 78 6 0 13 0.00 M M 4.1 14 30 M M 0 17 30
21 93 62 78 6 0 13 0.00 M M 3.6 12 30 M M 0 13 30
22 91 62 77 5 0 12 0.00 M M 3.0 10 210 M M 0 15 220
23 89 64 77 6 0 12 0.00 M M 3.0 14 190 M M 0 17 200
24 84 67 76 5 0 11 0.00 M M 3.7 10 210 M M 0 14 140
25 84 65 75 5 0 10 0.00 M M 9.6 24 220 M M 1 29 220
26 69 49 59 -11 6 0 0.00 M M 10.3 22 40 M M 3 29 50
27 65 46 56 -14 9 0 0.00 M M 7.0 17 350 M M 1 23 350
28 68 42 55 -14 10 0 0.00 M M 3.2 12 260 M M 0 16 270
29 82 47 65 -4 0 0 0.00 M M 5.0 13 150 M M 0 18 150
30 85 61 73 5 0 8 0.00 M M 5.3 13 100 M M 0 16 90
31 84 63 74 6 0 9 0.00 M M 4.4 13 30 M M 0 14 30
================================================================================
SM 2835 1952 25 411 0.00 M 143.2 M 5
================================================================================
AV 91.5 63.0 4.6 FASTST M M 0 MAX(MPH)
MISC ----> 24 220 # 29 220
================================================================================
NOTES:
# LAST OF SEVERAL OCCURRENCES
COLUMN 17 PEAK WIND IN M.P.H.
PRELIMINARY LOCAL CLIMATOLOGICAL DATA (WS FORM: F-6) , PAGE 2
STATION: DEER VLY/PHOENIX AZ
MONTH: OCTOBER
YEAR: 2020
LATITUDE: 33 41 N
LONGITUDE: 112 4 W
[TEMPERATURE DATA] [PRECIPITATION DATA] SYMBOLS USED IN COLUMN 16
AVERAGE MONTHLY: 77.2 TOTAL FOR MONTH: 0.00 1 = FOG OR MIST
DPTR FM NORMAL: 3.2 DPTR FM NORMAL: -0.77 2 = FOG REDUCING VISIBILITY
HIGHEST: 103 ON 2, 1 GRTST 24HR T ON 13-13 TO 1/4 MILE OR LESS
LOWEST: 42 ON 28 3 = THUNDER
SNOW, ICE PELLETS, HAIL 4 = ICE PELLETS
TOTAL MONTH: M 5 = HAIL
GRTST 24HR M ON M 6 = FREEZING RAIN OR DRIZZLE
GRTST DEPTH: M ON M 7 = DUSTSTORM OR SANDSTORM:
VSBY 1/2 MILE OR LESS
8 = SMOKE OR HAZE
[NO. OF DAYS WITH] [WEATHER - DAYS WITH] 9 = BLOWING SNOW
X = TORNADO
MAX 32 OR BELOW: 0 0.01 INCH OR MORE: 0
MAX 90 OR ABOVE: 22 0.10 INCH OR MORE: 0
MIN 32 OR BELOW: 0 0.50 INCH OR MORE: 0
MIN 0 OR BELOW: 0 1.00 INCH OR MORE: 0
[HDD (BASE 65) ]
TOTAL THIS MO. 25 CLEAR (SCALE 0-3) 31
DPTR FM NORMAL 13 PTCLDY (SCALE 4-7) 0
TOTAL FM JUL 1 25 CLOUDY (SCALE 8-10) 0
DPTR FM NORMAL 15
[CDD (BASE 65) ]
TOTAL THIS MO. 411
DPTR FM NORMAL 118 [PRESSURE DATA]
TOTAL FM JAN 1 4350 HIGHEST SLP 30.11 ON 28
DPTR FM NORMAL 509 LOWEST SLP 29.57 ON 25
[REMARKS]
#FINAL-10-20#