000
CXUS54 KHGX 251637
CF6DWH
PRELIMINARY LOCAL CLIMATOLOGICAL DATA (WS FORM: F-6)
STATION: HOUSTON/D.W._HOOKS
MONTH: SEPTEMBER
YEAR: 2020
LATITUDE: 30 4 N
LONGITUDE: 95 33 W
TEMPERATURE IN F: :PCPN: SNOW: WIND :SUNSHINE: SKY :PK WND
================================================================================
1 2 3 4 5 6A 6B 7 8 9 10 11 12 13 14 15 16 17 18
12Z AVG MX 2MIN
DY MAX MIN AVG DEP HDD CDD WTR SNW DPTH SPD SPD DIR MIN PSBL S-S WX SPD DR
================================================================================
1 96 83 90 7 0 25 0.00 0.0 0 8.8 20 190 M M 7 25 180
2 96 81 89 6 0 24 T 0.0 0 7.5 15 190 M M 5 8 26 200
3 94 79 87 4 0 22 0.00 0.0 0 5.2 17 90 M M 1 22 90
4 93 74 84 2 0 19 0.84 0.0 0 3.6 22 270 M M 3 138 29 260
5 94 73 84 2 0 19 0.14 0.0 0 4.0 21 110 M M 1 13 27 110
6 95 72 84 2 0 19 1.23 0.0 0 2.6 18 210 M M 0 13 23 200
7 93 71 82 0 0 17 0.00 0.0 0 2.6 20 190 M M 2 13 26 190
8 86 74 80 -2 0 15 T 0.0 0 4.1 12 140 M M 2 1 18 130
9 92 76 84 2 0 19 0.69 0.0 0 5.1 29 100 M M 1 138 35 120
10 88 70 79 -2 0 14 T 0.0 0 6.6 15 120 M M 5 13 19 120
11 91 71 81 0 0 16 0.08 0.0 0 6.1 14 20 M M 6 3 19 30
12 93 72 83 2 0 18 0.00 0.0 0 4.7 12 360 M M 1 17 10
13 93 75 84 3 0 19 0.22 0.0 0 5.4 21 360 M M 2 13 26 360
14 89 75 82 2 0 17 0.00 0.0 0 6.9 14 360 M M 3 19 360
15 94 75 85 5 0 20 0.00 0.0 0 5.4 13 20 M M 1 3 17 20
16 93 74 84 4 0 19 0.00 0.0 0 4.3 12 70 M M 1 17 330
17 91 75 83 3 0 18 0.04 0.0 0 5.8 20 360 M M 4 27 360
18 90 72 81 1 0 16 0.00 0.0 0 7.9 16 10 M M 0 22 10
19 86 69 78 -1 0 13 0.00 0.0 0 8.0 16 10 M M 2 21 10
20 80 65 73 -6 0 8 0.35 0.0 0 9.4 16 40 M M 5 1 25 40
21 74 69 72 -7 0 7 0.61 0.0 0 10.1 17 40 M M 10 18 26 30
22 77 72 75 -4 0 10 3.09 0.0 0 10.2 15 20 M M 10 18 22 50
23 80 69 75 -3 0 10 0.20 0.0 0 9.1 16 330 M M 10 1 25 350
24 74 68 71 -7 0 6 T 0.0 0 4.4 9 20 M M 10 1 13 330
25 86 65 76 -2 0 11 0.00 0.0 0 1.0 7 80 M M 6 18 11 20
26 88 62 75 -3 0 10 0.00 0.0 0 2.9 9 130 M M 2 128 12 130
27 91 71 81 4 0 16 0.00 0.0 0 6.1 13 200 M M 2 21 99
28 79 65 72 -5 0 7 0.04 0.0 0 10.1 20 360 M M 8 18 29 320
29 81 54 68 -9 0 3 0.00 0.0 0 4.9 16 360 M M 0 25 20
30 84 51 68 -8 0 3 0.00 0.0 0 2.8 12 210 M M 0 16 220
================================================================================
SM 2641 2122 0 440 7.53 0.0 175.6 M 110
================================================================================
AV 88.0 70.7 5.9 FASTST M M 4 MAX(MPH)
MISC ----> 29 100 35 120
================================================================================
NOTES:
# LAST OF SEVERAL OCCURRENCES
COLUMN 17 PEAK WIND IN M.P.H.
PRELIMINARY LOCAL CLIMATOLOGICAL DATA (WS FORM: F-6) , PAGE 2
STATION: HOUSTON/D.W._HOOKS
MONTH: SEPTEMBER
YEAR: 2020
LATITUDE: 30 4 N
LONGITUDE: 95 33 W
[TEMPERATURE DATA] [PRECIPITATION DATA] SYMBOLS USED IN COLUMN 16
AVERAGE MONTHLY: 79.4 TOTAL FOR MONTH: 7.53 1 = FOG OR MIST
DPTR FM NORMAL: -0.6 DPTR FM NORMAL: 2.34 2 = FOG REDUCING VISIBILITY
HIGHEST: 96 ON 2, 1 GRTST 24HR 3.09 ON 22-22 TO 1/4 MILE OR LESS
LOWEST: 51 ON 30 3 = THUNDER
SNOW, ICE PELLETS, HAIL 4 = ICE PELLETS
TOTAL MONTH: 0.0 INCH 5 = HAIL
GRTST 24HR 0.0 6 = FREEZING RAIN OR DRIZZLE
GRTST DEPTH: 0 7 = DUSTSTORM OR SANDSTORM:
VSBY 1/2 MILE OR LESS
8 = SMOKE OR HAZE
[NO. OF DAYS WITH] [WEATHER - DAYS WITH] 9 = BLOWING SNOW
X = TORNADO
MAX 32 OR BELOW: 0 0.01 INCH OR MORE: 12
MAX 90 OR ABOVE: 16 0.10 INCH OR MORE: 9
MIN 32 OR BELOW: 0 0.50 INCH OR MORE: 5
MIN 0 OR BELOW: 0 1.00 INCH OR MORE: 2
[HDD (BASE 65) ]
TOTAL THIS MO. 0 CLEAR (SCALE 0-3) 17
DPTR FM NORMAL 0 PTCLDY (SCALE 4-7) 8
TOTAL FM JUL 1 0 CLOUDY (SCALE 8-10) 5
DPTR FM NORMAL 0
[CDD (BASE 65) ]
TOTAL THIS MO. 440
DPTR FM NORMAL -10 [PRESSURE DATA]
TOTAL FM JAN 1 2961 HIGHEST SLP M ON M
DPTR FM NORMAL 114 LOWEST SLP 29.75 ON 23
[REMARKS]
#FINAL-09-20#