000
CXUS54 KHGX 251619
CF6DWH
PRELIMINARY LOCAL CLIMATOLOGICAL DATA (WS FORM: F-6)
STATION: HOUSTON/D.W._HOOKS
MONTH: JUNE
YEAR: 2020
LATITUDE: 30 4 N
LONGITUDE: 95 33 W
TEMPERATURE IN F: :PCPN: SNOW: WIND :SUNSHINE: SKY :PK WND
================================================================================
1 2 3 4 5 6A 6B 7 8 9 10 11 12 13 14 15 16 17 18
12Z AVG MX 2MIN
DY MAX MIN AVG DEP HDD CDD WTR SNW DPTH SPD SPD DIR MIN PSBL S-S WX SPD DR
================================================================================
1 85 72 79 -2 0 14 T 0.0 0 4.8 12 90 M M 5 1 16 90
2 91 70 81 0 0 16 T 0.0 0 4.9 13 120 M M 1 1 18 120
3 89 71 80 -1 0 15 1.41 0.0 0 2.5 21 140 M M 3 13 27 140
4 93 71 82 1 0 17 0.00 0.0 0 2.4 17 120 M M 4 123 23 120
5 93 72 83 2 0 18 0.00 0.0 0 3.0 13 110 M M 3 1 16 110
6 94 73 84 2 0 19 0.18 0.0 0 3.8 21 360 M M 1 3 28 360
7 94 74 84 2 0 19 0.00 0.0 0 6.3 15 360 M M 2 24 50
8 93 76 85 3 0 20 0.00 0.0 0 7.3 14 270 M M 3 21 250
9 95 79 87 5 0 22 0.00 0.0 0 8.1 14 190 M M 4 20 220
10 90 65 78 -4 0 13 0.01 0.0 0 6.7 18 20 M M 3 28 10
11 91 62 77 -5 0 12 0.00 0.0 0 4.9 13 30 M M 0 25 20
12 90 67 79 -3 0 14 0.00 0.0 0 6.6 14 20 M M 0 22 60
13 92 69 81 -1 0 16 0.00 0.0 0 6.9 18 70 M M 0 25 40
14 93 64 79 -4 0 14 0.00 0.0 0 4.7 15 110 M M 1 25 100
15 93 71 82 -1 0 17 T 0.0 0 4.8 20 120 M M 2 1 26 110
16 93 69 81 -2 0 16 0.00 0.0 0 3.2 14 90 M M 1 1 24 80
17 93 67 80 -3 0 15 0.00 0.0 0 3.5 10 190 M M 2 1 21 260
18 92 68 80 -3 0 15 0.00 0.0 0 4.7 15 130 M M 0 1 21 120
19 90 69 80 -3 0 15 T 0.0 0 4.7 18 150 M M 3 1 28 150
20 91 73 82 -1 0 17 0.00 0.0 0 4.2 14 170 M M 3 21 150
21 92 73 83 0 0 18 0.38 0.0 0 5.9 28 190 M M 2 13 37 190
22 81 70 76 -7 0 11 0.42 0.0 0 3.7 16 180 M M 5 138 26 180
23 90 69 80 -3 0 15 0.04 0.0 0 5.5 15 140 M M 3 1 23 150
24 85 72 79 -4 0 14 1.59 0.0 0 4.0 12 260 M M 7 13 19 220
25 87 72 80 -3 0 15 2.68 0.0 0 5.7 21 260 M M 5 13 28 250
26 86 76 81 -2 0 16 T 0.0 0 5.3 12 160 M M 9 18 19 150
27 91 79 85 2 0 20 T 0.0 0 6.1 13 190 M M 5 18 19 180
28 90 79 85 1 0 20 0.00 0.0 0 8.1 16 180 M M 5 18 24 190
29 90 81 86 2 0 21 0.00 0.0 0 8.4 20 200 M M 5 26 200
30 93 81 87 3 0 22 T 0.0 0 8.5 18 190 M M 6 8 25 200
================================================================================
SM 2720 2154 0 496 6.71 0.0 159.2 M 93
================================================================================
AV 90.7 71.8 5.3 FASTST M M 3 MAX(MPH)
MISC ----> 28 190 37 190
================================================================================
NOTES:
# LAST OF SEVERAL OCCURRENCES
COLUMN 17 PEAK WIND IN M.P.H.
PRELIMINARY LOCAL CLIMATOLOGICAL DATA (WS FORM: F-6) , PAGE 2
STATION: HOUSTON/D.W._HOOKS
MONTH: JUNE
YEAR: 2020
LATITUDE: 30 4 N
LONGITUDE: 95 33 W
[TEMPERATURE DATA] [PRECIPITATION DATA] SYMBOLS USED IN COLUMN 16
AVERAGE MONTHLY: 81.2 TOTAL FOR MONTH: 6.71 1 = FOG OR MIST
DPTR FM NORMAL: -1.3 DPTR FM NORMAL: 1.34 2 = FOG REDUCING VISIBILITY
HIGHEST: 95 ON 9 GRTST 24HR 2.68 ON 25-25 TO 1/4 MILE OR LESS
LOWEST: 62 ON 11 3 = THUNDER
SNOW, ICE PELLETS, HAIL 4 = ICE PELLETS
TOTAL MONTH: 0.0 INCH 5 = HAIL
GRTST 24HR 0.0 6 = FREEZING RAIN OR DRIZZLE
GRTST DEPTH: 0 7 = DUSTSTORM OR SANDSTORM:
VSBY 1/2 MILE OR LESS
8 = SMOKE OR HAZE
[NO. OF DAYS WITH] [WEATHER - DAYS WITH] 9 = BLOWING SNOW
X = TORNADO
MAX 32 OR BELOW: 0 0.01 INCH OR MORE: 8
MAX 90 OR ABOVE: 24 0.10 INCH OR MORE: 6
MIN 32 OR BELOW: 0 0.50 INCH OR MORE: 3
MIN 0 OR BELOW: 0 1.00 INCH OR MORE: 3
[HDD (BASE 65) ]
TOTAL THIS MO. 0 CLEAR (SCALE 0-3) 18
DPTR FM NORMAL 0 PTCLDY (SCALE 4-7) 11
TOTAL FM JUL 1 1239 CLOUDY (SCALE 8-10) 1
DPTR FM NORMAL -130
[CDD (BASE 65) ]
TOTAL THIS MO. 496
DPTR FM NORMAL -29 [PRESSURE DATA]
TOTAL FM JAN 1 1258 HIGHEST SLP M ON M
DPTR FM NORMAL 68 LOWEST SLP 29.60 ON 8
[REMARKS]
#FINAL-06-20#