000
CXUS54 KMAF 011110
CF6E38
PRELIMINARY LOCAL CLIMATOLOGICAL DATA (WS FORM: F-6)
STATION: ALPINE-CASPARIS MUNICIPAL
MONTH: APRIL
YEAR: 2023
LATITUDE: 30 23 N
LONGITUDE: 103 41 W
TEMPERATURE IN F: :PCPN: SNOW: WIND :SUNSHINE: SKY :PK WND
================================================================================
1 2 3 4 5 6A 6B 7 8 9 10 11 12 13 14 15 16 17 18
12Z AVG MX 2MIN
DY MAX MIN AVG DEP HDD CDD WTR SNW DPTH SPD SPD DIR MIN PSBL S-S WX SPD DR
================================================================================
1 77 39 58 M 7 0 M M M 7.0 13 150 M M 0 18 150
2 80 53 67 M 0 2 M M M 13.2 24 260 M M 0 30 260
3 84 45 65 M 0 0 M M M 12.0 23 270 M M 0 29 250
4 81 64 73 M 0 8 M M M 19.0 30 230 M M 0 43 230
5 68 37 53 M 12 0 M M M 7.8 16 270 M M 0 25 270
6 67 38 53 M 12 0 M M M 7.0 16 60 M M 0 23 60
7 58 35 47 M 18 0 M M M 5.3 12 70 M M 7 17 80
8 79 37 58 M 7 0 M M M 5.0 16 160 M M 1 20 210
9 81 47 64 M 1 0 M M M 5.1 13 110 M M 2 3 23 50
10 77 46 62 M 3 0 M M M 6.0 13 50 M M 3 20 40
11 80 47 64 M 1 0 M M M 6.8 18 160 M M 0 23 160
12 82 51 67 M 0 2 M M M 9.4 16 150 M M 0 23 150
13 85 55 70 M 0 5 M M M 12.3 24 210 M M 0 33 230
14 80 53 67 M 0 2 M M M 12.6 22 260 M M 0 32 280
15 80 51 66 M 0 1 M M M 8.0 16 290 M M 0 23 290
16 74 45 60 M 5 0 M M M 6.9 13 90 M M 0 20 30
17 80 51 66 M 0 1 M M M 9.4 17 190 M M 0 26 160
18 84 55 70 M 0 5 M M M 10.6 20 270 M M 0 33 250
19 85 50 68 M 0 3 M M M 8.2 15 210 M M 0 22 230
20 83 53 68 M 0 3 M M M 7.8 17 260 M M 0 29 20
21 81 50 66 M 0 1 M M M 9.7 18 360 M M 0 26 360
22 81 49 65 M 0 0 M M M 9.1 24 50 M M 0 31 50
23 57 40 49 M 16 0 M M M 10.2 15 50 M M 6 21 40
24 80 35 58 M 7 0 M M M 6.2 14 230 M M 1 18 80
25 82 52 67 M 0 2 M M M 9.8 23 270 M M 0 29 270
26 81 49 65 M 0 0 M M M 9.2 21 280 M M 1 29 290
27 82 41 62 M 3 0 M M M 6.6 17 290 M M 0 29 290
28 76 46 61 M 4 0 M M M 14.8 26 10 M M 0 37 30
29 76 33 55 M 10 0 M M M 4.8 10 10 M M 0 18 10
30 89 49 69 M 0 4 M M M 10.8 17 220 M M 0 28 220
================================================================================
SM 2350 1396 106 39 M M 270.6 M 21
================================================================================
AV 78.3 46.5 9.0 FASTST M M 1 MAX(MPH)
MISC ----> 30 230 43 230
================================================================================
NOTES:
# LAST OF SEVERAL OCCURRENCES
COLUMN 17 PEAK WIND IN M.P.H.
PRELIMINARY LOCAL CLIMATOLOGICAL DATA (WS FORM: F-6) , PAGE 2
STATION: ALPINE-CASPARIS MUNICIPAL
MONTH: APRIL
YEAR: 2023
LATITUDE: 30 23 N
LONGITUDE: 103 41 W
[TEMPERATURE DATA] [PRECIPITATION DATA] SYMBOLS USED IN COLUMN 16
AVERAGE MONTHLY: 62.4 TOTAL FOR MONTH: M 1 = FOG OR MIST
DPTR FM NORMAL: 0.0 DPTR FM NORMAL: M 2 = FOG REDUCING VISIBILITY
HIGHEST: 89 ON 30 GRTST 24HR M ON M TO 1/4 MILE OR LESS
LOWEST: 33 ON 29 3 = THUNDER
SNOW, ICE PELLETS, HAIL 4 = ICE PELLETS
TOTAL MONTH: M 5 = HAIL
GRTST 24HR M ON M 6 = FREEZING RAIN OR DRIZZLE
GRTST DEPTH: M ON M 7 = DUSTSTORM OR SANDSTORM:
VSBY 1/2 MILE OR LESS
8 = SMOKE OR HAZE
[NO. OF DAYS WITH] [WEATHER - DAYS WITH] 9 = BLOWING SNOW
X = TORNADO
MAX 32 OR BELOW: 0 0.01 INCH OR MORE: 0
MAX 90 OR ABOVE: 0 0.10 INCH OR MORE: 0
MIN 32 OR BELOW: 0 0.50 INCH OR MORE: 0
MIN 0 OR BELOW: 0 1.00 INCH OR MORE: 0
[HDD (BASE 65) ]
TOTAL THIS MO. 106 CLEAR (SCALE 0-3) 28
DPTR FM NORMAL M PTCLDY (SCALE 4-7) 2
TOTAL FM JUL 1 2362 CLOUDY (SCALE 8-10) 0
DPTR FM NORMAL M
[CDD (BASE 65) ]
TOTAL THIS MO. 39
DPTR FM NORMAL M [PRESSURE DATA]
TOTAL FM JAN 1 47 HIGHEST SLP M ON M
DPTR FM NORMAL M LOWEST SLP M ON M
[REMARKS]
#FINAL-04-23#