000
CXUS54 KMAF 011110
CF6E38
PRELIMINARY LOCAL CLIMATOLOGICAL DATA (WS FORM: F-6)
STATION: ALPINE-CASPARIS MUNICIPAL
MONTH: MAY
YEAR: 2022
LATITUDE: 30 23 N
LONGITUDE: 103 41 W
TEMPERATURE IN F: :PCPN: SNOW: WIND :SUNSHINE: SKY :PK WND
================================================================================
1 2 3 4 5 6A 6B 7 8 9 10 11 12 13 14 15 16 17 18
12Z AVG MX 2MIN
DY MAX MIN AVG DEP HDD CDD WTR SNW DPTH SPD SPD DIR MIN PSBL S-S WX SPD DR
================================================================================
1 86 62 74 M 0 9 M M M 9.9 16 150 M M 3 22 170
2 88 60 74 M 0 9 M M M 11.1 18 260 M M 0 26 260
3 85 50 68 M 0 3 M M M 8.5 15 70 M M 0 20 70
4 87 61 74 M 0 9 M M M 7.0 14 260 M M 0 23 270
5 86 55 71 M 0 6 M M M 8.4 16 280 M M 0 24 250
6 92 53 73 M 0 8 M M M 9.9 21 260 M M 0 33 280
7 96 59 78 M 0 13 M M M 12.1 23 270 M M 0 31 270
8 95 61 78 M 0 13 M M M 9.2 20 250 M M 0 26 240
9 95 69 82 M 0 17 M M M 10.5 20 270 M M 0 28 270
10 91 62 77 M 0 12 0.49 M M 6.3 17 150 M M 1 24 70
11 95 69 82 M 0 17 0.12 M M 15.2 22 190 M M 1 29 170
12 96 70 83 M 0 18 M M M 11.1 18 70 M M 0 26 210
13 92 64 78 M 0 13 M M M 5.1 14 40 M M 1 24 130
14 95 64 80 M 0 15 M M M 6.9 13 160 M M 0 26 50
15 97 66 82 M 0 17 M M M 7.4 15 220 M M 0 22 220
16 96 73 85 M 0 20 M M M 10.7 21 190 M M 0 30 170
17 97 71 84 M 0 19 M M M 8.4 13 170 M M 0 20 190
18 95 61 78 M 0 13 M M M 7.7 16 240 M M 0 29 210
19 97 62 80 M 0 15 M M M 7.9 15 250 M M 0 26 250
20 91 64 78 M 0 13 M M M 10.8 21 250 M M 0 28 250
21 79 59 69 M 0 4 M M M 8.4 21 40 M M 0 24 40
22 67 53 60 M 5 0 M M M 11.6 20 40 M M 4 3 24 40
23 82 58 70 M 0 5 0.15 M M 9.2 16 100 M M 4 3 24 210
24 86 55 71 M 0 6 M M M 13.5 25 60 M M 2 33 280
25 78 45 62 M 3 0 M M M 6.4 22 10 M M 0 28 10
26 95 57 76 M 0 11 M M M 8.0 18 230 M M 0 23 260
27 95 60 78 M 0 13 0.14 M M 8.9 22 80 M M 0 40 80
28 98 70 84 M 0 19 M M M 12.3 18 200 M M 0 32 200
29 97 67 82 M 0 17 M M M 10.5 20 230 M M 0 33 230
30 95 67 81 M 0 16 M M M 11.2 17 240 M M 0 22 260
31 99 68 84 M 0 19 0.01 M M 7.5 18 160 M M 1 3 25 90
================================================================================
SM 2823 1915 8 369 0.91 M 291.6 M 17
================================================================================
AV 91.1 61.8 9.4 FASTST M M 1 MAX(MPH)
MISC ----> 25 60 40 80
================================================================================
NOTES:
# LAST OF SEVERAL OCCURRENCES
COLUMN 17 PEAK WIND IN M.P.H.
PRELIMINARY LOCAL CLIMATOLOGICAL DATA (WS FORM: F-6) , PAGE 2
STATION: ALPINE-CASPARIS MUNICIPAL
MONTH: MAY
YEAR: 2022
LATITUDE: 30 23 N
LONGITUDE: 103 41 W
[TEMPERATURE DATA] [PRECIPITATION DATA] SYMBOLS USED IN COLUMN 16
AVERAGE MONTHLY: 76.4 TOTAL FOR MONTH: 0.91 1 = FOG OR MIST
DPTR FM NORMAL: 0.0 DPTR FM NORMAL: M 2 = FOG REDUCING VISIBILITY
HIGHEST: 99 ON 31 GRTST 24HR 0.49 ON 10-10 TO 1/4 MILE OR LESS
LOWEST: 45 ON 25 3 = THUNDER
SNOW, ICE PELLETS, HAIL 4 = ICE PELLETS
TOTAL MONTH: M 5 = HAIL
GRTST 24HR M ON M 6 = FREEZING RAIN OR DRIZZLE
GRTST DEPTH: M ON M 7 = DUSTSTORM OR SANDSTORM:
VSBY 1/2 MILE OR LESS
8 = SMOKE OR HAZE
[NO. OF DAYS WITH] [WEATHER - DAYS WITH] 9 = BLOWING SNOW
X = TORNADO
MAX 32 OR BELOW: 0 0.01 INCH OR MORE: 5
MAX 90 OR ABOVE: 21 0.10 INCH OR MORE: 4
MIN 32 OR BELOW: 0 0.50 INCH OR MORE: 0
MIN 0 OR BELOW: 0 1.00 INCH OR MORE: 0
[HDD (BASE 65) ]
TOTAL THIS MO. 8 CLEAR (SCALE 0-3) 29
DPTR FM NORMAL M PTCLDY (SCALE 4-7) 2
TOTAL FM JUL 1 1974 CLOUDY (SCALE 8-10) 0
DPTR FM NORMAL M
[CDD (BASE 65) ]
TOTAL THIS MO. 369
DPTR FM NORMAL M [PRESSURE DATA]
TOTAL FM JAN 1 518 HIGHEST SLP M ON M
DPTR FM NORMAL M LOWEST SLP M ON M
[REMARKS]
#FINAL-05-22#