000
CXUS53 KGID 011435
CF6EAR
PRELIMINARY LOCAL CLIMATOLOGICAL DATA (WS FORM: F-6)
STATION: KEARNEY NE
MONTH: JUNE
YEAR: 2023
LATITUDE: 40 43 N
LONGITUDE: 99 0 W
TEMPERATURE IN F: :PCPN: SNOW: WIND :SUNSHINE: SKY :PK WND
================================================================================
1 2 3 4 5 6A 6B 7 8 9 10 11 12 13 14 15 16 17 18
12Z AVG MX 2MIN
DY MAX MIN AVG DEP HDD CDD WTR SNW DPTH SPD SPD DIR MIN PSBL S-S WX SPD DR
================================================================================
1 81 64 73 7 0 8 T M M 13.4 24 160 M M 3 31 160
2 69 59 64 -2 1 0 1.15 M M 10.3 18 110 M M 6 13 24 120
3 79 60 70 3 0 5 0.24 M M 7.3 18 80 M M 6 123 18 70
4 84 59 72 5 0 7 0.18 M M 7.8 29 40 M M 2 13 36 50
5 83 60 72 4 0 7 0.00 M M 4.2 10 70 M M 1 M M
6 85 60 73 5 0 8 0.00 M M 4.6 7 210 M M 0 18 M M
7 87 62 75 7 0 10 0.00 M M 3.6 8 100 M M 0 M M
8 91 62 77 8 0 12 0.01 M M 5.8 22 50 M M 1 28 50
9 88 62 75 6 0 10 0.55 M M 11.0 30 10 M M 4 13 50 340
10 77 62 70 1 0 5 0.42 M M 7.1 30 360 M M 5 3 33 350
11 72 54 63 -6 2 0 0.08 M M 13.7 18 20 M M 6 1 25 10
12 71 50 61 -9 4 0 0.00 M M 4.4 9 90 M M 0 M M
13 77 50 64 -6 1 0 0.00 M M 3.0 7 30 M M 2 M M
14 80 56 68 -2 0 3 0.00 M M 4.5 8 330 M M 1 M M
15 85 57 71 0 0 6 0.00 M M 6.1 12 190 M M 1 M M
16 83 61 72 1 0 7 0.00 M M 6.7 12 350 M M 1 3 M M
17 71 56 64 -7 1 0 0.33 M M 7.2 15 200 M M 5 13 M M
18 85 56 71 0 0 6 0.00 M M 6.9 13 220 M M 0 M M
19 91 59 75 3 0 10 0.00 M M 13.3 24 160 M M 0 32 160
20 88 61 75 3 0 10 0.00 M M 13.3 22 130 M M 2 28 120
21 77 65 71 -1 0 6 0.11 M M 10.1 24 100 M M 3 13 32 100
22 82 61 72 0 0 7 1.09 M M 5.7 18 220 M M 4 1238 24 220
23 87 62 75 3 0 10 0.00 M M 9.5 17 150 M M 3 1 24 140
24 88 62 75 2 0 10 0.05 M M 11.5 21 270 M M 2 3 33 350
25 81 58 70 -3 0 5 0.00 M M 12.7 21 310 M M 0 25 320
26 82 56 69 -4 0 4 0.00 M M 6.1 9 90 M M 0 M M
27 84 62 73 0 0 8 T M M 14.6 23 160 M M 2 33 160
28 87 63 75 2 0 10 0.00 M M 9.0 17 170 M M 1 3 22 350
29 84 65 75 1 0 10 0.20 M M 9.1 24 20 M M 2 3 32 40
30 78 64 71 -3 0 6 0.72 M M 5.6 14 150 M M 5 3 28 130
================================================================================
SM 2457 1788 9 190 5.13 M 248.1 M 68
================================================================================
AV 81.9 59.6 8.3 FASTST M M 2 MAX(MPH)
MISC ----> # 30 10 M M
================================================================================
NOTES:
# LAST OF SEVERAL OCCURRENCES
COLUMN 17 PEAK WIND IN M.P.H.
PRELIMINARY LOCAL CLIMATOLOGICAL DATA (WS FORM: F-6) , PAGE 2
STATION: KEARNEY NE
MONTH: JUNE
YEAR: 2023
LATITUDE: 40 43 N
LONGITUDE: 99 0 W
[TEMPERATURE DATA] [PRECIPITATION DATA] SYMBOLS USED IN COLUMN 16
AVERAGE MONTHLY: 70.8 TOTAL FOR MONTH: 5.13 1 = FOG OR MIST
DPTR FM NORMAL: 0.3 DPTR FM NORMAL: 1.23 2 = FOG REDUCING VISIBILITY
HIGHEST: 91 ON 19, 8 GRTST 24HR 1.16 ON 2- 3 TO 1/4 MILE OR LESS
LOWEST: 50 ON 13,12 3 = THUNDER
SNOW, ICE PELLETS, HAIL 4 = ICE PELLETS
TOTAL MONTH: M 5 = HAIL
GRTST 24HR M ON M 6 = FREEZING RAIN OR DRIZZLE
GRTST DEPTH: M ON M 7 = DUSTSTORM OR SANDSTORM:
VSBY 1/2 MILE OR LESS
8 = SMOKE OR HAZE
[NO. OF DAYS WITH] [WEATHER - DAYS WITH] 9 = BLOWING SNOW
X = TORNADO
MAX 32 OR BELOW: 0 0.01 INCH OR MORE: 13
MAX 90 OR ABOVE: 2 0.10 INCH OR MORE: 10
MIN 32 OR BELOW: 0 0.50 INCH OR MORE: 4
MIN 0 OR BELOW: 0 1.00 INCH OR MORE: 2
[HDD (BASE 65) ]
TOTAL THIS MO. 9 CLEAR (SCALE 0-3) 21
DPTR FM NORMAL -27 PTCLDY (SCALE 4-7) 9
TOTAL FM JUL 1 6074 CLOUDY (SCALE 8-10) 0
DPTR FM NORMAL -434
[CDD (BASE 65) ]
TOTAL THIS MO. 190
DPTR FM NORMAL 11 [PRESSURE DATA]
TOTAL FM JAN 1 252 HIGHEST SLP 30.11 ON 5
DPTR FM NORMAL 26 LOWEST SLP 29.65 ON 18
[REMARKS]
#FINAL-06-23#