000
CXUS53 KGID 011456
CF6EAR
PRELIMINARY LOCAL CLIMATOLOGICAL DATA (WS FORM: F-6)
STATION: KEARNEY NE
MONTH: JANUARY
YEAR: 2024
LATITUDE: 40 43 N
LONGITUDE: 99 0 W
TEMPERATURE IN F: :PCPN: SNOW: WIND :SUNSHINE: SKY :PK WND
================================================================================
1 2 3 4 5 6A 6B 7 8 9 10 11 12 13 14 15 16 17 18
12Z AVG MX 2MIN
DY MAX MIN AVG DEP HDD CDD WTR SNW DPTH SPD SPD DIR MIN PSBL S-S WX SPD DR
================================================================================
1 30 11 21 -4 44 0 0.00 M M 8.5 14 180 M M 6 12 M M
2 40 22 31 6 34 0 0.00 M M 5.7 12 310 M M 0 M M
3 39 19 29 4 36 0 0.00 M M 7.6 18 40 M M 2 1 M M
4 31 23 27 2 38 0 0.00 M M 11.8 17 140 M M 10 1 21 170
5 31 28 30 5 35 0 M M M 5.6 14 160 M M 10 12 M M
6 34 16 25 0 40 0 M M M 10.2 23 330 M M 9 1 29 330
7 33 11 22 -3 43 0 0.00 M M 10.3 21 120 M M 3 12 M M
8 32 16 24 -1 41 0 M M M 18.7 35 360 M M 8 1 44 360
9 30 13 22 -3 43 0 M M M 16.2 33 350 M M 5 1 39 350
10 41 18 30 5 35 0 T M M 10.3 24 300 M M 1 31 300
11 23 3 13 -12 52 0 M M M 19.2 29 20 M M 6 1 36 10
12 9 -8 1 -24 64 0 M M M 18.8 28 350 M M 6 18 32 340
13 -2 -15 -8 -33 73 0 M M M 19.5 30 340 M M 4 8 39 340
14 4 -15 -5 -30 70 0 0.00 M M 10.9 17 330 M M 4 24 320
15 2 -9 -3 -28 68 0 M M M 12.0 21 320 M M 5 31 320
16 17 -12 3 -22 62 0 0.00 M M 10.6 15 230 M M 0 8 M M
17 28 7 18 -7 47 0 0.00 M M 7.4 14 70 M M 3 M M
18 21 1 11 -14 54 0 M M M 12.0 30 350 M M 4 12 41 350
19 14 -4 5 -20 60 0 0.00 M M 10.8 18 320 M M 0 24 320
20 11 -10 1 -24 64 0 0.00 M M 9.5 17 160 M M 0 M M
21 30 5 18 -7 47 0 0.00 M M 17.5 24 180 M M 1 32 190
22 38 18 28 3 37 0 0.00 M M 8.5 17 190 M M 4 1 M M
23 32 30 31 6 34 0 T M M 4.7 10 150 M M 10 1 M M
24 33 30 32 7 33 0 0.00 M M 8.9 13 230 M M 10 1 M M
25 39 27 33 8 32 0 0.00 M M 4.7 9 260 M M 9 12 M M
26 34 23 29 4 36 0 0.00 M M 5.0 10 340 M M 10 12 M M
27 46 24 35 10 30 0 0.00 M M 6.1 10 320 M M 1 12 M M
28 50 22 36 11 29 0 0.00 M M 4.7 9 280 M M 0 M M
29 57 29 43 18 22 0 0.00 M M 7.7 15 300 M M 0 M M
30 59 29 44 19 21 0 0.00 M M 6.7 10 310 M M 0 1 M M
31 66 31 49 23 16 0 0.00 M M 7.8 14 210 M M 0 M M
================================================================================
SM 952 383 1340 0 M M 317.9 M 131
================================================================================
AV 30.7 12.4 10.3 FASTST M M 4 MAX(MPH)
MISC ----> 35 360 M M
================================================================================
NOTES:
# LAST OF SEVERAL OCCURRENCES
COLUMN 17 PEAK WIND IN M.P.H.
PRELIMINARY LOCAL CLIMATOLOGICAL DATA (WS FORM: F-6) , PAGE 2
STATION: KEARNEY NE
MONTH: JANUARY
YEAR: 2024
LATITUDE: 40 43 N
LONGITUDE: 99 0 W
[TEMPERATURE DATA] [PRECIPITATION DATA] SYMBOLS USED IN COLUMN 16
AVERAGE MONTHLY: 21.5 TOTAL FOR MONTH: M 1 = FOG OR MIST
DPTR FM NORMAL: -3.3 DPTR FM NORMAL: M 2 = FOG REDUCING VISIBILITY
HIGHEST: 66 ON 31 GRTST 24HR M ON M TO 1/4 MILE OR LESS
LOWEST: -15 ON 14,13 3 = THUNDER
SNOW, ICE PELLETS, HAIL 4 = ICE PELLETS
TOTAL MONTH: M 5 = HAIL
GRTST 24HR M ON M 6 = FREEZING RAIN OR DRIZZLE
GRTST DEPTH: M ON M 7 = DUSTSTORM OR SANDSTORM:
VSBY 1/2 MILE OR LESS
8 = SMOKE OR HAZE
[NO. OF DAYS WITH] [WEATHER - DAYS WITH] 9 = BLOWING SNOW
X = TORNADO
MAX 32 OR BELOW: 17 0.01 INCH OR MORE: M
MAX 90 OR ABOVE: 0 0.10 INCH OR MORE: M
MIN 32 OR BELOW: 31 0.50 INCH OR MORE: M
MIN 0 OR BELOW: 7 1.00 INCH OR MORE: M
[HDD (BASE 65) ]
TOTAL THIS MO. 1340 CLEAR (SCALE 0-3) 14
DPTR FM NORMAL 89 PTCLDY (SCALE 4-7) 9
TOTAL FM JUL 1 3382 CLOUDY (SCALE 8-10) 8
DPTR FM NORMAL -505
[CDD (BASE 65) ]
TOTAL THIS MO. 0
DPTR FM NORMAL 0 [PRESSURE DATA]
TOTAL FM JAN 1 0 HIGHEST SLP 30.71 ON 19
DPTR FM NORMAL 0 LOWEST SLP 29.41 ON 10
[REMARKS]
#FINAL-01-24#