000
CXUS53 KGID 011602
CF6EAR
PRELIMINARY LOCAL CLIMATOLOGICAL DATA (WS FORM: F-6)
STATION: KEARNEY
MONTH: JUNE
YEAR: 2021
LATITUDE: 40 43 N
LONGITUDE: 99 0 W
TEMPERATURE IN F: :PCPN: SNOW: WIND :SUNSHINE: SKY :PK WND
================================================================================
1 2 3 4 5 6A 6B 7 8 9 10 11 12 13 14 15 16 17 18
12Z AVG MX 2MIN
DY MAX MIN AVG DEP HDD CDD WTR SNW DPTH SPD SPD DIR MIN PSBL S-S WX SPD DR
================================================================================
1 73 52 63 -3 2 0 0.00 M M 4.7 12 110 M M 0 17 110
2 77 48 63 -3 2 0 0.00 M M 5.8 12 110 M M 1 M M
3 86 58 72 5 0 7 0.00 M M 9.0 15 210 M M 1 21 220
4 88 57 73 6 0 8 0.00 M M 11.4 17 190 M M 0 24 180
5 88 64 76 8 0 11 0.00 M M 15.2 22 190 M M 0 30 180
6 86 64 75 7 0 10 0.00 M M 15.6 21 200 M M 1 28 190
7 89 66 78 10 0 13 0.00 M M 11.6 15 170 M M 1 22 170
8 86 64 75 6 0 10 0.00 M M 11.2 18 130 M M 1 25 120
9 90 64 77 8 0 12 0.00 M M 8.5 17 120 M M 1 21 140
10 95 72 84 15 0 19 0.00 M M 14.7 23 170 M M 3 29 160
11 82 58 70 1 0 5 0.00 M M 16.5 28 360 M M 2 8 39 10
12 86 53 70 0 0 5 0.00 M M 7.8 12 130 M M 0 18 90
13 92 58 75 5 0 10 0.00 M M 7.5 13 140 M M 0 M M
14 96 65 81 11 0 16 T M M 5.0 18 190 M M 1 8 37 190
15 96 65 81 10 0 16 0.00 M M 5.9 14 210 M M 0 18 170
16 101 67 84 13 0 19 0.00 M M 12.5 21 180 M M 0 30 180
17 102 70 86 15 0 21 0.00 M M 11.4 21 190 M M 0 31 200
18 87 68 78 7 0 13 0.00 M M 12.3 18 110 M M 0 23 110
19 84 62 73 1 0 8 0.33 M M 11.7 31 210 M M 1 13 48 110
20 86 63 75 3 0 10 T M M 14.4 37 120 M M 0 48 120
21 79 60 70 -2 0 5 T M M 8.4 15 340 M M 2 8 22 300
22 89 57 73 1 0 8 0.00 M M 14.3 24 190 M M 0 8 37 170
23 92 63 78 6 0 13 0.00 M M 14.2 21 180 M M 0 22 170
24 82 67 75 2 0 10 0.10 M M 10.7 18 60 M M 4 13 30 70
25 83 64 74 1 0 9 T M M 7.2 18 350 M M 2 138 33 350
26 78 62 70 -3 0 5 0.00 M M 10.5 18 360 M M 6 24 360
27 79 55 67 -6 0 2 T M M 4.8 16 340 M M 2 18 M M
28 80 61 71 -2 0 6 0.38 M M 5.4 21 360 M M 4 M M
29 82 59 71 -3 0 6 0.00 M M 4.9 8 110 M M 0 M M
30 81 61 71 -3 0 6 0.00 M M 3.8 8 130 M M 3 1 M M
================================================================================
SM 2595 1847 4 283 0.81 M 296.9 M 36
================================================================================
AV 86.5 61.6 9.9 FASTST M M 1 MAX(MPH)
MISC ----> 37 120 # M M
================================================================================
NOTES:
# LAST OF SEVERAL OCCURRENCES
COLUMN 17 PEAK WIND IN M.P.H.
PRELIMINARY LOCAL CLIMATOLOGICAL DATA (WS FORM: F-6) , PAGE 2
STATION: KEARNEY
MONTH: JUNE
YEAR: 2021
LATITUDE: 40 43 N
LONGITUDE: 99 0 W
[TEMPERATURE DATA] [PRECIPITATION DATA] SYMBOLS USED IN COLUMN 16
AVERAGE MONTHLY: 74.0 TOTAL FOR MONTH: 0.81 1 = FOG OR MIST
DPTR FM NORMAL: 3.6 DPTR FM NORMAL: -3.09 2 = FOG REDUCING VISIBILITY
HIGHEST: 102 ON 17 GRTST 24HR 0.38 ON 28-28 TO 1/4 MILE OR LESS
LOWEST: 48 ON 2 3 = THUNDER
SNOW, ICE PELLETS, HAIL 4 = ICE PELLETS
TOTAL MONTH: M 5 = HAIL
GRTST 24HR M ON M 6 = FREEZING RAIN OR DRIZZLE
GRTST DEPTH: M ON M 7 = DUSTSTORM OR SANDSTORM:
VSBY 1/2 MILE OR LESS
8 = SMOKE OR HAZE
[NO. OF DAYS WITH] [WEATHER - DAYS WITH] 9 = BLOWING SNOW
X = TORNADO
MAX 32 OR BELOW: 0 0.01 INCH OR MORE: 3
MAX 90 OR ABOVE: 8 0.10 INCH OR MORE: 3
MIN 32 OR BELOW: 0 0.50 INCH OR MORE: 0
MIN 0 OR BELOW: 0 1.00 INCH OR MORE: 0
[HDD (BASE 65) ]
TOTAL THIS MO. 4 CLEAR (SCALE 0-3) 27
DPTR FM NORMAL -32 PTCLDY (SCALE 4-7) 3
TOTAL FM JUL 1 6006 CLOUDY (SCALE 8-10) 0
DPTR FM NORMAL -502
[CDD (BASE 65) ]
TOTAL THIS MO. 283
DPTR FM NORMAL 104 [PRESSURE DATA]
TOTAL FM JAN 1 339 HIGHEST SLP 30.20 ON 1
DPTR FM NORMAL 113 LOWEST SLP 29.44 ON 19
[REMARKS]
#FINAL-06-21#