000
CXUS53 KGID 011153
CF6EAR
PRELIMINARY LOCAL CLIMATOLOGICAL DATA (WS FORM: F-6)
STATION: KEARNEY
MONTH: APRIL
YEAR: 2021
LATITUDE: 40 43 N
LONGITUDE: 99 0 W
TEMPERATURE IN F: :PCPN: SNOW: WIND :SUNSHINE: SKY :PK WND
================================================================================
1 2 3 4 5 6A 6B 7 8 9 10 11 12 13 14 15 16 17 18
12Z AVG MX 2MIN
DY MAX MIN AVG DEP HDD CDD WTR SNW DPTH SPD SPD DIR MIN PSBL S-S WX SPD DR
================================================================================
1 62 23 43 0 22 0 0.00 M M 14.6 27 190 M M 0 35 210
2 77 39 58 14 7 0 0.00 M M 19.9 29 200 M M 0 36 190
3 79 35 57 13 8 0 0.00 M M 9.4 17 150 M M 0 20 150
4 88 42 65 21 0 0 T M M 10.2 24 230 M M 1 38 41 250
5 82 53 68 23 0 3 0.00 M M 15.0 21 180 M M 0 24 180
6 75 41 58 13 7 0 0.00 M M 20.1 31 320 M M 5 18 41 320
7 45 38 42 -4 23 0 0.13 M M 24.3 31 340 M M 10 1 43 340
8 68 37 53 7 12 0 0.00 M M 15.8 24 300 M M 2 8 33 340
9 53 35 44 -2 21 0 0.37 M M 13.9 25 340 M M 5 32 330
10 61 34 48 1 17 0 0.01 M M 9.9 21 350 M M 1 21 300
11 59 32 46 -1 19 0 0.00 M M 17.5 32 340 M M 0 45 340
12 58 35 47 0 18 0 0.00 M M 13.9 21 350 M M 1 8 28 350
13 56 30 43 -5 22 0 0.00 M M 10.5 18 340 M M 1 23 330
14 46 26 36 -12 29 0 T M M 10.4 17 350 M M 4 22 340
15 49 29 39 -9 26 0 T M M 7.5 15 50 M M 5 M M
16 40 32 36 -13 29 0 0.64 M M 9.8 16 360 M M 10 1 M M
17 50 35 43 -6 22 0 T M M 10.7 18 350 M M 9 M M
18 64 30 47 -3 18 0 0.00 M M 7.6 15 10 M M 1 1 21 360
19 43 29 36 -14 29 0 0.02 M M 18.6 29 20 M M 9 1 38 20
20 44 22 33 -17 32 0 0.04 M M 9.0 17 10 M M 4 35 320
21 48 24 36 -15 29 0 0.00 M M 8.0 14 300 M M 3 18 310
22 56 31 44 -7 21 0 T M M 18.2 32 160 M M 6 44 170
23 66 33 50 -1 15 0 0.00 M M 11.2 22 10 M M 1 27 10
24 59 37 48 -4 17 0 0.00 M M 9.9 16 10 M M 3 21 10
25 78 44 61 9 4 0 0.00 M M 15.8 29 180 M M 0 36 180
26 92 51 72 20 0 7 0.00 M M 10.5 18 150 M M 0 28 160
27 66 50 58 5 7 0 T M M 16.2 24 20 M M 6 3 32 350
28 64 47 56 3 9 0 0.41 M M 12.1 21 30 M M 8 13 24 10
29 71 42 57 3 8 0 0.00 M M 11.7 21 330 M M 0 35 360
30 85 50 68 14 0 3 0.00 M M 11.6 21 200 M M 0 22 300
================================================================================
SM 1884 1086 471 13 1.62 M 393.8 M 95
================================================================================
AV 62.8 36.2 13.1 FASTST M M 3 MAX(MPH)
MISC ----> # 32 340 M M
================================================================================
NOTES:
# LAST OF SEVERAL OCCURRENCES
COLUMN 17 PEAK WIND IN M.P.H.
PRELIMINARY LOCAL CLIMATOLOGICAL DATA (WS FORM: F-6) , PAGE 2
STATION: KEARNEY
MONTH: APRIL
YEAR: 2021
LATITUDE: 40 43 N
LONGITUDE: 99 0 W
[TEMPERATURE DATA] [PRECIPITATION DATA] SYMBOLS USED IN COLUMN 16
AVERAGE MONTHLY: 49.5 TOTAL FOR MONTH: 1.62 1 = FOG OR MIST
DPTR FM NORMAL: 0.8 DPTR FM NORMAL: -0.61 2 = FOG REDUCING VISIBILITY
HIGHEST: 92 ON 26 GRTST 24HR 0.64 ON 16-16 TO 1/4 MILE OR LESS
LOWEST: 22 ON 20 3 = THUNDER
SNOW, ICE PELLETS, HAIL 4 = ICE PELLETS
TOTAL MONTH: M 5 = HAIL
GRTST 24HR M ON M 6 = FREEZING RAIN OR DRIZZLE
GRTST DEPTH: M ON M 7 = DUSTSTORM OR SANDSTORM:
VSBY 1/2 MILE OR LESS
8 = SMOKE OR HAZE
[NO. OF DAYS WITH] [WEATHER - DAYS WITH] 9 = BLOWING SNOW
X = TORNADO
MAX 32 OR BELOW: 0 0.01 INCH OR MORE: 7
MAX 90 OR ABOVE: 1 0.10 INCH OR MORE: 4
MIN 32 OR BELOW: 11 0.50 INCH OR MORE: 1
MIN 0 OR BELOW: 0 1.00 INCH OR MORE: 0
[HDD (BASE 65) ]
TOTAL THIS MO. 471 CLEAR (SCALE 0-3) 17
DPTR FM NORMAL -25 PTCLDY (SCALE 4-7) 8
TOTAL FM JUL 1 5810 CLOUDY (SCALE 8-10) 5
DPTR FM NORMAL -459
[CDD (BASE 65) ]
TOTAL THIS MO. 13
DPTR FM NORMAL 6 [PRESSURE DATA]
TOTAL FM JAN 1 13 HIGHEST SLP 30.54 ON 1
DPTR FM NORMAL 6 LOWEST SLP 29.37 ON 27
[REMARKS]
#FINAL-04-21#