000
CXUS53 KGID 042205
CF6EAR
PRELIMINARY LOCAL CLIMATOLOGICAL DATA (WS FORM: F-6)
STATION: KEARNEY
MONTH: MARCH
YEAR: 2020
LATITUDE: 40 43 N
LONGITUDE: 99 0 W
TEMPERATURE IN F: :PCPN: SNOW: WIND :SUNSHINE: SKY :PK WND
================================================================================
1 2 3 4 5 6A 6B 7 8 9 10 11 12 13 14 15 16 17 18
12Z AVG MX 2MIN
DY MAX MIN AVG DEP HDD CDD WTR SNW DPTH SPD SPD DIR MIN PSBL S-S WX SPD DR
================================================================================
1 56 31 44 12 21 0 0.00 M M 14.8 31 10 M M 0 35 360
2 48 26 37 4 28 0 M M M 10.9 24 220 M M 4 30 230
3 62 30 46 13 19 0 0.00 M M 12.7 29 260 M M 2 35 250
4 64 27 46 13 19 0 0.00 M M 15.0 33 210 M M 0 38 210
5 53 26 40 6 25 0 0.00 M M 16.8 33 340 M M 0 39 320
6 58 20 39 5 26 0 0.00 M M 13.2 28 160 M M 0 33 160
7 73 39 56 22 9 0 0.00 M M 20.3 35 200 M M 0 41 200
8 75 41 58 23 7 0 T M M 16.7 26 190 M M 1 30 170
9 41 31 36 1 29 0 M M M 14.3 29 20 M M 10 1 31 20
10 53 31 42 6 23 0 T M M 7.0 16 180 M M 7 12 18 180
11 71 32 52 16 13 0 0.00 M M 11.2 22 200 M M 4 12 28 250
12 57 32 45 9 20 0 0.03 M M 17.4 33 360 M M 2 39 350
13 40 26 33 -4 32 0 M M M 9.9 23 110 M M 9 28 110
14 33 29 31 -6 34 0 M M M 16.1 22 90 M M 10 25 90
15 35 29 32 -5 33 0 M M M 11.5 17 150 M M 10 1 20 150
16 42 32 37 -1 28 0 T M M 7.7 17 10 M M 10 1 20 10
17 41 32 37 -1 28 0 T M M 8.4 16 180 M M 10 1 18 170
18 49 41 45 7 20 0 0.01 M M 8.1 16 80 M M 10 12 18 80
19 49 25 37 -2 28 0 M M M 20.5 41 360 M M 10 123 51 360
20 31 13 22 -17 43 0 T M M 15.6 40 350 M M 2 45 360
21 50 17 34 -6 31 0 0.00 M M 13.9 25 190 M M 0 31 190
22 52 29 41 1 24 0 0.00 M M 10.4 18 170 M M 4 1 22 190
23 53 32 43 3 22 0 0.00 M M 7.8 14 170 M M 7 12 17 150
24 69 42 56 15 9 0 0.00 M M 9.7 17 210 M M 5 12 21 180
25 73 35 54 13 11 0 0.00 M M 12.8 28 10 M M 2 1 32 20
26 46 38 42 1 23 0 0.00 M M 12.9 24 40 M M 10 1 26 40
27 46 41 44 2 21 0 0.08 M M 9.4 17 40 M M 10 12 20 50
28 43 38 41 -1 24 0 0.38 M M 15.9 35 340 M M 9 123 41 340
29 62 36 49 7 16 0 0.00 M M 9.9 21 300 M M 1 24 300
30 66 31 49 6 16 0 0.01 M M 7.6 23 200 M M 3 26 210
31 70 41 56 13 9 0 T M M 12.8 22 200 M M 3 25 200
================================================================================
SM 1661 973 691 0 M M 391.2 M 155
================================================================================
AV 53.6 31.4 12.6 FASTST M M 5 MAX(MPH)
MISC ----> # 41 360 # 51 360
================================================================================
NOTES:
# LAST OF SEVERAL OCCURRENCES
COLUMN 17 PEAK WIND IN M.P.H.
PRELIMINARY LOCAL CLIMATOLOGICAL DATA (WS FORM: F-6) , PAGE 2
STATION: KEARNEY
MONTH: MARCH
YEAR: 2020
LATITUDE: 40 43 N
LONGITUDE: 99 0 W
[TEMPERATURE DATA] [PRECIPITATION DATA] SYMBOLS USED IN COLUMN 16
AVERAGE MONTHLY: 42.5 TOTAL FOR MONTH: M 1 = FOG OR MIST
DPTR FM NORMAL: 4.8 DPTR FM NORMAL: M 2 = FOG REDUCING VISIBILITY
HIGHEST: 75 ON 8 GRTST 24HR M TO 1/4 MILE OR LESS
LOWEST: 13 ON 20 3 = THUNDER
SNOW, ICE PELLETS, HAIL 4 = ICE PELLETS
TOTAL MONTH: M 5 = HAIL
GRTST 24HR M ON M 6 = FREEZING RAIN OR DRIZZLE
GRTST DEPTH: M ON M 7 = DUSTSTORM OR SANDSTORM:
VSBY 1/2 MILE OR LESS
8 = SMOKE OR HAZE
[NO. OF DAYS WITH] [WEATHER - DAYS WITH] 9 = BLOWING SNOW
X = TORNADO
MAX 32 OR BELOW: 1 0.01 INCH OR MORE: M
MAX 90 OR ABOVE: 0 0.10 INCH OR MORE: M
MIN 32 OR BELOW: 21 0.50 INCH OR MORE: 0
MIN 0 OR BELOW: 0 1.00 INCH OR MORE: 0
[HDD (BASE 65) ]
TOTAL THIS MO. 691 CLEAR (SCALE 0-3) 12
DPTR FM NORMAL -155 PTCLDY (SCALE 4-7) 8
TOTAL FM JUL 1 5295 CLOUDY (SCALE 8-10) 11
DPTR FM NORMAL -477
[CDD (BASE 65) ]
TOTAL THIS MO. 0
DPTR FM NORMAL 0 [PRESSURE DATA]
TOTAL FM JAN 1 0 HIGHEST SLP 30.71 ON 20
DPTR FM NORMAL 0 LOWEST SLP 29.47 ON 28
[REMARKS]
#FINAL-03-20#