000
CXUS53 KEAX 010836
CF6EAX
PRELIMINARY LOCAL CLIMATOLOGICAL DATA (WS FORM: F-6)
STATION: PLEASANT HILL NWS MO
MONTH: JANUARY
YEAR: 2023
LATITUDE: 38 48 N
LONGITUDE: 94 16 W
TEMPERATURE IN F: :PCPN: SNOW: WIND :SUNSHINE: SKY :PK WND
================================================================================
1 2 3 4 5 6A 6B 7 8 9 10 11 12 13 14 15 16 17 18
12Z AVG MX 2MIN
DY MAX MIN AVG DEP HDD CDD WTR SNW DPTH SPD SPD DIR MIN PSBL S-S WX SPD DR
================================================================================
1 61 38 50 20 15 0 0.00 0.0 0 M M M M M M 1 M M
2 60 40 50 20 15 0 1.56 0.0 0 M M M M M M 3 M M
3 58 34 46 16 19 0 0.00 0.0 0 M M M M M M M M
4 45 33 39 9 26 0 0.00 0.0 0 M M M M M M M M
5 43 28 36 6 29 0 0.00 0.0 0 M M M M M M M M
6 48 23 36 6 29 0 0.00 0.0 0 M M M M M M M M
7 37 29 33 3 32 0 T T 0 M M M M M M M M
8 46 27 37 7 28 0 0.00 0.0 0 M M M M M M M M
9 59 29 44 14 21 0 0.00 0.0 0 M M M M M M M M
10 55 32 44 14 21 0 0.00 0.0 0 M M M M M M M M
11 57 33 45 15 20 0 0.00 0.0 0 M M M M M M M M
12 42 26 34 4 31 0 0.05 0.6 0 M M M M M M M M
13 35 21 28 -2 37 0 0.00 0.0 0 M M M M M M M M
14 46 20 33 3 32 0 0.00 0.0 0 M M M M M M M M
15 58 35 47 17 18 0 0.00 0.0 0 M M M M M M M M
16 58 41 50 20 15 0 0.03 0.0 0 M M M M M M M M
17 49 31 40 10 25 0 0.00 0.0 0 M M M M M M M M
18 40 36 38 8 27 0 0.64 0.0 0 M M M M M M 1 M M
19 40 29 35 5 30 0 0.01 T 0 M M M M M M M M
20 46 26 36 6 29 0 0.00 0.0 0 M M M M M M M M
21 38 26 32 2 33 0 0.06 0.3 0 M M M M M M M M
22 34 28 31 1 34 0 0.01 0.1 T M M M M M M M M
23 43 24 34 4 31 0 0.00 0.0 0 M M M M M M M M
24 40 27 34 4 31 0 0.16 0.6 0 M M M M M M M M
25 36 25 31 1 34 0 0.21 1.6 2 M M M M M M M M
26 30 15 23 -7 42 0 0.00 0.0 T M M M M M M M M
27 48 26 37 7 28 0 0.00 0.0 0 M M M M M M M M
28 53 23 38 8 27 0 0.00 0.0 0 M M M M M M M M
29 23 13 18 -12 47 0 T T 0 M M M M M M 6 M M
30 19 11 15 -15 50 0 0.00 0.0 0 M M M M M M M M
31 24 7 16 -15 49 0 0.00 0.0 0 M M M M M M M M
================================================================================
SM 1371 836 905 0 2.73 3.2 M M M
================================================================================
AV 44.2 27.0 M FASTST M M M MAX(MPH)
MISC ----> M M M M
================================================================================
NOTES:
# LAST OF SEVERAL OCCURRENCES
COLUMN 17 PEAK WIND IN M.P.H.
PRELIMINARY LOCAL CLIMATOLOGICAL DATA (WS FORM: F-6) , PAGE 2
STATION: PLEASANT HILL NWS MO
MONTH: JANUARY
YEAR: 2023
LATITUDE: 38 48 N
LONGITUDE: 94 16 W
[TEMPERATURE DATA] [PRECIPITATION DATA] SYMBOLS USED IN COLUMN 16
AVERAGE MONTHLY: 35.6 TOTAL FOR MONTH: 2.73 1 = FOG OR MIST
DPTR FM NORMAL: 5.7 DPTR FM NORMAL: 1.30 2 = FOG REDUCING VISIBILITY
HIGHEST: 61 ON 1 GRTST 24HR 1.56 ON 2- 2 TO 1/4 MILE OR LESS
LOWEST: 7 ON 31 3 = THUNDER
SNOW, ICE PELLETS, HAIL 4 = ICE PELLETS
TOTAL MONTH: 3.2 INCHES 5 = HAIL
GRTST 24HR 1.6 ON 25-25 6 = FREEZING RAIN OR DRIZZLE
GRTST DEPTH: 2 ON 25 7 = DUSTSTORM OR SANDSTORM:
VSBY 1/2 MILE OR LESS
8 = SMOKE OR HAZE
[NO. OF DAYS WITH] [WEATHER - DAYS WITH] 9 = BLOWING SNOW
X = TORNADO
MAX 32 OR BELOW: 4 0.01 INCH OR MORE: 9
MAX 90 OR ABOVE: 0 0.10 INCH OR MORE: 4
MIN 32 OR BELOW: 23 0.50 INCH OR MORE: 2
MIN 0 OR BELOW: 0 1.00 INCH OR MORE: 1
[HDD (BASE 65) ]
TOTAL THIS MO. 905 CLEAR (SCALE 0-3) 0
DPTR FM NORMAL -184 PTCLDY (SCALE 4-7) 0
TOTAL FM JUL 1 2863 CLOUDY (SCALE 8-10) 31
DPTR FM NORMAL -137
[CDD (BASE 65) ]
TOTAL THIS MO. 0
DPTR FM NORMAL 0 [PRESSURE DATA]
TOTAL FM JAN 1 0 HIGHEST SLP M ON M
DPTR FM NORMAL 0 LOWEST SLP M ON M
[REMARKS]
#FINAL-01-23#