000
CXUS51 KAKQ 010833
CF6ECG
PRELIMINARY LOCAL CLIMATOLOGICAL DATA (WS FORM: F-6)
STATION: ELIZABETH CITY NC
MONTH: JULY
YEAR: 2020
LATITUDE: 36 16 N
LONGITUDE: 76 11 W
TEMPERATURE IN F: :PCPN: SNOW: WIND :SUNSHINE: SKY :PK WND
================================================================================
1 2 3 4 5 6A 6B 7 8 9 10 11 12 13 14 15 16 17 18
12Z AVG MX 2MIN
DY MAX MIN AVG DEP HDD CDD WTR SNW DPTH SPD SPD DIR MIN PSBL S-S WX SPD DR
================================================================================
1 91 71 81 3 0 16 0.81 0.0 0 6.9 24 230 M M 2 13 29 220
2 88 70 79 1 0 14 0.00 0.0 0 5.7 16 40 M M 4 18 60
3 95 72 84 6 0 19 0.00 0.0 0 6.4 13 310 M M 1 17 50
4 92 75 84 6 0 19 0.00 0.0 0 8.2 18 40 M M 0 3 20 60
5 89 70 80 2 0 15 0.00 0.0 0 5.0 13 110 M M 0 1 15 100
6 92 71 82 3 0 17 0.00 0.0 0 4.5 13 190 M M 0 12 17 200
7 90 73 82 3 0 17 0.00 0.0 0 5.7 20 100 M M 2 1 24 120
8 88 74 81 2 0 16 0.40 0.0 0 7.7 21 130 M M 2 1 26 130
9 86 77 82 3 0 17 0.80 0.0 0 12.2 23 40 M M 6 1 29 30
10 91 75 83 4 0 18 0.00 0.0 0 8.5 14 210 M M 2 18 220
11 92 76 84 5 0 19 0.00 0.0 0 8.6 16 240 M M 1 21 240
12 94 74 84 5 0 19 0.00 0.0 0 8.1 16 240 M M 0 26 210
13 90 74 82 3 0 17 0.13 0.0 0 6.8 21 40 M M 2 13 25 40
14 93 72 83 4 0 18 0.18 0.0 0 5.3 30 50 M M 1 13 39 50
15 90 72 81 2 0 16 0.00 0.0 0 6.6 13 80 M M 1 12 16 90
16 89 73 81 2 0 16 0.00 0.0 0 8.4 16 100 M M 1 20 100
17 93 72 83 4 0 18 0.00 0.0 0 5.6 12 190 M M 0 1 16 190
18 94 77 86 7 0 21 0.00 0.0 0 6.5 16 240 M M 0 22 320
19 96 76 86 7 0 21 0.00 0.0 0 8.6 16 210 M M 0 21 200
20 99 80 90 11 0 25 0.00 0.0 0 10.8 14 220 M M 0 18 200
21 99 78 89 10 0 24 0.00 0.0 0 10.9 17 220 M M 0 22 220
22 97 79 88 9 0 23 0.00 0.0 0 9.8 18 190 M M 0 31 240
23 97 76 87 8 0 22 0.10 0.0 0 9.3 28 290 M M 2 13 39 300
24 88 74 81 2 0 16 T 0.0 0 7.8 20 200 M M 1 32 200
25 92 75 84 5 0 19 0.04 0.0 0 6.0 20 340 M M 2 13 25 340
26 95 74 85 6 0 20 T 0.0 0 6.5 15 270 M M 1 20 250
27 98 78 88 9 0 23 0.00 0.0 0 10.1 17 210 M M 0 22 190
28 99 76 88 9 0 23 T 0.0 0 9.6 22 250 M M 0 30 250
29 89 75 82 3 0 17 T 0.0 0 7.7 20 210 M M 3 24 200
30 94 74 84 5 0 19 0.00 0.0 0 7.8 14 210 M M 0 19 230
31 97 78 88 9 0 23 0.17 0.0 0 10.6 20 220 M M 6 13 25 240
================================================================================
SM 2877 2311 0 587 2.63 0.0 242.2 M 40
================================================================================
AV 92.8 74.6 7.8 FASTST M M 1 MAX(MPH)
MISC ----> # 30 50 # 39 50
================================================================================
NOTES:
# LAST OF SEVERAL OCCURRENCES
COLUMN 17 PEAK WIND IN M.P.H.
PRELIMINARY LOCAL CLIMATOLOGICAL DATA (WS FORM: F-6) , PAGE 2
STATION: ELIZABETH CITY NC
MONTH: JULY
YEAR: 2020
LATITUDE: 36 16 N
LONGITUDE: 76 11 W
[TEMPERATURE DATA] [PRECIPITATION DATA] SYMBOLS USED IN COLUMN 16
AVERAGE MONTHLY: 83.7 TOTAL FOR MONTH: 2.63 1 = FOG OR MIST
DPTR FM NORMAL: 4.9 DPTR FM NORMAL: -3.03 2 = FOG REDUCING VISIBILITY
HIGHEST: 99 ON 28,21 GRTST 24HR 0.81 ON 1- 1 TO 1/4 MILE OR LESS
LOWEST: 70 ON 5, 2 3 = THUNDER
SNOW, ICE PELLETS, HAIL 4 = ICE PELLETS
TOTAL MONTH: 0.0 INCH 5 = HAIL
GRTST 24HR 0.0 6 = FREEZING RAIN OR DRIZZLE
GRTST DEPTH: 0 7 = DUSTSTORM OR SANDSTORM:
VSBY 1/2 MILE OR LESS
8 = SMOKE OR HAZE
[NO. OF DAYS WITH] [WEATHER - DAYS WITH] 9 = BLOWING SNOW
X = TORNADO
MAX 32 OR BELOW: 0 0.01 INCH OR MORE: 8
MAX 90 OR ABOVE: 24 0.10 INCH OR MORE: 7
MIN 32 OR BELOW: 0 0.50 INCH OR MORE: 2
MIN 0 OR BELOW: 0 1.00 INCH OR MORE: 0
[HDD (BASE 65) ]
TOTAL THIS MO. 0 CLEAR (SCALE 0-3) 28
DPTR FM NORMAL 0 PTCLDY (SCALE 4-7) 3
TOTAL FM JUL 1 0 CLOUDY (SCALE 8-10) 0
DPTR FM NORMAL 0
[CDD (BASE 65) ]
TOTAL THIS MO. 587
DPTR FM NORMAL 161 [PRESSURE DATA]
TOTAL FM JAN 1 1154 HIGHEST SLP 30.23 ON 16
DPTR FM NORMAL 250 LOWEST SLP 29.74 ON 31
[REMARKS]
#FINAL-07-20#