000
CXUS52 KAKQ 011001
CLMECG
CLIMATE REPORT
NATIONAL WEATHER SERVICE WAKEFIELD VA
601 AM EDT MON MAY 01 2023
...................................
...THE ELIZABETH CITY NC CLIMATE SUMMARY FOR THE MONTH OF APRIL 2023...
CLIMATE NORMAL PERIOD: 1991 TO 2020
CLIMATE RECORD PERIOD: 1934 TO 2023
WEATHER OBSERVED NORMAL DEPART LAST YEAR`S
VALUE DATE(S) VALUE FROM VALUE DATE(S)
NORMAL
................................................................
TEMPERATURE (F)
RECORD
HIGH 95 04/23/1985
04/22/1985
LOW 26 04/10/1985
04/03/1985
HIGHEST 87 04/20 86 1 87 04/26
LOWEST 31 04/11 34 -3 34 04/20
AVG. MAXIMUM 72.8 70.8 2.0 71.4
AVG. MINIMUM 52.7 49.4 3.3 48.4
MEAN 62.7 60.1 2.6 59.9
DAYS MAX >= 90 0 0.0 0.0 0
DAYS MAX <= 32 0 0.0 0.0 0
DAYS MIN <= 32 1 0.6 0.4 0
DAYS MIN <= 0 0 0.0 0.0 0
PRECIPITATION (INCHES)
RECORD
MAXIMUM 7.28 1934
MINIMUM 0.33 1942
TOTALS 3.88 3.16 0.72 2.96
DAILY AVG. 0.13 0.11 0.02 0.10
DAYS >= .01 10 9.3 0.7 8
DAYS >= .10 7 6.1 0.9 5
DAYS >= .50 3 2.3 0.7 3
DAYS >= 1.00 1 1.1 -0.1 0
GREATEST
24 HR. TOTAL 1.48 04/28 TO 04/28
SNOWFALL (INCHES)
RECORDS
TOTAL T 2007
TOTALS 0.0
SINCE 7/1 0.0 MM MM MM
SNOWDEPTH AVG. 0 0
DAYS >= 1.0 0 MM MM 0
GREATEST
SNOW DEPTH 0 0 MM
24 HR TOTAL MM MM 0.0
DEGREE DAYS
HEATING TOTAL 124 194 -70 195
SINCE 7/1 2470 3000 -530 MM
COOLING TOTAL 65 47 18 50
SINCE 1/1 91 59 32 MM
................................................................
WIND (MPH)
AVERAGE WIND SPEED 10.3
HIGHEST WIND SPEED/DIRECTION 37/200 DATE 04/30
HIGHEST GUST SPEED/DIRECTION 48/220 DATE 04/01
SKY COVER
POSSIBLE SUNSHINE (PERCENT) MM
AVERAGE SKY COVER 0.31
AVERAGE RH (PERCENT) 68
WEATHER CONDITIONS. NUMBER OF DAYS WITH
THUNDERSTORM 2 MIXED PRECIP 0
HEAVY RAIN 4 RAIN 6
LIGHT RAIN 13 FREEZING RAIN 0
LT FREEZING RAIN 0 HAIL 0
HEAVY SNOW 0 SNOW 0
LIGHT SNOW 0 SLEET 0
FOG 14 FOG W/VIS <= 1/4 MILE 2
HAZE 1
- INDICATES NEGATIVE NUMBERS.
R INDICATES RECORD WAS SET OR TIED.
MM INDICATES DATA IS MISSING.
T INDICATES TRACE AMOUNT.
$$