000
CXUS52 KAKQ 011155
CLMECG
CLIMATE REPORT
NATIONAL WEATHER SERVICE WAKEFIELD VA
655 AM EST MON JAN 01 2024
...................................
...THE ELIZABETH CITY NC CLIMATE SUMMARY FOR THE MONTH OF DECEMBER 2023...
CLIMATE NORMAL PERIOD: 1991 TO 2020
CLIMATE RECORD PERIOD: 1934 TO 2023
WEATHER OBSERVED NORMAL DEPART LAST YEAR`S
VALUE DATE(S) VALUE FROM VALUE DATE(S)
NORMAL
................................................................
TEMPERATURE (F)
RECORD
HIGH 81 12/03/1991
12/09/1978
LOW 5 12/25/1989
HIGHEST 73 12/03 74 -1 70 12/07
LOWEST 26 12/15 22 4 14 12/24
AVG. MAXIMUM 59.0 55.6 3.4 54.6
AVG. MINIMUM 36.9 36.5 0.4 34.4
MEAN 47.9 46.0 1.9 44.5
DAYS MAX >= 90 0 0.0 0.0 0
DAYS MAX <= 32 0 0.1 -0.1 1
DAYS MIN <= 32 16 11.7 4.3 15
DAYS MIN <= 0 0 0.0 0.0 0
PRECIPITATION (INCHES)
RECORD
MAXIMUM 8.25 2003
MINIMUM 0.35 1965
TOTALS 5.76 3.11 2.65 2.88
DAILY AVG. 0.19 0.10 0.09 0.09
DAYS >= .01 11 9.9 1.1 4
DAYS >= .10 6 6.0 0.0 4
DAYS >= .50 4 2.1 1.9 2
DAYS >= 1.00 2 0.9 1.1 1
GREATEST
24 HR. TOTAL 2.70 12/17 TO 12/18
SNOWFALL (INCHES)
RECORDS
TOTAL 14.5 1935
TOTALS 0.0
SINCE 7/1 0.0 MM MM MM
SNOWDEPTH AVG. 0 0
DAYS >= 1.0 0 MM MM 0
GREATEST
SNOW DEPTH 0 0 MM
24 HR TOTAL MM MM 0.0
DEGREE DAYS
HEATING TOTAL 522 590 -68 629
SINCE 7/1 1019 1105 -86 MM
COOLING TOTAL 2 3 -1 0
SINCE 1/1 1707 1757 -50 MM
................................................................
WIND (MPH)
AVERAGE WIND SPEED 7.0
HIGHEST WIND SPEED/DIRECTION 36/350 DATE 12/11
HIGHEST GUST SPEED/DIRECTION 51/130 DATE 12/17
SKY COVER
POSSIBLE SUNSHINE (PERCENT) MM
AVERAGE SKY COVER 0.29
AVERAGE RH (PERCENT) 73
WEATHER CONDITIONS. NUMBER OF DAYS WITH
THUNDERSTORM 0 MIXED PRECIP 0
HEAVY RAIN 4 RAIN 5
LIGHT RAIN 13 FREEZING RAIN 0
LT FREEZING RAIN 0 HAIL 0
HEAVY SNOW 0 SNOW 0
LIGHT SNOW 0 SLEET 0
FOG 15 FOG W/VIS <= 1/4 MILE 5
HAZE 0
- INDICATES NEGATIVE NUMBERS.
R INDICATES RECORD WAS SET OR TIED.
MM INDICATES DATA IS MISSING.
T INDICATES TRACE AMOUNT.
$$