000
CXUS52 KTAE 010800
CF6ECP
PRELIMINARY LOCAL CLIMATOLOGICAL DATA (WS FORM: F-6)
STATION: PANAMA CITY NW
MONTH: APRIL
YEAR: 2021
LATITUDE: 30 21 N
LONGITUDE: 85 48 W
TEMPERATURE IN F: :PCPN: SNOW: WIND :SUNSHINE: SKY :PK WND
================================================================================
1 2 3 4 5 6A 6B 7 8 9 10 11 12 13 14 15 16 17 18
12Z AVG MX 2MIN
DY MAX MIN AVG DEP HDD CDD WTR SNW DPTH SPD SPD DIR MIN PSBL S-S WX SPD DR
================================================================================
1 63 45 54 M 11 0 T 0.0 0 16.4 28 320 M M 1 38 340
2 63 38 51 M 14 0 0.00 0.0 0 7.6 17 10 M M 0 24 360
3 67 36 52 M 13 0 0.00 0.0 0 5.1 15 100 M M 0 19 110
4 72 40 56 M 9 0 0.00 0.0 M 4.2 15 210 M M 0 19 190
5 74 43 59 M 6 0 0.00 0.0 M 4.2 17 180 M M 0 21 190
6 75 46 61 M 4 0 M M M 4.2 16 180 M M 1 1 20 160
7 77 51 64 M 1 0 0.00 M M 5.8 16 150 M M 4 12 20 180
8 76 58 67 M 0 2 0.13 0.0 M 9.0 28 150 M M 5 13 39 150
9 70 63 67 M 0 2 1.10 M M 7.8 24 130 M M 7 13 31 130
10 70 57 64 M 1 0 1.21 0.0 M 9.1 48 280 M M 4 123 62 290
11 75 60 68 M 0 3 0.10 0.0 0 6.0 13 190 M M 7 123 18 190
12 85 51 68 M 0 3 0.00 0.0 0 4.2 15 200 M M 0 20 30
13 86 50 68 M 0 3 0.00 0.0 0 5.1 15 190 M M 0 19 190
14 80 57 69 M 0 4 0.04 0.0 0 6.5 18 140 M M 3 22 140
15 71 62 67 M 0 2 0.79 0.0 0 5.7 26 130 M M 7 138 34 130
16 68 56 62 M 3 0 0.61 0.0 0 4.9 13 40 M M 8 138 17 40
17 69 59 64 M 1 0 0.92 0.0 0 5.1 14 300 M M 10 13 16 290
18 73 61 67 M 0 2 0.37 M M 3.5 12 320 M M 7 1 14 320
19 76 56 66 M 0 1 T M M 5.6 15 290 M M 1 21 320
20 78 58 68 M 0 3 T 0.0 M 5.1 15 160 M M 4 17 160
21 77 53 65 M 0 0 0.00 0.0 M 8.6 18 310 M M 0 8 24 310
22 70 47 59 M 6 0 0.00 0.0 0 8.3 21 30 M M 0 8 27 30
23 73 48 61 M 4 0 0.00 0.0 0 7.0 15 90 M M 3 20 90
24 79 66 73 M 0 8 0.04 0.0 0 18.1 31 190 M M 9 13 42 190
25 80 57 69 M 0 4 0.00 0.0 0 8.5 18 310 M M 0 26 300
26 80 53 67 M 0 2 0.00 0.0 0 5.8 16 180 M M 0 19 190
27 80 59 70 M 0 5 0.00 M 0 8.1 23 150 M M 1 29 150
28 81 62 72 M 0 7 0.00 0.0 0 6.9 21 140 M M 1 26 140
29 81 62 72 M 0 7 0.00 0.0 0 6.6 17 180 M M 6 12 20 160
30 85 67 76 M 0 11 0.12 0.0 M 6.0 15 310 M M 8 12 18 270
================================================================================
SM 2254 1621 73 69 5.43 0.0 209.0 M 97
================================================================================
AV 75.1 54.0 7.0 FASTST M M 3 MAX(MPH)
MISC ----> 48 280 62 290
================================================================================
NOTES:
# LAST OF SEVERAL OCCURRENCES
COLUMN 17 PEAK WIND IN M.P.H.
PRELIMINARY LOCAL CLIMATOLOGICAL DATA (WS FORM: F-6) , PAGE 2
STATION: PANAMA CITY NW
MONTH: APRIL
YEAR: 2021
LATITUDE: 30 21 N
LONGITUDE: 85 48 W
[TEMPERATURE DATA] [PRECIPITATION DATA] SYMBOLS USED IN COLUMN 16
AVERAGE MONTHLY: 64.6 TOTAL FOR MONTH: 5.43 1 = FOG OR MIST
DPTR FM NORMAL: 0.0 DPTR FM NORMAL: M 2 = FOG REDUCING VISIBILITY
HIGHEST: 86 ON 13 GRTST 24HR 1.70 ON 9-10 TO 1/4 MILE OR LESS
LOWEST: 36 ON 3 3 = THUNDER
SNOW, ICE PELLETS, HAIL 4 = ICE PELLETS
TOTAL MONTH: 0.0 INCH 5 = HAIL
GRTST 24HR 0.0 6 = FREEZING RAIN OR DRIZZLE
GRTST DEPTH: 0 7 = DUSTSTORM OR SANDSTORM:
VSBY 1/2 MILE OR LESS
8 = SMOKE OR HAZE
[NO. OF DAYS WITH] [WEATHER - DAYS WITH] 9 = BLOWING SNOW
X = TORNADO
MAX 32 OR BELOW: 0 0.01 INCH OR MORE: 11
MAX 90 OR ABOVE: 0 0.10 INCH OR MORE: 9
MIN 32 OR BELOW: 0 0.50 INCH OR MORE: 5
MIN 0 OR BELOW: 0 1.00 INCH OR MORE: 2
[HDD (BASE 65) ]
TOTAL THIS MO. 73 CLEAR (SCALE 0-3) 17
DPTR FM NORMAL M PTCLDY (SCALE 4-7) 10
TOTAL FM JUL 1 1350 CLOUDY (SCALE 8-10) 3
DPTR FM NORMAL M
[CDD (BASE 65) ]
TOTAL THIS MO. 69
DPTR FM NORMAL M [PRESSURE DATA]
TOTAL FM JAN 1 156 HIGHEST SLP M ON M
DPTR FM NORMAL M LOWEST SLP 29.69 ON 11
[REMARKS]
#FINAL-04-21#