000
CXUS56 KLKN 011310
CF6EKO
PRELIMINARY LOCAL CLIMATOLOGICAL DATA (WS FORM: F-6)
STATION: ELKO AIRPORT NV
MONTH: FEBRUARY
YEAR: 2023
LATITUDE: 40 49 N
LONGITUDE: 115 47 W
TEMPERATURE IN F: :PCPN: SNOW: WIND :SUNSHINE: SKY :PK WND
================================================================================
1 2 3 4 5 6A 6B 7 8 9 10 11 12 13 14 15 16 17 18
12Z AVG MX 2MIN
DY MAX MIN AVG DEP HDD CDD WTR SNW DPTH SPD SPD DIR MIN PSBL S-S WX SPD DR
================================================================================
1 21 -4 9 -20 56 0 0.00 0.0 8 4.8 9 60 M M 0 11 40
2 27 -1 13 -16 52 0 0.00 0.0 7 5.8 12 50 M M 0 14 50
3 32 10 21 -8 44 0 0.00 0.0 7 5.9 13 50 M M 3 16 80
4 31 8 20 -9 45 0 0.00 0.0 7 6.7 13 80 M M 1 18 16 70
5 41 21 31 2 34 0 0.02 0.2 6 8.5 24 260 M M 7 18 29 250
6 35 17 26 -3 39 0 T T 6 6.9 18 310 M M 6 26 300
7 36 10 23 -7 42 0 0.00 0.0 5 4.5 8 100 M M 2 11 80
8 40 9 25 -5 40 0 0.00 0.0 5 4.7 14 260 M M 1 19 260
9 31 9 20 -10 45 0 0.00 0.0 5 5.8 13 30 M M 0 16 30
10 31 4 18 -12 47 0 0.00 0.0 5 7.7 15 40 M M 0 19 40
11 45 16 31 1 34 0 0.00 0.0 5 4.6 15 40 M M 2 18 40
12 40 15 28 -3 37 0 0.00 0.0 5 4.8 9 80 M M 0 12 90
13 41 5 23 -8 42 0 T T 5 5.0 33 330 M M 2 8 47 330
14 25 18 22 -9 43 0 0.03 0.3 5 7.6 22 340 M M 10 30 340
15 29 9 19 -13 46 0 0.00 0.0 5 7.8 24 350 M M 2 33 350
16 25 1 13 -19 52 0 0.00 0.0 5 6.3 12 40 M M 0 16 50
17 29 0 15 -17 50 0 0.00 0.0 5 5.7 10 50 M M 0 14 50
18 29 -3 13 -19 52 0 0.00 0.0 5 4.3 10 80 M M 3 12 70
19 42 11 27 -6 38 0 0.00 0.0 5 4.3 14 250 M M 1 18 230
20 46 23 35 2 30 0 0.00 0.0 5 4.3 15 250 M M 2 20 240
21 43 20 32 -1 33 0 0.09 0.2 4 8.2 30 330 M M 8 128 41 330
22 27 12 20 -14 45 0 0.13 1.8 3 7.2 24 260 M M 7 12 35 250
23 30 9 20 -14 45 0 0.01 T 5 7.8 28 240 M M 7 36 220
24 32 5 19 -15 46 0 0.00 0.0 4 9.1 17 40 M M 5 21 30
25 42 17 30 -5 35 0 0.00 0.0 4 7.8 20 40 M M 2 25 30
26 37 24 31 -4 34 0 0.20 1.7 3 6.8 22 240 M M 8 1 29 240
27 38 26 32 -3 33 0 0.36 5.9 6 12.9 35 260 M M 9 128 47 240
28 32 18 25 -11 40 0 0.11 1.4 9 11.3 23 180 M M 9 18 33 170
================================================================================
SM 957 309 1179 0 0.95 11.5 187.1 M 97
================================================================================
AV 34.2 11.0 6.7 FASTST M M 3 MAX(MPH)
MISC ----> 35 260 # 47 330
================================================================================
NOTES:
# LAST OF SEVERAL OCCURRENCES
COLUMN 17 PEAK WIND IN M.P.H.
PRELIMINARY LOCAL CLIMATOLOGICAL DATA (WS FORM: F-6) , PAGE 2
STATION: ELKO AIRPORT NV
MONTH: FEBRUARY
YEAR: 2023
LATITUDE: 40 49 N
LONGITUDE: 115 47 W
[TEMPERATURE DATA] [PRECIPITATION DATA] SYMBOLS USED IN COLUMN 16
AVERAGE MONTHLY: 22.6 TOTAL FOR MONTH: 0.95 1 = FOG OR MIST
DPTR FM NORMAL: -9.0 DPTR FM NORMAL: 0.06 2 = FOG REDUCING VISIBILITY
HIGHEST: 46 ON 20 GRTST 24HR 0.37 ON 26-27 TO 1/4 MILE OR LESS
LOWEST: -4 ON 1 3 = THUNDER
SNOW, ICE PELLETS, HAIL 4 = ICE PELLETS
TOTAL MONTH: 11.5 INCHES 5 = HAIL
GRTST 24HR 5.9 ON 27-27 6 = FREEZING RAIN OR DRIZZLE
GRTST DEPTH: 9 ON 28 7 = DUSTSTORM OR SANDSTORM:
VSBY 1/2 MILE OR LESS
8 = SMOKE OR HAZE
[NO. OF DAYS WITH] [WEATHER - DAYS WITH] 9 = BLOWING SNOW
X = TORNADO
MAX 32 OR BELOW: 15 0.01 INCH OR MORE: 8
MAX 90 OR ABOVE: 0 0.10 INCH OR MORE: 4
MIN 32 OR BELOW: 28 0.50 INCH OR MORE: 0
MIN 0 OR BELOW: 4 1.00 INCH OR MORE: 0
[HDD (BASE 65) ]
TOTAL THIS MO. 1179 CLEAR (SCALE 0-3) 17
DPTR FM NORMAL 245 PTCLDY (SCALE 4-7) 6
TOTAL FM JUL 1 5444 CLOUDY (SCALE 8-10) 5
DPTR FM NORMAL 517
[CDD (BASE 65) ]
TOTAL THIS MO. 0
DPTR FM NORMAL 0 [PRESSURE DATA]
TOTAL FM JAN 1 0 HIGHEST SLP 30.72 ON 2
DPTR FM NORMAL 0 LOWEST SLP 29.33 ON 22
[REMARKS]
#FINAL-02-23#