000
CXUS56 KLKN 020443
CF6EKO
PRELIMINARY LOCAL CLIMATOLOGICAL DATA (WS FORM: F-6)
STATION: ELKO AIRPORT NV
MONTH: DECEMBER
YEAR: 2022
LATITUDE: 40 49 N
LONGITUDE: 115 47 W
TEMPERATURE IN F: :PCPN: SNOW: WIND :SUNSHINE: SKY :PK WND
================================================================================
1 2 3 4 5 6A 6B 7 8 9 10 11 12 13 14 15 16 17 18
12Z AVG MX 2MIN
DY MAX MIN AVG DEP HDD CDD WTR SNW DPTH SPD SPD DIR MIN PSBL S-S WX SPD DR
================================================================================
1 44 26 35 5 30 0 0.23 3.2 1 12.2 24 180 M M 8 18 38 180
2 29 7 18 -12 47 0 T T 4 5.2 14 210 M M 3 1 19 210
3 31 7 19 -10 46 0 T 0.0 4 4.6 12 60 M M 2 16 70
4 48 22 35 6 30 0 0.15 T 4 8.2 23 290 M M 9 13 35 250
5 38 22 30 1 35 0 T T T 3.3 10 60 M M 2 12 80
6 26 20 23 -5 42 0 T T T 3.1 9 70 M M 10 12 11 70
7 22 16 19 -9 46 0 T T T 2.8 8 230 M M 10 18 9 20
8 24 13 19 -9 46 0 T T T 5.8 10 70 M M 10 18 13 60
9 34 19 27 -1 38 0 0.04 0.5 T 5.8 15 220 M M 9 1 20 220
10 45 24 35 8 30 0 0.00 0.0 T 14.2 30 170 M M 9 42 180
11 41 27 34 7 31 0 0.49 5.5 T 9.4 28 170 M M 10 12 41 170
12 28 19 24 -3 41 0 0.14 2.3 6 7.2 18 240 M M 10 1 23 240
13 30 17 24 -3 41 0 0.05 0.5 6 4.4 12 240 M M 10 1 17 260
14 28 15 22 -4 43 0 0.13 2.1 8 6.9 13 210 M M 7 1 16 220
15 27 4 16 -10 49 0 0.00 0.0 8 5.9 14 240 M M 5 1 20 240
16 20 -4 8 -18 57 0 T T 6 4.6 10 70 M M 6 18 12 80
17 9 -5 2 -24 63 0 T T 6 4.1 10 60 M M 8 18 13 70
18 6 -13 -3 -29 68 0 0.00 0.0 6 2.8 9 80 M M 3 18 12 90
19 14 -9 3 -23 62 0 0.00 0.0 6 3.3 10 60 M M 2 12 80
20 32 5 19 -7 46 0 T 0.0 6 3.9 10 260 M M 8 11 260
21 41 31 36 10 29 0 T T 6 10.1 22 260 M M 7 28 260
22 37 22 30 4 35 0 0.02 0.2 4 3.0 15 190 M M 5 1 22 220
23 38 29 34 8 31 0 0.12 1.1 6 2.8 9 290 M M 10 1 11 290
24 44 20 32 6 33 0 0.00 0.0 5 1.2 7 120 M M 4 12 8 130
25 47 24 36 10 29 0 0.00 0.0 5 2.5 9 80 M M 6 10 80
26 38 25 32 7 33 0 0.00 0.0 4 3.9 10 60 M M M 13 80
27 44 30 37 11 28 0 0.39 2.0 4 10.7 33 290 M M 9 1 46 280
28 36 22 29 3 36 0 0.02 0.3 2 6.6 18 230 M M 8 12 25 220
29 28 17 23 -3 42 0 0.03 0.2 2 3.1 10 50 M M 7 1 13 60
30 40 27 34 8 31 0 1.26 2.4 3 7.1 12 230 M M 10 1 18 210
31 39 32 36 10 29 0 0.34 1.4 3 5.5 17 40 M M 10 1 22 50
================================================================================
SM 1008 511 1247 0 3.41 21.7 174.2 M 217
================================================================================
AV 32.5 16.5 5.6 FASTST M M 7 MAX(MPH)
MISC ----> 33 290 46 280
================================================================================
NOTES:
# LAST OF SEVERAL OCCURRENCES
COLUMN 17 PEAK WIND IN M.P.H.
PRELIMINARY LOCAL CLIMATOLOGICAL DATA (WS FORM: F-6) , PAGE 2
STATION: ELKO AIRPORT NV
MONTH: DECEMBER
YEAR: 2022
LATITUDE: 40 49 N
LONGITUDE: 115 47 W
[TEMPERATURE DATA] [PRECIPITATION DATA] SYMBOLS USED IN COLUMN 16
AVERAGE MONTHLY: 24.5 TOTAL FOR MONTH: 3.41 1 = FOG OR MIST
DPTR FM NORMAL: -2.2 DPTR FM NORMAL: 2.21 2 = FOG REDUCING VISIBILITY
HIGHEST: 48 ON 4 GRTST 24HR 1.26 ON 30-30 TO 1/4 MILE OR LESS
LOWEST: -13 ON 18 3 = THUNDER
SNOW, ICE PELLETS, HAIL 4 = ICE PELLETS
TOTAL MONTH: 21.7 INCHES 5 = HAIL
GRTST 24HR 5.5 ON 11-11 6 = FREEZING RAIN OR DRIZZLE
GRTST DEPTH: 8 ON 15,14 7 = DUSTSTORM OR SANDSTORM:
VSBY 1/2 MILE OR LESS
8 = SMOKE OR HAZE
[NO. OF DAYS WITH] [WEATHER - DAYS WITH] 9 = BLOWING SNOW
X = TORNADO
MAX 32 OR BELOW: 15 0.01 INCH OR MORE: 14
MAX 90 OR ABOVE: 0 0.10 INCH OR MORE: 9
MIN 32 OR BELOW: 31 0.50 INCH OR MORE: 1
MIN 0 OR BELOW: 4 1.00 INCH OR MORE: 1
[HDD (BASE 65) ]
TOTAL THIS MO. 1247 CLEAR (SCALE 0-3) 4
DPTR FM NORMAL 60 PTCLDY (SCALE 4-7) 10
TOTAL FM JUL 1 2998 CLOUDY (SCALE 8-10) 17
DPTR FM NORMAL 182
[CDD (BASE 65) ]
TOTAL THIS MO. 0
DPTR FM NORMAL 0 [PRESSURE DATA]
TOTAL FM JAN 1 740 HIGHEST SLP 30.64 ON 19
DPTR FM NORMAL 247 LOWEST SLP 29.52 ON 11
[REMARKS]
#FINAL-12-22#