000
CXUS56 KLKN 110840
CF6EKO
PRELIMINARY LOCAL CLIMATOLOGICAL DATA (WS FORM: F-6)
STATION: ELKO AIRPORT NV
MONTH: OCTOBER
YEAR: 2022
LATITUDE: 40 49 N
LONGITUDE: 115 47 W
TEMPERATURE IN F: :PCPN: SNOW: WIND :SUNSHINE: SKY :PK WND
================================================================================
1 2 3 4 5 6A 6B 7 8 9 10 11 12 13 14 15 16 17 18
12Z AVG MX 2MIN
DY MAX MIN AVG DEP HDD CDD WTR SNW DPTH SPD SPD DIR MIN PSBL S-S WX SPD DR
================================================================================
1 70 34 52 -2 13 0 0.00 0.0 0 2.4 9 20 M M 1 16 240
2 74 33 54 1 11 0 0.00 0.0 0 3.2 15 260 M M 0 21 220
3 77 33 55 2 10 0 0.00 0.0 0 2.4 14 310 M M 0 20 290
4 77 38 58 6 7 0 0.00 0.0 0 3.0 12 20 M M 0 18 30
5 80 36 58 6 7 0 0.00 0.0 0 2.2 13 60 M M 0 8 17 50
6 80 35 58 6 7 0 0.00 0.0 0 2.6 10 40 M M 0 13 40
7 81 35 58 7 7 0 0.00 0.0 0 2.3 9 110 M M 0 13 240
8 81 34 58 7 7 0 0.00 0.0 0 3.4 17 290 M M 0 22 280
9 80 40 60 10 5 0 0.00 0.0 0 2.2 12 270 M M 0 21 270
10 78 35 57 7 8 0 0.00 0.0 0 3.8 20 250 M M 0 27 270
11 76 33 55 6 10 0 0.00 0.0 0 3.0 15 10 M M 0 26 290
12 79 31 55 6 10 0 0.00 0.0 0 2.3 8 70 M M 0 12 270
13 81 33 57 9 8 0 0.00 0.0 0 3.3 10 40 M M 0 13 30
14 79 31 55 7 10 0 0.00 0.0 0 1.9 9 50 M M 0 12 50
15 77 27 52 4 13 0 0.00 0.0 0 4.7 16 40 M M 0 20 50
16 76 32 54 7 11 0 0.00 0.0 0 4.2 16 50 M M 0 22 50
17 76 32 54 7 11 0 0.00 0.0 0 3.0 8 50 M M 0 11 50
18 78 27 53 7 12 0 0.00 0.0 0 1.8 10 60 M M 0 11 60
19 78 28 53 7 12 0 0.00 0.0 0 2.1 8 70 M M 0 12 30
20 76 24 50 4 15 0 0.00 0.0 0 3.4 15 260 M M 0 19 220
21 76 27 52 7 13 0 0.00 0.0 0 8.7 28 260 M M 1 34 260
22 62 32 47 2 18 0 0.28 0.3 0 9.5 33 260 M M 9 1 47 260
23 44 23 34 -11 31 0 0.00 0.0 0 9.8 23 330 M M 5 32 290
24 48 19 34 -10 31 0 0.00 0.0 0 6.3 18 240 M M 3 29 240
25 51 29 40 -4 25 0 0.01 0.0 0 4.7 10 250 M M 6 18 200
26 48 19 34 -10 31 0 0.00 0.0 0 8.0 31 300 M M M 42 300
27 50 15 33 -10 32 0 0.00 0.0 0 1.9 9 70 M M M 11 70
28 59 21 40 -3 25 0 0.00 0.0 0 3.1 10 60 M M M 10 220
29 61 24 43 1 22 0 0.00 0.0 0 M M M M M M M M
30 61 21 41 -1 24 0 0.00 0.0 0 M 9 210 M M M 13 200
31 63 26 45 3 20 0 0.00 0.0 0 3.0 8 70 M M M 11 30
================================================================================
SM 2177 907 466 0 0.29 0.3 112.2 M 25
================================================================================
AV 70.2 29.3 3.9 FASTST M M 1 MAX(MPH)
MISC ----> 33 260 47 260
================================================================================
NOTES:
# LAST OF SEVERAL OCCURRENCES
COLUMN 17 PEAK WIND IN M.P.H.
PRELIMINARY LOCAL CLIMATOLOGICAL DATA (WS FORM: F-6) , PAGE 2
STATION: ELKO AIRPORT NV
MONTH: OCTOBER
YEAR: 2022
LATITUDE: 40 49 N
LONGITUDE: 115 47 W
[TEMPERATURE DATA] [PRECIPITATION DATA] SYMBOLS USED IN COLUMN 16
AVERAGE MONTHLY: 49.7 TOTAL FOR MONTH: 0.29 1 = FOG OR MIST
DPTR FM NORMAL: 2.3 DPTR FM NORMAL: -0.45 2 = FOG REDUCING VISIBILITY
HIGHEST: 81 ON 13, 8 GRTST 24HR 0.32 ON 21-22 TO 1/4 MILE OR LESS
LOWEST: 15 ON 27 3 = THUNDER
SNOW, ICE PELLETS, HAIL 4 = ICE PELLETS
TOTAL MONTH: 0.3 INCH 5 = HAIL
GRTST 24HR 0.3 ON 22-22 6 = FREEZING RAIN OR DRIZZLE
GRTST DEPTH: 0 7 = DUSTSTORM OR SANDSTORM:
VSBY 1/2 MILE OR LESS
8 = SMOKE OR HAZE
[NO. OF DAYS WITH] [WEATHER - DAYS WITH] 9 = BLOWING SNOW
X = TORNADO
MAX 32 OR BELOW: 0 0.01 INCH OR MORE: 2
MAX 90 OR ABOVE: 0 0.10 INCH OR MORE: 1
MIN 32 OR BELOW: 19 0.50 INCH OR MORE: 0
MIN 0 OR BELOW: 0 1.00 INCH OR MORE: 0
[HDD (BASE 65) ]
TOTAL THIS MO. 466 CLEAR (SCALE 0-3) 22
DPTR FM NORMAL -78 PTCLDY (SCALE 4-7) 2
TOTAL FM JUL 1 568 CLOUDY (SCALE 8-10) 7
DPTR FM NORMAL -186
[CDD (BASE 65) ]
TOTAL THIS MO. 0
DPTR FM NORMAL 0 [PRESSURE DATA]
TOTAL FM JAN 1 740 HIGHEST SLP M ON M
DPTR FM NORMAL 247 LOWEST SLP 29.39 ON 22
[REMARKS]
#FINAL-10-22#