000
CXUS56 KLKN 151816
CF6EKO
PRELIMINARY LOCAL CLIMATOLOGICAL DATA (WS FORM: F-6)
STATION: ELKO AIRPORT NV
MONTH: MAY
YEAR: 2022
LATITUDE: 40 49 N
LONGITUDE: 115 47 W
TEMPERATURE IN F: :PCPN: SNOW: WIND :SUNSHINE: SKY :PK WND
================================================================================
1 2 3 4 5 6A 6B 7 8 9 10 11 12 13 14 15 16 17 18
12Z AVG MX 2MIN
DY MAX MIN AVG DEP HDD CDD WTR SNW DPTH SPD SPD DIR MIN PSBL S-S WX SPD DR
================================================================================
1 58 34 46 -4 19 0 0.22 0.0 0 7.9 21 320 M M 7 1 29 320
2 69 30 50 0 15 0 0.00 0.0 0 12.0 44 280 M M 3 61 300
3 49 26 38 -12 27 0 0.01 T 0 10.1 24 260 M M 7 30 260
4 70 25 48 -2 17 0 0.00 0.0 0 4.2 14 190 M M 0 12 19 220
5 76 31 54 3 11 0 0.00 0.0 0 9.7 26 230 M M 3 8 37 230
6 76 42 59 8 6 0 0.00 0.0 0 15.7 33 250 M M 5 8 45 250
7 63 34 49 -3 16 0 0.00 0.0 0 13.7 31 290 M M 3 8 40 270
8 51 26 39 -13 26 0 0.10 0.2 T 11.3 36 280 M M 7 12 47 280
9 46 23 35 -17 30 0 0.05 0.7 0 7.7 20 280 M M 6 1 27 250
10 48 32 40 -12 25 0 0.12 0.1 T 7.7 22 30 M M 8 1 28 40
11 53 30 42 -11 23 0 T T 0 8.2 23 260 M M 6 3 32 280
12 59 23 41 -12 24 0 0.00 0.0 0 6.7 20 260 M M 1 27 250
13 69 30 50 -4 15 0 0.00 0.0 0 7.8 21 250 M M 1 30 250
14 77 33 55 1 10 0 0.00 0.0 0 7.5 24 250 M M 0 40 250
15 87 35 61 7 4 0 T 0.0 0 6.1 22 300 M M 1 3 34 250
16 81 48 65 11 0 0 0.00 0.0 0 7.0 22 270 M M 0 31 260
17 80 48 64 9 1 0 0.00 0.0 0 6.6 16 280 M M 1 23 340
18 81 38 60 5 5 0 0.00 0.0 0 7.3 24 280 M M 0 34 270
19 71 39 55 0 10 0 0.00 0.0 0 19.4 41 270 M M 2 57 260
20 60 27 44 -12 21 0 0.00 0.0 0 8.0 22 50 M M 4 30 50
21 65 26 46 -10 19 0 0.00 0.0 0 3.9 16 310 M M 1 25 260
22 69 31 50 -6 15 0 0.00 0.0 0 6.7 24 280 M M 4 34 280
23 71 37 54 -2 11 0 0.00 0.0 0 5.4 18 290 M M 1 28 310
24 75 34 55 -2 10 0 0.00 0.0 0 6.5 20 290 M M 0 29 270
25 84 37 61 4 4 0 0.00 0.0 0 4.5 16 240 M M 0 22 250
26 92 45 69 12 0 4 T 0.0 0 8.9 37 180 M M 1 8 56 210
27 83 49 66 8 0 1 T 0.0 0 9.2 26 300 M M 3 39 310
28 68 42 55 -3 10 0 0.09 0.0 0 11.3 35 270 M M 8 13 43 270
29 53 38 46 -12 19 0 0.07 0.0 0 13.2 33 320 M M 9 1 45 290
30 59 31 45 -13 20 0 0.00 0.0 0 7.9 21 270 M M 5 28 270
31 68 31 50 -8 15 0 0.00 0.0 0 4.0 16 40 M M 2 33 50
================================================================================
SM 2111 1055 428 5 0.66 1.0 266.1 M 99
================================================================================
AV 68.1 34.0 8.6 FASTST M M 3 MAX(MPH)
MISC ----> 44 280 61 300
================================================================================
NOTES:
# LAST OF SEVERAL OCCURRENCES
COLUMN 17 PEAK WIND IN M.P.H.
PRELIMINARY LOCAL CLIMATOLOGICAL DATA (WS FORM: F-6) , PAGE 2
STATION: ELKO AIRPORT NV
MONTH: MAY
YEAR: 2022
LATITUDE: 40 49 N
LONGITUDE: 115 47 W
[TEMPERATURE DATA] [PRECIPITATION DATA] SYMBOLS USED IN COLUMN 16
AVERAGE MONTHLY: 51.1 TOTAL FOR MONTH: 0.66 1 = FOG OR MIST
DPTR FM NORMAL: -3.1 DPTR FM NORMAL: -0.56 2 = FOG REDUCING VISIBILITY
HIGHEST: 92 ON 26 GRTST 24HR 0.23 ON 30- 1 TO 1/4 MILE OR LESS
LOWEST: 23 ON 12, 9 3 = THUNDER
SNOW, ICE PELLETS, HAIL 4 = ICE PELLETS
TOTAL MONTH: 1.0 INCH 5 = HAIL
GRTST 24HR 0.7 ON 9- 9 6 = FREEZING RAIN OR DRIZZLE
GRTST DEPTH: T 7 = DUSTSTORM OR SANDSTORM:
VSBY 1/2 MILE OR LESS
8 = SMOKE OR HAZE
[NO. OF DAYS WITH] [WEATHER - DAYS WITH] 9 = BLOWING SNOW
X = TORNADO
MAX 32 OR BELOW: 0 0.01 INCH OR MORE: 7
MAX 90 OR ABOVE: 1 0.10 INCH OR MORE: 3
MIN 32 OR BELOW: 15 0.50 INCH OR MORE: 0
MIN 0 OR BELOW: 0 1.00 INCH OR MORE: 0
[HDD (BASE 65) ]
TOTAL THIS MO. 428 CLEAR (SCALE 0-3) 18
DPTR FM NORMAL 88 PTCLDY (SCALE 4-7) 11
TOTAL FM JUL 1 6419 CLOUDY (SCALE 8-10) 2
DPTR FM NORMAL -209
[CDD (BASE 65) ]
TOTAL THIS MO. 5
DPTR FM NORMAL -1 [PRESSURE DATA]
TOTAL FM JAN 1 5 HIGHEST SLP 30.25 ON 12
DPTR FM NORMAL -1 LOWEST SLP 29.53 ON 8
[REMARKS]
#FINAL-05-22#