000
CXUS56 KLKN 071451
CF6EKO
PRELIMINARY LOCAL CLIMATOLOGICAL DATA (WS FORM: F-6)
STATION: ELKO AIRPORT NV
MONTH: NOVEMBER
YEAR: 2021
LATITUDE: 40 49 N
LONGITUDE: 115 47 W
TEMPERATURE IN F: :PCPN: SNOW: WIND :SUNSHINE: SKY :PK WND
================================================================================
1 2 3 4 5 6A 6B 7 8 9 10 11 12 13 14 15 16 17 18
12Z AVG MX 2MIN
DY MAX MIN AVG DEP HDD CDD WTR SNW DPTH SPD SPD DIR MIN PSBL S-S WX SPD DR
================================================================================
1 59 42 51 10 14 0 0.07 0.0 0 2.6 5 230 M M 7 6 100
2 60 37 49 8 16 0 0.00 0.0 0 1.5 12 260 M M 5 12 16 280
3 63 31 47 6 18 0 0.00 0.0 0 3.0 9 50 M M 0 1 11 60
4 69 33 51 11 14 0 0.00 0.0 0 7.4 32 250 M M 0 40 250
5 60 28 44 4 21 0 0.00 0.0 0 3.1 9 60 M M 0 12 60
6 57 30 44 4 21 0 0.00 0.0 0 4.2 20 280 M M 6 24 280
7 50 32 41 2 24 0 0.05 0.0 0 2.7 10 280 M M 8 19 300
8 51 24 38 -1 27 0 0.00 0.0 0 2.7 7 40 M M 2 9 20
9 57 36 47 9 18 0 0.03 0.0 0 9.1 33 280 M M 7 3 45 270
10 50 30 40 2 25 0 0.00 0.0 0 5.0 17 280 M M 5 24 250
11 58 30 44 6 21 0 0.00 0.0 0 3.9 15 270 M M 7 18 270
12 63 28 46 9 19 0 0.00 0.0 0 2.2 8 220 M M 0 1 10 230
13 62 30 46 9 19 0 0.00 0.0 0 3.7 12 240 M M 0 16 250
14 65 27 46 9 19 0 0.00 0.0 0 1.9 9 210 M M 0 1 12 250
15 55 30 43 7 22 0 0.00 0.0 0 2.1 8 80 M M 0 11 80
16 54 22 38 2 27 0 T 0.0 0 7.8 30 270 M M 4 43 290
17 44 14 29 -6 36 0 0.00 0.0 0 2.8 12 50 M M 0 17 50
18 51 21 36 1 29 0 0.00 0.0 0 3.4 10 70 M M 4 13 60
19 57 35 46 11 19 0 0.03 0.0 0 5.8 23 240 M M 9 31 240
20 50 22 36 2 29 0 0.00 0.0 0 2.4 9 250 M M 3 18 14 230
21 50 16 33 -1 32 0 0.00 0.0 0 2.9 8 90 M M 0 10 90
22 53 17 35 2 30 0 0.00 0.0 0 3.5 10 50 M M 0 11 50
23 51 14 33 0 32 0 0.00 0.0 0 6.9 30 290 M M 1 38 290
24 42 16 29 -4 36 0 0.00 0.0 0 3.2 10 190 M M 0 14 200
25 47 10 29 -3 36 0 0.00 0.0 0 3.7 9 70 M M 0 11 70
26 54 18 36 4 29 0 0.00 0.0 0 3.6 8 70 M M 1 12 80
27 58 19 39 8 26 0 0.00 0.0 0 2.6 9 70 M M 0 8 10 70
28 60 17 39 8 26 0 0.00 0.0 0 1.7 8 40 M M 0 8 9 80
29 61 19 40 9 25 0 0.00 0.0 0 3.0 13 210 M M 0 17 230
30 53 19 36 6 29 0 0.00 0.0 0 2.7 8 70 M M 0 12 80
================================================================================
SM 1664 747 739 0 0.18 0.0 111.1 M 69
================================================================================
AV 55.5 24.9 3.7 FASTST M M 2 MAX(MPH)
MISC ----> 33 280 45 270
================================================================================
NOTES:
# LAST OF SEVERAL OCCURRENCES
COLUMN 17 PEAK WIND IN M.P.H.
PRELIMINARY LOCAL CLIMATOLOGICAL DATA (WS FORM: F-6) , PAGE 2
STATION: ELKO AIRPORT NV
MONTH: NOVEMBER
YEAR: 2021
LATITUDE: 40 49 N
LONGITUDE: 115 47 W
[TEMPERATURE DATA] [PRECIPITATION DATA] SYMBOLS USED IN COLUMN 16
AVERAGE MONTHLY: 40.2 TOTAL FOR MONTH: 0.18 1 = FOG OR MIST
DPTR FM NORMAL: 4.3 DPTR FM NORMAL: -0.70 2 = FOG REDUCING VISIBILITY
HIGHEST: 69 ON 4 GRTST 24HR 0.07 ON 1- 1 TO 1/4 MILE OR LESS
LOWEST: 10 ON 25 3 = THUNDER
SNOW, ICE PELLETS, HAIL 4 = ICE PELLETS
TOTAL MONTH: 0.0 INCH 5 = HAIL
GRTST 24HR 0.0 6 = FREEZING RAIN OR DRIZZLE
GRTST DEPTH: 0 7 = DUSTSTORM OR SANDSTORM:
VSBY 1/2 MILE OR LESS
8 = SMOKE OR HAZE
[NO. OF DAYS WITH] [WEATHER - DAYS WITH] 9 = BLOWING SNOW
X = TORNADO
MAX 32 OR BELOW: 0 0.01 INCH OR MORE: 4
MAX 90 OR ABOVE: 0 0.10 INCH OR MORE: 0
MIN 32 OR BELOW: 25 0.50 INCH OR MORE: 0
MIN 0 OR BELOW: 0 1.00 INCH OR MORE: 0
[HDD (BASE 65) ]
TOTAL THIS MO. 739 CLEAR (SCALE 0-3) 20
DPTR FM NORMAL -134 PTCLDY (SCALE 4-7) 9
TOTAL FM JUL 1 1393 CLOUDY (SCALE 8-10) 1
DPTR FM NORMAL -233
[CDD (BASE 65) ]
TOTAL THIS MO. 0
DPTR FM NORMAL 0 [PRESSURE DATA]
TOTAL FM JAN 1 810 HIGHEST SLP 30.79 ON 25
DPTR FM NORMAL 317 LOWEST SLP 29.93 ON 6
[REMARKS]
#FINAL-11-21#