000
CXUS56 KLKN 141520
CF6EKO
PRELIMINARY LOCAL CLIMATOLOGICAL DATA (WS FORM: F-6)
STATION: ELKO AIRPORT NV
MONTH: OCTOBER
YEAR: 2021
LATITUDE: 40 49 N
LONGITUDE: 115 47 W
TEMPERATURE IN F: :PCPN: SNOW: WIND :SUNSHINE: SKY :PK WND
================================================================================
1 2 3 4 5 6A 6B 7 8 9 10 11 12 13 14 15 16 17 18
12Z AVG MX 2MIN
DY MAX MIN AVG DEP HDD CDD WTR SNW DPTH SPD SPD DIR MIN PSBL S-S WX SPD DR
================================================================================
1 74 23 49 -5 16 0 0.00 0.0 0 2.2 9 100 M M 0 12 80
2 78 28 53 0 12 0 0.00 0.0 0 2.4 12 220 M M 0 16 210
3 79 32 56 3 9 0 0.00 0.0 0 2.9 16 260 M M 0 20 250
4 81 31 56 4 9 0 0.00 0.0 0 4.1 16 250 M M 0 8 25 240
5 81 38 60 8 5 0 0.00 0.0 0 5.4 16 170 M M 2 23 180
6 72 45 59 7 6 0 0.05 0.0 0 5.5 23 190 M M 6 3 33 250
7 66 49 58 7 7 0 0.16 0.0 0 4.9 26 180 M M 8 3 37 180
8 58 43 51 0 14 0 0.37 0.0 0 6.7 24 250 M M 8 13 31 260
9 57 32 45 -5 20 0 0.06 0.0 0 6.4 15 320 M M 6 24 320
10 62 28 45 -5 20 0 0.00 0.0 0 4.1 14 200 M M 0 1 25 230
11 43 33 38 -11 27 0 0.12 1.0 0 9.3 32 340 M M 9 12 45 360
12 44 25 35 -14 30 0 0.00 0.0 0 10.0 25 360 M M 4 35 360
13 49 21 35 -13 30 0 0.00 0.0 0 4.3 17 220 M M 7 23 210
14 51 29 40 -8 25 0 0.00 0.0 0 6.6 17 330 M M 4 23 290
15 63 22 43 -5 22 0 0.00 0.0 0 3.7 9 180 M M 0 15 40
16 71 26 49 2 16 0 0.00 0.0 0 4.4 9 40 M M 0 14 30
17 71 31 51 4 14 0 0.00 0.0 0 9.4 22 170 M M 0 32 160
18 54 36 45 -1 20 0 0.06 0.0 0 13.0 32 250 M M 8 1 41 250
19 58 38 48 2 17 0 0.00 0.0 0 4.0 12 230 M M 5 15 230
20 67 37 52 6 13 0 0.00 0.0 0 6.8 16 160 M M 1 20 160
21 73 37 55 10 10 0 0.00 0.0 0 3.5 12 190 M M 0 16 150
22 70 39 55 10 10 0 0.01 0.0 0 10.3 32 280 M M 4 8 41 280
23 48 37 43 -2 22 0 0.27 0.0 0 5.4 15 220 M M 9 21 220
24 59 39 49 5 16 0 0.12 0.0 0 10.5 28 180 M M 10 41 180
25 57 34 46 2 19 0 1.17 0.2 0 7.6 28 180 M M 10 1 42 180
26 48 33 41 -3 24 0 0.00 0.0 0 8.8 18 260 M M 7 24 230
27 59 37 48 5 17 0 T 0.0 0 7.2 21 260 M M 4 26 250
28 65 38 52 9 13 0 0.00 0.0 0 3.1 7 30 M M 7 10 90
29 69 35 52 10 13 0 0.00 0.0 0 3.0 13 250 M M 0 15 250
30 63 36 50 8 15 0 0.00 0.0 0 2.3 7 50 M M 0 10 50
31 66 35 51 9 14 0 0.00 0.0 0 4.2 16 250 M M 0 22 270
================================================================================
SM 1956 1047 505 0 2.39 1.2 182.0 M 119
================================================================================
AV 63.1 33.8 5.9 FASTST M M 4 MAX(MPH)
MISC ----> # 32 340 45 360
================================================================================
NOTES:
# LAST OF SEVERAL OCCURRENCES
COLUMN 17 PEAK WIND IN M.P.H.
PRELIMINARY LOCAL CLIMATOLOGICAL DATA (WS FORM: F-6) , PAGE 2
STATION: ELKO AIRPORT NV
MONTH: OCTOBER
YEAR: 2021
LATITUDE: 40 49 N
LONGITUDE: 115 47 W
[TEMPERATURE DATA] [PRECIPITATION DATA] SYMBOLS USED IN COLUMN 16
AVERAGE MONTHLY: 48.4 TOTAL FOR MONTH: 2.39 1 = FOG OR MIST
DPTR FM NORMAL: 1.0 DPTR FM NORMAL: 1.65 2 = FOG REDUCING VISIBILITY
HIGHEST: 81 ON 5, 4 GRTST 24HR 1.17 ON 25-25 TO 1/4 MILE OR LESS
LOWEST: 21 ON 13 3 = THUNDER
SNOW, ICE PELLETS, HAIL 4 = ICE PELLETS
TOTAL MONTH: 1.2 INCHES 5 = HAIL
GRTST 24HR 1.0 ON 11-11 6 = FREEZING RAIN OR DRIZZLE
GRTST DEPTH: 0 7 = DUSTSTORM OR SANDSTORM:
VSBY 1/2 MILE OR LESS
8 = SMOKE OR HAZE
[NO. OF DAYS WITH] [WEATHER - DAYS WITH] 9 = BLOWING SNOW
X = TORNADO
MAX 32 OR BELOW: 0 0.01 INCH OR MORE: 10
MAX 90 OR ABOVE: 0 0.10 INCH OR MORE: 6
MIN 32 OR BELOW: 12 0.50 INCH OR MORE: 1
MIN 0 OR BELOW: 0 1.00 INCH OR MORE: 1
[HDD (BASE 65) ]
TOTAL THIS MO. 505 CLEAR (SCALE 0-3) 14
DPTR FM NORMAL -39 PTCLDY (SCALE 4-7) 12
TOTAL FM JUL 1 654 CLOUDY (SCALE 8-10) 5
DPTR FM NORMAL -100
[CDD (BASE 65) ]
TOTAL THIS MO. 0
DPTR FM NORMAL 0 [PRESSURE DATA]
TOTAL FM JAN 1 810 HIGHEST SLP 30.49 ON 15
DPTR FM NORMAL 317 LOWEST SLP 29.41 ON 25
[REMARKS]
#FINAL-10-21#