577
CXUS56 KLKN 011114
CF6EKO
PRELIMINARY LOCAL CLIMATOLOGICAL DATA (WS FORM: F-6)
STATION: ELKO AIRPORT NV
MONTH: JANUARY
YEAR: 2021
LATITUDE: 40 49 N
LONGITUDE: 115 47 W
TEMPERATURE IN F: :PCPN: SNOW: WIND :SUNSHINE: SKY :PK WND
================================================================================
1 2 3 4 5 6A 6B 7 8 9 10 11 12 13 14 15 16 17 18
12Z AVG MX 2MIN
DY MAX MIN AVG DEP HDD CDD WTR SNW DPTH SPD SPD DIR MIN PSBL S-S WX SPD DR
================================================================================
1 40 14 27 2 38 0 0.00 0.0 T 3.4 10 80 M M 1 12 80
2 45 17 31 6 34 0 0.00 0.0 T 3.0 12 220 M M 4 14 230
3 45 29 37 12 28 0 0.07 0.2 T 4.5 10 230 M M 7 1 14 220
4 45 24 35 10 30 0 0.20 0.3 T 7.7 38 240 M M 5 1 44 250
5 41 24 33 8 32 0 T T T 5.2 20 190 M M 4 1 26 180
6 38 18 28 3 37 0 0.00 0.0 T 3.9 10 80 M M 2 12 80
7 44 19 32 7 33 0 0.00 0.0 T 2.8 13 260 M M 0 17 200
8 41 19 30 5 35 0 0.01 0.2 T 5.7 15 260 M M 5 18 20 200
9 34 17 26 1 39 0 T T T 4.8 15 310 M M 8 18 300
10 32 14 23 -2 42 0 0.00 0.0 T 4.8 10 70 M M 3 13 70
11 36 12 24 -1 41 0 0.00 0.0 T 4.7 10 80 M M 0 12 80
12 38 15 27 2 38 0 0.00 0.0 T 2.0 9 70 M M 5 11 70
13 58 27 43 18 22 0 0.00 0.0 T 6.2 22 260 M M 5 27 260
14 48 23 36 11 29 0 0.00 0.0 T 2.3 14 220 M M 2 17 210
15 48 22 35 10 30 0 0.00 0.0 T 1.7 8 300 M M 2 9 300
16 50 24 37 12 28 0 0.00 0.0 T 2.9 8 250 M M 0 12 190
17 51 21 36 11 29 0 0.00 0.0 T 5.2 16 250 M M 0 19 250
18 41 22 32 7 33 0 0.00 0.0 T 6.9 22 40 M M 1 18 26 20
19 41 16 29 4 36 0 0.00 0.0 T 12.9 28 30 M M 0 35 40
20 46 14 30 5 35 0 0.00 0.0 T 2.8 9 110 M M 0 10 110
21 50 16 33 8 32 0 0.00 0.0 T 1.9 7 180 M M 2 9 220
22 48 25 37 12 28 0 0.20 2.0 T 5.5 15 170 M M 7 1 19 210
23 35 26 31 6 34 0 0.01 T 2 4.1 10 220 M M 10 1 13 210
24 28 17 23 -2 42 0 0.00 0.0 1 5.8 15 220 M M 8 12 17 210
25 34 16 25 -1 40 0 T T 1 3.8 10 220 M M 7 1 12 200
26 30 19 25 -1 40 0 T T 1 7.3 18 260 M M 7 23 250
27 37 26 32 6 33 0 0.02 0.2 1 20.6 32 170 M M 7 45 180
28 47 34 41 15 24 0 0.00 0.0 1 8.8 26 170 M M 9 36 170
29 41 28 35 9 30 0 0.06 0.4 T 10.6 23 250 M M 9 1 32 180
30 41 22 32 6 33 0 0.00 0.0 M 3.9 12 230 M M 5 15 240
31 44 19 32 6 33 0 0.00 0.0 T 8.0 12 90 M M 1 14 60
================================================================================
SM 1297 639 1038 0 0.57 3.3 173.7 M 126
================================================================================
AV 41.8 20.6 5.6 FASTST M M 4 MAX(MPH)
MISC ----> 38 240 45 180
================================================================================
NOTES:
# LAST OF SEVERAL OCCURRENCES
COLUMN 17 PEAK WIND IN M.P.H.
PRELIMINARY LOCAL CLIMATOLOGICAL DATA (WS FORM: F-6) , PAGE 2
STATION: ELKO AIRPORT NV
MONTH: JANUARY
YEAR: 2021
LATITUDE: 40 49 N
LONGITUDE: 115 47 W
[TEMPERATURE DATA] [PRECIPITATION DATA] SYMBOLS USED IN COLUMN 16
AVERAGE MONTHLY: 31.2 TOTAL FOR MONTH: 0.57 1 = FOG OR MIST
DPTR FM NORMAL: 6.1 DPTR FM NORMAL: -0.55 2 = FOG REDUCING VISIBILITY
HIGHEST: 58 ON 13 GRTST 24HR 0.20 ON 4- 4 TO 1/4 MILE OR LESS
LOWEST: 12 ON 11 3 = THUNDER
SNOW, ICE PELLETS, HAIL 4 = ICE PELLETS
TOTAL MONTH: 3.3 INCHES 5 = HAIL
GRTST 24HR 2.0 ON 22-22 6 = FREEZING RAIN OR DRIZZLE
GRTST DEPTH: 2 ON 23 7 = DUSTSTORM OR SANDSTORM:
VSBY 1/2 MILE OR LESS
8 = SMOKE OR HAZE
[NO. OF DAYS WITH] [WEATHER - DAYS WITH] 9 = BLOWING SNOW
X = TORNADO
MAX 32 OR BELOW: 3 0.01 INCH OR MORE: 7
MAX 90 OR ABOVE: 0 0.10 INCH OR MORE: 2
MIN 32 OR BELOW: 30 0.50 INCH OR MORE: 0
MIN 0 OR BELOW: 0 1.00 INCH OR MORE: 0
[HDD (BASE 65) ]
TOTAL THIS MO. 1038 CLEAR (SCALE 0-3) 14
DPTR FM NORMAL -199 PTCLDY (SCALE 4-7) 14
TOTAL FM JUL 1 3726 CLOUDY (SCALE 8-10) 3
DPTR FM NORMAL -456
[CDD (BASE 65) ]
TOTAL THIS MO. 0
DPTR FM NORMAL 0 [PRESSURE DATA]
TOTAL FM JAN 1 0 HIGHEST SLP 30.63 ON 14
DPTR FM NORMAL 0 LOWEST SLP 29.58 ON 25
[REMARKS]
#FINAL-01-21#