000
CXUS56 KLKN 291500
CF6EKO
PRELIMINARY LOCAL CLIMATOLOGICAL DATA (WS FORM: F-6)
STATION: ELKO AIRPORT NV
MONTH: FEBRUARY
YEAR: 2020
LATITUDE: 40 49 N
LONGITUDE: 115 47 W
TEMPERATURE IN F: :PCPN: SNOW: WIND :SUNSHINE: SKY :PK WND
================================================================================
1 2 3 4 5 6A 6B 7 8 9 10 11 12 13 14 15 16 17 18
12Z AVG MX 2MIN
DY MAX MIN AVG DEP HDD CDD WTR SNW DPTH SPD SPD DIR MIN PSBL S-S WX SPD DR
================================================================================
1 57 24 41 15 24 0 0.00 0.0 0 2.4 8 350 M M 0 10 70
2 53 19 36 10 29 0 0.02 0.1 0 5.0 25 320 M M 3 32 320
3 25 10 18 -9 47 0 T T T 6.1 14 290 M M 6 18 320
4 28 6 17 -10 48 0 0.00 0.0 T 6.2 14 300 M M 1 19 270
5 36 22 29 2 36 0 0.01 0.2 T 10.0 20 250 M M 10 18 25 230
6 48 29 39 12 26 0 0.00 0.0 T 10.0 21 220 M M 5 35 210
7 52 25 39 11 26 0 0.00 0.0 0 5.8 20 260 M M 1 23 260
8 47 21 34 6 31 0 0.00 0.0 0 8.2 28 330 M M 2 32 340
9 41 17 29 1 36 0 T T 0 9.0 25 30 M M 3 30 20
10 43 15 29 1 36 0 0.00 0.0 0 4.7 16 20 M M 0 22 270
11 43 15 29 0 36 0 0.00 0.0 0 5.3 18 260 M M 0 8 21 260
12 46 17 32 3 33 0 0.00 0.0 0 3.2 15 310 M M 0 19 310
13 52 17 35 6 30 0 0.00 0.0 0 3.2 10 250 M M 0 13 270
14 52 15 34 4 31 0 0.00 0.0 0 6.7 25 270 M M 0 33 250
15 49 23 36 6 29 0 0.00 0.0 0 3.9 15 260 M M 8 19 240
16 45 33 39 9 26 0 0.13 T 0 8.5 22 260 M M 8 1 27 250
17 40 19 30 0 35 0 0.00 0.0 0 7.0 22 330 M M 1 27 310
18 39 13 26 -5 39 0 0.00 0.0 0 3.6 10 70 M M 0 14 60
19 41 10 26 -5 39 0 0.00 0.0 0 5.4 15 50 M M 0 19 40
20 46 10 28 -4 37 0 0.00 0.0 0 3.8 12 60 M M 0 17 60
21 53 17 35 3 30 0 0.00 0.0 0 3.6 9 240 M M 0 12 230
22 58 22 40 8 25 0 0.00 0.0 0 3.8 16 40 M M 2 21 340
23 55 18 37 5 28 0 0.00 0.0 0 8.5 21 320 M M 0 28 320
24 45 20 33 0 32 0 0.00 0.0 0 7.0 28 310 M M 1 35 310
25 47 17 32 -1 33 0 0.00 0.0 0 3.1 9 60 M M 0 12 70
26 57 14 36 2 29 0 0.00 0.0 0 3.3 17 270 M M 0 23 250
27 58 17 38 4 27 0 0.00 0.0 0 3.5 12 340 M M 0 14 330
28 63 19 41 7 24 0 0.00 0.0 0 3.8 15 250 M M 0 19 250
29 61 29 45 11 20 0 0.21 2.8 3 9.9 31 260 M M 3 1 43 260
================================================================================
SM 1380 533 922 0 0.37 3.1 164.5 M 54
================================================================================
AV 47.6 18.4 5.7 FASTST M M 2 MAX(MPH)
MISC ----> # 31 260 # 43 260
================================================================================
NOTES:
# LAST OF SEVERAL OCCURRENCES
COLUMN 17 PEAK WIND IN M.P.H.
PRELIMINARY LOCAL CLIMATOLOGICAL DATA (WS FORM: F-6) , PAGE 2
STATION: ELKO AIRPORT NV
MONTH: FEBRUARY
YEAR: 2020
LATITUDE: 40 49 N
LONGITUDE: 115 47 W
[TEMPERATURE DATA] [PRECIPITATION DATA] SYMBOLS USED IN COLUMN 16
AVERAGE MONTHLY: 33.0 TOTAL FOR MONTH: 0.37 1 = FOG OR MIST
DPTR FM NORMAL: 3.1 DPTR FM NORMAL: -0.47 2 = FOG REDUCING VISIBILITY
HIGHEST: 63 ON 28 GRTST 24HR 0.21 ON 29-29 TO 1/4 MILE OR LESS
LOWEST: 6 ON 4 3 = THUNDER
SNOW, ICE PELLETS, HAIL 4 = ICE PELLETS
TOTAL MONTH: 3.1 INCHES 5 = HAIL
GRTST 24HR 2.8 ON 29-29 6 = FREEZING RAIN OR DRIZZLE
GRTST DEPTH: 3 ON 29 7 = DUSTSTORM OR SANDSTORM:
VSBY 1/2 MILE OR LESS
8 = SMOKE OR HAZE
[NO. OF DAYS WITH] [WEATHER - DAYS WITH] 9 = BLOWING SNOW
X = TORNADO
MAX 32 OR BELOW: 2 0.01 INCH OR MORE: 4
MAX 90 OR ABOVE: 0 0.10 INCH OR MORE: 2
MIN 32 OR BELOW: 28 0.50 INCH OR MORE: 0
MIN 0 OR BELOW: 0 1.00 INCH OR MORE: 0
[HDD (BASE 65) ]
TOTAL THIS MO. 922 CLEAR (SCALE 0-3) 24
DPTR FM NORMAL -61 PTCLDY (SCALE 4-7) 4
TOTAL FM JUL 1 4685 CLOUDY (SCALE 8-10) 1
DPTR FM NORMAL -513
[CDD (BASE 65) ]
TOTAL THIS MO. 0
DPTR FM NORMAL 0 [PRESSURE DATA]
TOTAL FM JAN 1 0 HIGHEST SLP 30.63 ON 25
DPTR FM NORMAL 0 LOWEST SLP 29.59 ON 2
[REMARKS]
#FINAL-02-20#