000
CXUS56 KLKN 011210
CF6EKO
PRELIMINARY LOCAL CLIMATOLOGICAL DATA (WS FORM: F-6)
STATION: ELKO AIRPORT NV
MONTH: OCTOBER
YEAR: 2023
LATITUDE: 40 49 N
LONGITUDE: 115 47 W
TEMPERATURE IN F: :PCPN: SNOW: WIND :SUNSHINE: SKY :PK WND
================================================================================
1 2 3 4 5 6A 6B 7 8 9 10 11 12 13 14 15 16 17 18
12Z AVG MX 2MIN
DY MAX MIN AVG DEP HDD CDD WTR SNW DPTH SPD SPD DIR MIN PSBL S-S WX SPD DR
================================================================================
1 54 42 48 -6 17 0 0.06 0.0 0 6.4 16 270 M M 9 1 19 280
2 58 42 50 -3 15 0 0.00 0.0 0 8.3 21 260 M M 9 29 260
3 57 38 48 -5 17 0 0.00 0.0 0 6.9 15 260 M M 8 25 220
4 69 40 55 3 10 0 0.00 0.0 0 4.7 14 230 M M 2 8 21 250
5 76 33 55 3 10 0 0.00 0.0 0 3.2 13 60 M M 0 18 17 40
6 79 36 58 6 7 0 0.00 0.0 0 1.7 9 70 M M 0 8 14 20
7 81 39 60 9 5 0 0.00 0.0 0 2.8 8 50 M M 0 12 20
8 82 37 60 9 5 0 0.00 0.0 0 2.8 10 260 M M 0 13 220
9 83 33 58 8 7 0 T 0.0 0 4.7 30 270 M M 2 8 50 280
10 72 37 55 5 10 0 0.01 0.0 0 8.7 26 250 M M 2 38 260
11 52 37 45 -4 20 0 0.16 0.0 0 7.9 20 260 M M 6 13 27 250
12 53 32 43 -6 22 0 0.00 0.0 0 4.8 13 210 M M 5 18 220
13 64 26 45 -3 20 0 0.00 0.0 0 5.2 13 160 M M 0 8 19 150
14 69 40 55 7 10 0 0.00 0.0 0 4.4 10 280 M M 3 14 250
15 75 34 55 7 10 0 0.00 0.0 0 3.8 8 60 M M 0 12 60
16 80 36 58 11 7 0 0.00 0.0 0 3.6 16 260 M M 0 23 260
17 76 34 55 8 10 0 0.00 0.0 0 4.3 15 270 M M 0 21 290
18 78 34 56 10 9 0 0.00 0.0 0 2.7 9 330 M M 0 8 10 330
19 80 32 56 10 9 0 0.00 0.0 0 2.3 9 80 M M 0 12 180
20 80 33 57 11 8 0 0.00 0.0 0 3.6 16 270 M M 0 19 260
21 79 31 55 10 10 0 0.00 0.0 0 2.6 15 250 M M 0 8 19 250
22 75 39 57 12 8 0 0.03 0.0 0 6.5 30 250 M M 2 38 39 250
23 66 36 51 6 14 0 0.00 0.0 0 3.3 17 290 M M 3 24 290
24 65 31 48 4 17 0 0.00 0.0 0 3.8 16 250 M M 1 22 260
25 64 34 49 5 16 0 0.19 T 0 11.2 31 260 M M 8 1 41 250
26 45 27 36 -8 29 0 0.01 0.0 0 4.3 18 260 M M 4 1 24 250
27 51 20 36 -7 29 0 0.00 0.0 0 3.8 16 250 M M 0 21 280
28 41 17 29 -14 36 0 0.00 0.0 0 4.7 14 30 M M 1 19 10
29 45 14 30 -12 35 0 0.00 0.0 0 3.8 12 20 M M 0 17 40
30 52 13 33 -9 32 0 0.00 0.0 0 2.0 8 80 M M 0 10 90
31 60 19 40 -2 25 0 0.00 0.0 0 3.1 8 60 M M 0 9 20
================================================================================
SM 2061 996 479 0 0.46 T 141.9 M 65
================================================================================
AV 66.5 32.1 4.6 FASTST M M 2 MAX(MPH)
MISC ----> 31 260 50 280
================================================================================
NOTES:
# LAST OF SEVERAL OCCURRENCES
COLUMN 17 PEAK WIND IN M.P.H.
PRELIMINARY LOCAL CLIMATOLOGICAL DATA (WS FORM: F-6) , PAGE 2
STATION: ELKO AIRPORT NV
MONTH: OCTOBER
YEAR: 2023
LATITUDE: 40 49 N
LONGITUDE: 115 47 W
[TEMPERATURE DATA] [PRECIPITATION DATA] SYMBOLS USED IN COLUMN 16
AVERAGE MONTHLY: 49.3 TOTAL FOR MONTH: 0.46 1 = FOG OR MIST
DPTR FM NORMAL: 1.9 DPTR FM NORMAL: -0.28 2 = FOG REDUCING VISIBILITY
HIGHEST: 83 ON 9 GRTST 24HR 0.20 ON 25-26 TO 1/4 MILE OR LESS
LOWEST: 13 ON 30 3 = THUNDER
SNOW, ICE PELLETS, HAIL 4 = ICE PELLETS
TOTAL MONTH: T 5 = HAIL
GRTST 24HR T ON 25-25 6 = FREEZING RAIN OR DRIZZLE
GRTST DEPTH: 0 7 = DUSTSTORM OR SANDSTORM:
VSBY 1/2 MILE OR LESS
8 = SMOKE OR HAZE
[NO. OF DAYS WITH] [WEATHER - DAYS WITH] 9 = BLOWING SNOW
X = TORNADO
MAX 32 OR BELOW: 0 0.01 INCH OR MORE: 6
MAX 90 OR ABOVE: 0 0.10 INCH OR MORE: 2
MIN 32 OR BELOW: 11 0.50 INCH OR MORE: 0
MIN 0 OR BELOW: 0 1.00 INCH OR MORE: 0
[HDD (BASE 65) ]
TOTAL THIS MO. 479 CLEAR (SCALE 0-3) 23
DPTR FM NORMAL -65 PTCLDY (SCALE 4-7) 5
TOTAL FM JUL 1 610 CLOUDY (SCALE 8-10) 3
DPTR FM NORMAL -144
[CDD (BASE 65) ]
TOTAL THIS MO. 0
DPTR FM NORMAL 0 [PRESSURE DATA]
TOTAL FM JAN 1 513 HIGHEST SLP 30.59 ON 30
DPTR FM NORMAL 20 LOWEST SLP 29.55 ON 11
[REMARKS]
#FINAL-10-23#