000
CXUS54 KSHV 281300
CF6ELD
PRELIMINARY LOCAL CLIMATOLOGICAL DATA (WS FORM: F-6)
STATION: EL DORADO
MONTH: MARCH
YEAR: 2024
LATITUDE: 33 13 N
LONGITUDE: 92 49 W
TEMPERATURE IN F: :PCPN: SNOW: WIND :SUNSHINE: SKY :PK WND
================================================================================
1 2 3 4 5 6A 6B 7 8 9 10 11 12 13 14 15 16 17 18
12Z AVG MX 2MIN
DY MAX MIN AVG DEP HDD CDD WTR SNW DPTH SPD SPD DIR MIN PSBL S-S WX SPD DR
================================================================================
1 53 38 46 -6 19 0 0.16 0.0 0 1.4 9 130 M M 8 1 12 130
2 73 36 55 3 10 0 0.00 0.0 0 4.6 14 110 M M 3 12 20 150
3 75 51 63 10 2 0 0.00 0.0 0 5.2 16 160 M M 5 12 22 170
4 79 57 68 15 0 3 0.21 0.0 0 6.9 22 160 M M 8 138 30 150
5 74 51 63 10 2 0 0.21 0.0 0 4.2 20 40 M M 4 13 26 50
6 71 50 61 7 4 0 0.00 0.0 0 4.9 13 60 M M 5 128 16 100
7 68 57 63 9 2 0 0.02 0.0 0 5.9 17 310 M M 7 13 22 320
8 63 52 58 4 7 0 1.44 0.0 0 5.1 16 310 M M 8 123 23 300
9 58 40 49 -5 16 0 0.11 0.0 0 7.7 17 320 M M 7 12 25 300
10 66 33 50 -5 15 0 0.00 0.0 0 2.3 10 80 M M 0 14 20
11 67 39 53 -2 12 0 0.00 0.0 0 2.5 13 160 M M 1 18 160
12 76 38 57 2 8 0 0.00 0.0 0 5.1 18 220 M M 1 24 220
13 79 60 70 14 0 5 0.00 0.0 0 8.2 15 180 M M 7 22 200
14 83 66 75 19 0 10 0.00 0.0 0 7.0 15 160 M M 8 1 20 150
15 71 58 65 9 0 0 6.31 0.0 0 8.5 31 60 M M 10 13 41 70
16 72 54 63 7 2 0 0.14 0.0 0 4.0 17 50 M M 8 13 20 60
17 69 52 61 4 4 0 0.00 0.0 0 3.8 13 40 M M 8 1 20 50
18 59 34 47 -10 18 0 0.00 0.0 0 7.6 20 350 M M 0 31 310
19 65 29 47 -10 18 0 0.00 0.0 0 3.1 13 210 M M 0 20 210
20 72 36 54 -4 11 0 0.00 0.0 0 2.6 12 200 M M 3 16 210
21 70 46 58 0 7 0 0.00 0.0 0 3.0 10 130 M M 8 15 130
22 59 48 54 -4 11 0 0.46 0.0 0 4.7 12 340 M M 9 1 16 340
23 66 45 56 -2 9 0 0.00 0.0 0 6.2 17 50 M M 1 12 27 40
24 67 44 56 -3 9 0 T 0.0 0 7.5 16 120 M M 2 24 150
25 70 50 60 1 5 0 0.38 0.0 0 8.8 20 280 M M 9 1 30 120
26 63 40 52 -7 13 0 0.00 0.0 0 6.9 14 310 M M 0 20 320
27 64 37 51 -8 14 0 0.00 0.0 0 5.0 15 50 M M 0 23 50
================================================================================
SM 1852 1241 218 18 9.44 0.0 142.7 M 130
================================================================================
AV 68.6 46.0 5.3 FASTST M M 5 MAX(MPH)
MISC ----> 31 60 41 70
================================================================================
NOTES:
# LAST OF SEVERAL OCCURRENCES
COLUMN 17 PEAK WIND IN M.P.H.
PRELIMINARY LOCAL CLIMATOLOGICAL DATA (WS FORM: F-6) , PAGE 2
STATION: EL DORADO
MONTH: MARCH
YEAR: 2024
LATITUDE: 33 13 N
LONGITUDE: 92 49 W
[TEMPERATURE DATA] [PRECIPITATION DATA] SYMBOLS USED IN COLUMN 16
AVERAGE MONTHLY: 57.3 TOTAL FOR MONTH: 9.44 1 = FOG OR MIST
DPTR FM NORMAL: 1.5 DPTR FM NORMAL: 5.02 2 = FOG REDUCING VISIBILITY
HIGHEST: 83 ON 14 GRTST 24HR 6.31 ON 15-15 TO 1/4 MILE OR LESS
LOWEST: 29 ON 19 3 = THUNDER
SNOW, ICE PELLETS, HAIL 4 = ICE PELLETS
TOTAL MONTH: 0.0 INCH 5 = HAIL
GRTST 24HR 0.0 6 = FREEZING RAIN OR DRIZZLE
GRTST DEPTH: 0 7 = DUSTSTORM OR SANDSTORM:
VSBY 1/2 MILE OR LESS
8 = SMOKE OR HAZE
[NO. OF DAYS WITH] [WEATHER - DAYS WITH] 9 = BLOWING SNOW
X = TORNADO
MAX 32 OR BELOW: 0 0.01 INCH OR MORE: 10
MAX 90 OR ABOVE: 0 0.10 INCH OR MORE: 9
MIN 32 OR BELOW: 1 0.50 INCH OR MORE: 2
MIN 0 OR BELOW: 0 1.00 INCH OR MORE: 2
[HDD (BASE 65) ]
TOTAL THIS MO. 218 CLEAR (SCALE 0-3) 11
DPTR FM NORMAL -48 PTCLDY (SCALE 4-7) 10
TOTAL FM JUL 1 2225 CLOUDY (SCALE 8-10) 6
DPTR FM NORMAL -177
[CDD (BASE 65) ]
TOTAL THIS MO. 18
DPTR FM NORMAL 2 [PRESSURE DATA]
TOTAL FM JAN 1 41 HIGHEST SLP M ON M
DPTR FM NORMAL 16 LOWEST SLP 29.45 ON 25
[REMARKS]