000
CXUS54 KEPZ 011030
CF6ELP
PRELIMINARY LOCAL CLIMATOLOGICAL DATA (WS FORM: F-6)
STATION: EL PASO
MONTH: APRIL
YEAR: 2023
LATITUDE: 31 47 N
LONGITUDE: 106 24 W
TEMPERATURE IN F: :PCPN: SNOW: WIND :SUNSHINE: SKY :PK WND
================================================================================
1 2 3 4 5 6A 6B 7 8 9 10 11 12 13 14 15 16 17 18
12Z AVG MX 2MIN
DY MAX MIN AVG DEP HDD CDD WTR SNW DPTH SPD SPD DIR MIN PSBL S-S WX SPD DR
================================================================================
1 82 43 63 0 2 0 0.00 0.0 0 6.3 14 220 M M 2 20 190
2 82 60 71 8 0 6 0.00 0.0 0 12.7 26 250 M M 2 37 260
3 85 48 67 3 0 2 0.00 0.0 0 15.2 37 250 M M 1 48 220
4 77 47 62 -2 3 0 0.00 0.0 0 20.5 43 260 M M 2 63 260
5 62 38 50 -14 15 0 0.00 0.0 0 8.1 22 350 M M 5 32 340
6 73 41 57 -7 8 0 0.00 0.0 0 12.9 22 110 M M 2 32 80
7 72 46 59 -6 6 0 0.00 0.0 0 9.3 20 110 M M 3 27 100
8 82 47 65 0 0 0 0.00 0.0 0 5.4 17 210 M M 3 23 170
9 86 51 69 4 0 4 0.00 0.0 0 3.2 14 30 M M 3 16 40
10 86 56 71 6 0 6 0.00 0.0 0 9.6 18 110 M M 2 29 120
11 88 59 74 8 0 9 0.00 0.0 0 6.7 20 190 M M 1 25 170
12 89 56 73 7 0 8 0.00 0.0 0 6.1 18 150 M M 3 26 150
13 87 65 76 10 0 11 0.00 0.0 0 15.4 35 260 M M 5 51 260
14 80 60 70 4 0 5 0.00 0.0 0 19.2 37 260 M M 2 48 250
15 80 61 71 5 0 6 0.00 0.0 0 9.8 26 300 M M 0 36 290
16 82 50 66 -1 0 1 0.00 0.0 0 8.5 16 90 M M 2 24 120
17 89 57 73 6 0 8 0.00 0.0 0 10.0 29 260 M M 3 41 260
18 86 66 76 9 0 11 0.00 0.0 0 16.9 29 270 M M 2 40 270
19 86 65 76 8 0 11 0.00 0.0 0 15.4 32 260 M M 1 42 290
20 83 62 73 5 0 8 0.00 0.0 0 13.2 32 300 M M 3 48 290
21 81 56 69 1 0 4 0.00 0.0 0 10.7 21 260 M M 1 29 250
22 87 53 70 2 0 5 0.00 0.0 0 7.1 23 260 M M 2 41 260
23 75 48 62 -6 3 0 0.00 0.0 0 8.0 17 110 M M 5 26 150
24 86 49 68 -1 0 3 0.00 0.0 0 9.8 24 260 M M 3 35 260
25 86 63 75 6 0 10 0.00 0.0 0 14.4 30 260 M M 3 40 230
26 81 54 68 -1 0 3 0.00 0.0 0 10.5 23 320 M M 1 33 340
27 85 48 67 -2 0 2 0.00 0.0 0 8.9 29 300 M M 2 37 300
28 82 53 68 -2 0 3 0.00 0.0 0 13.6 24 80 M M 3 35 80
29 82 46 64 -6 1 0 0.00 0.0 0 4.0 12 220 M M 1 16 230
30 94 54 74 4 0 9 0.00 0.0 0 6.3 18 240 M M 4 27 220
================================================================================
SM 2476 1602 38 135 0.00 0.0 317.7 M 72
================================================================================
AV 82.5 53.4 10.6 FASTST M M 2 MAX(MPH)
MISC ----> 43 260 63 260
================================================================================
NOTES:
# LAST OF SEVERAL OCCURRENCES
COLUMN 17 PEAK WIND IN M.P.H.
PRELIMINARY LOCAL CLIMATOLOGICAL DATA (WS FORM: F-6) , PAGE 2
STATION: EL PASO
MONTH: APRIL
YEAR: 2023
LATITUDE: 31 47 N
LONGITUDE: 106 24 W
[TEMPERATURE DATA] [PRECIPITATION DATA] SYMBOLS USED IN COLUMN 16
AVERAGE MONTHLY: 68.0 TOTAL FOR MONTH: 0.00 1 = FOG OR MIST
DPTR FM NORMAL: 1.4 DPTR FM NORMAL: -0.17 2 = FOG REDUCING VISIBILITY
HIGHEST: 94 ON 30 GRTST 24HR T ON 9- 9 TO 1/4 MILE OR LESS
LOWEST: 38 ON 5 3 = THUNDER
SNOW, ICE PELLETS, HAIL 4 = ICE PELLETS
TOTAL MONTH: 0.0 INCH 5 = HAIL
GRTST 24HR 0.0 6 = FREEZING RAIN OR DRIZZLE
GRTST DEPTH: 0 7 = DUSTSTORM OR SANDSTORM:
VSBY 1/2 MILE OR LESS
8 = SMOKE OR HAZE
[NO. OF DAYS WITH] [WEATHER - DAYS WITH] 9 = BLOWING SNOW
X = TORNADO
MAX 32 OR BELOW: 0 0.01 INCH OR MORE: 0
MAX 90 OR ABOVE: 1 0.10 INCH OR MORE: 0
MIN 32 OR BELOW: 0 0.50 INCH OR MORE: 0
MIN 0 OR BELOW: 0 1.00 INCH OR MORE: 0
[HDD (BASE 65) ]
TOTAL THIS MO. 38 CLEAR (SCALE 0-3) 25
DPTR FM NORMAL -24 PTCLDY (SCALE 4-7) 5
TOTAL FM JUL 1 2103 CLOUDY (SCALE 8-10) 0
DPTR FM NORMAL -97
[CDD (BASE 65) ]
TOTAL THIS MO. 135
DPTR FM NORMAL 23 [PRESSURE DATA]
TOTAL FM JAN 1 152 HIGHEST SLP 30.17 ON 29
DPTR FM NORMAL 19 LOWEST SLP 29.44 ON 13
[REMARKS]
#FINAL-04-23#