000
CXUS54 KEPZ 011030
CF6ELP
PRELIMINARY LOCAL CLIMATOLOGICAL DATA (WS FORM: F-6)
STATION: EL PASO
MONTH: MAY
YEAR: 2021
LATITUDE: 31 47 N
LONGITUDE: 106 24 W
TEMPERATURE IN F: :PCPN: SNOW: WIND :SUNSHINE: SKY :PK WND
================================================================================
1 2 3 4 5 6A 6B 7 8 9 10 11 12 13 14 15 16 17 18
12Z AVG MX 2MIN
DY MAX MIN AVG DEP HDD CDD WTR SNW DPTH SPD SPD DIR MIN PSBL S-S WX SPD DR
================================================================================
1 84 48 66 -4 0 1 0.00 0.0 0 7.4 16 220 M M 3 23 210
2 90 68 79 8 0 14 0.00 0.0 0 15.9 33 250 M M 3 8 45 250
3 82 61 72 1 0 7 0.00 0.0 0 15.8 30 260 M M 2 40 260
4 80 52 66 -5 0 1 0.00 0.0 0 6.1 15 80 M M 1 21 90
5 90 57 74 2 0 9 0.00 0.0 0 3.3 10 250 M M 2 15 250
6 94 59 77 5 0 12 T 0.0 0 9.0 26 170 M M 3 7 41 170
7 97 62 80 8 0 15 0.01 0.0 0 8.1 24 150 M M 2 3 35 190
8 90 61 76 3 0 11 0.00 0.0 0 16.5 33 250 M M 2 43 230
9 89 66 78 5 0 13 0.00 0.0 0 13.0 25 250 M M 1 36 220
10 90 71 81 8 0 16 0.00 0.0 0 17.4 33 250 M M 2 45 250
11 89 64 77 3 0 12 0.00 0.0 0 14.1 30 250 M M 1 40 260
12 83 59 71 -3 0 6 0.00 0.0 0 9.0 20 100 M M 3 25 90
13 90 59 75 1 0 10 0.00 0.0 0 8.9 31 190 M M 2 7 41 190
14 93 59 76 1 0 11 0.16 0.0 0 7.5 33 30 M M 5 378 48 30
15 88 64 76 1 0 11 T 0.0 0 11.0 40 260 M M 4 53 250
16 90 M M M M M 0.00 0.0 0 13.5 29 250 M M 1 37 260
17 87 68 78 2 0 13 0.00 0.0 0 15.9 32 260 M M 1 41 270
18 84 60 72 -4 0 7 0.00 0.0 0 11.9 25 280 M M 3 34 280
19 92 64 78 2 0 13 T 0.0 0 7.2 31 350 M M 4 3 40 340
20 94 65 80 3 0 15 0.00 0.0 0 9.3 22 240 M M 1 33 220
21 88 65 77 0 0 12 0.00 0.0 0 9.1 23 250 M M 5 32 270
22 98 66 82 4 0 17 0.00 0.0 0 10.7 28 270 M M 3 8 38 260
23 91 64 78 0 0 13 0.00 0.0 0 7.3 24 270 M M 2 32 260
24 91 63 77 -1 0 12 0.00 0.0 0 8.2 20 260 M M 4 25 230
25 94 60 77 -1 0 12 0.00 0.0 0 5.7 18 250 M M 2 25 240
26 96 63 80 1 0 15 0.00 0.0 0 6.8 20 210 M M 7 25 200
27 94 71 83 4 0 18 0.00 0.0 0 8.1 20 250 M M 6 30 250
28 96 63 80 0 0 15 0.00 0.0 0 6.0 17 270 M M 1 23 220
29 98 67 83 3 0 18 0.00 0.0 0 6.5 21 100 M M 3 33 220
30 94 70 82 2 0 17 0.00 0.0 0 9.1 18 140 M M 4 26 140
31 94 66 80 -1 0 15 0.01 0.0 0 8.2 32 50 M M 3 78 45 40
================================================================================
SM 2810 1885 0 361 0.18 0.0 306.5 M 86
================================================================================
AV 90.6 62.8 9.9 FASTST M M 3 MAX(MPH)
MISC ----> 40 260 53 250
================================================================================
NOTES:
# LAST OF SEVERAL OCCURRENCES
COLUMN 17 PEAK WIND IN M.P.H.
PRELIMINARY LOCAL CLIMATOLOGICAL DATA (WS FORM: F-6) , PAGE 2
STATION: EL PASO
MONTH: MAY
YEAR: 2021
LATITUDE: 31 47 N
LONGITUDE: 106 24 W
[TEMPERATURE DATA] [PRECIPITATION DATA] SYMBOLS USED IN COLUMN 16
AVERAGE MONTHLY: 76.7 TOTAL FOR MONTH: 0.18 1 = FOG OR MIST
DPTR FM NORMAL: 1.3 DPTR FM NORMAL: -0.25 2 = FOG REDUCING VISIBILITY
HIGHEST: 98 ON 29,22 GRTST 24HR 0.16 ON 14-14 TO 1/4 MILE OR LESS
LOWEST: 48 ON 1 3 = THUNDER
SNOW, ICE PELLETS, HAIL 4 = ICE PELLETS
TOTAL MONTH: 0.0 INCH 5 = HAIL
GRTST 24HR 0.0 6 = FREEZING RAIN OR DRIZZLE
GRTST DEPTH: 0 7 = DUSTSTORM OR SANDSTORM:
VSBY 1/2 MILE OR LESS
8 = SMOKE OR HAZE
[NO. OF DAYS WITH] [WEATHER - DAYS WITH] 9 = BLOWING SNOW
X = TORNADO
MAX 32 OR BELOW: 0 0.01 INCH OR MORE: 3
MAX 90 OR ABOVE: 21 0.10 INCH OR MORE: 1
MIN 32 OR BELOW: 0 0.50 INCH OR MORE: 0
MIN 0 OR BELOW: 0 1.00 INCH OR MORE: 0
[HDD (BASE 65) ]
TOTAL THIS MO. 0 CLEAR (SCALE 0-3) 21
DPTR FM NORMAL -6 PTCLDY (SCALE 4-7) 10
TOTAL FM JUL 1 2145 CLOUDY (SCALE 8-10) 0
DPTR FM NORMAL -60
[CDD (BASE 65) ]
TOTAL THIS MO. 361
DPTR FM NORMAL 32 [PRESSURE DATA]
TOTAL FM JAN 1 508 HIGHEST SLP 30.10 ON 13
DPTR FM NORMAL 46 LOWEST SLP 29.38 ON 2
[REMARKS]
#FINAL-05-21#