000
CXUS54 KEPZ 011200
CF6ELP
PRELIMINARY LOCAL CLIMATOLOGICAL DATA (WS FORM: F-6)
STATION: EL PASO
MONTH: MARCH
YEAR: 2020
LATITUDE: 31 47 N
LONGITUDE: 106 24 W
TEMPERATURE IN F: :PCPN: SNOW: WIND :SUNSHINE: SKY :PK WND
================================================================================
1 2 3 4 5 6A 6B 7 8 9 10 11 12 13 14 15 16 17 18
12Z AVG MX 2MIN
DY MAX MIN AVG DEP HDD CDD WTR SNW DPTH SPD SPD DIR MIN PSBL S-S WX SPD DR
================================================================================
1 67 58 63 10 2 0 0.00 0.0 0 15.6 29 260 M M 8 38 240
2 66 49 58 4 7 0 0.00 0.0 0 8.1 18 210 M M 9 25 170
3 58 42 50 -4 15 0 0.83 0.0 0 8.6 26 210 M M 10 135 36 210
4 61 40 51 -3 14 0 0.34 0.0 0 6.5 16 20 M M 6 22 20
5 66 38 52 -2 13 0 0.00 0.0 0 3.7 18 100 M M 4 23 90
6 67 46 57 3 8 0 0.00 0.0 0 10.1 22 140 M M 5 32 120
7 76 46 61 6 4 0 T 0.0 0 6.9 15 140 M M 5 20 220
8 65 53 59 4 6 0 0.12 0.0 0 7.7 22 250 M M 10 33 270
9 70 47 59 4 6 0 0.00 0.0 0 6.2 16 250 M M 6 23 260
10 71 50 61 6 4 0 0.00 0.0 0 5.9 20 260 M M 8 25 280
11 76 55 66 11 0 1 0.00 0.0 0 5.7 16 270 M M 8 21 270
12 68 57 63 7 2 0 0.24 0.0 0 6.5 15 270 M M 8 1 19 280
13 75 56 66 10 0 1 0.26 0.0 0 11.2 21 250 M M 6 1 38 210
14 72 49 61 5 4 0 0.00 0.0 0 6.0 23 290 M M 2 30 290
15 76 52 64 8 1 0 0.00 0.0 0 5.1 13 360 M M 5 15 160
16 80 48 64 8 1 0 0.00 0.0 0 5.2 15 240 M M 3 21 240
17 69 51 60 3 5 0 T 0.0 0 9.0 30 220 M M 7 39 220
18 58 48 53 -4 12 0 0.23 0.0 0 5.4 36 250 M M 8 1 48 250
19 65 47 56 -1 9 0 T 0.0 0 15.4 38 250 M M 5 56 250
20 68 41 55 -2 10 0 0.00 0.0 0 8.2 17 120 M M 3 26 120
21 75 48 62 4 3 0 0.00 0.0 0 8.6 23 260 M M 5 41 270
22 74 52 63 5 2 0 0.00 0.0 0 7.8 17 260 M M 6 27 250
23 83 51 67 9 0 2 0.00 0.0 0 13.4 37 250 M M 5 49 260
24 76 55 66 8 0 1 0.00 0.0 0 7.5 21 260 M M 4 27 250
25 85 48 67 8 0 2 0.00 0.0 0 9.7 28 290 M M 5 36 290
26 83 57 70 11 0 5 0.00 0.0 0 15.8 35 270 M M 6 48 270
27 79 47 63 4 2 0 T 0.0 0 21.4 52 250 M M 6 7 68 250
28 64 41 53 -6 12 0 0.00 0.0 0 8.2 30 320 M M 0 40 300
29 73 44 59 -1 6 0 0.00 0.0 0 4.0 12 190 M M 7 17 160
30 72 50 61 1 4 0 0.00 0.0 0 12.0 30 280 M M 5 39 39
31 77 46 62 2 3 0 0.00 0.0 0 4.4 15 290 M M 5 20 270
================================================================================
SM 2215 1512 155 12 2.02 0.0 269.8 M 180
================================================================================
AV 71.5 48.8 8.7 FASTST M M 6 MAX(MPH)
MISC ----> # 52 250 # 68 250
================================================================================
NOTES:
# LAST OF SEVERAL OCCURRENCES
COLUMN 17 PEAK WIND IN M.P.H.
PRELIMINARY LOCAL CLIMATOLOGICAL DATA (WS FORM: F-6) , PAGE 2
STATION: EL PASO
MONTH: MARCH
YEAR: 2020
LATITUDE: 31 47 N
LONGITUDE: 106 24 W
[TEMPERATURE DATA] [PRECIPITATION DATA] SYMBOLS USED IN COLUMN 16
AVERAGE MONTHLY: 60.1 TOTAL FOR MONTH: 2.02 1 = FOG OR MIST
DPTR FM NORMAL: 3.5 DPTR FM NORMAL: 1.76 2 = FOG REDUCING VISIBILITY
HIGHEST: 85 ON 25 GRTST 24HR 0.83 ON 3- 3 TO 1/4 MILE OR LESS
LOWEST: 38 ON 5 3 = THUNDER
SNOW, ICE PELLETS, HAIL 4 = ICE PELLETS
TOTAL MONTH: 0.0 INCH 5 = HAIL
GRTST 24HR 0.0 6 = FREEZING RAIN OR DRIZZLE
GRTST DEPTH: 0 7 = DUSTSTORM OR SANDSTORM:
VSBY 1/2 MILE OR LESS
8 = SMOKE OR HAZE
[NO. OF DAYS WITH] [WEATHER - DAYS WITH] 9 = BLOWING SNOW
X = TORNADO
MAX 32 OR BELOW: 0 0.01 INCH OR MORE: 6
MAX 90 OR ABOVE: 0 0.10 INCH OR MORE: 6
MIN 32 OR BELOW: 0 0.50 INCH OR MORE: 1
MIN 0 OR BELOW: 0 1.00 INCH OR MORE: 0
[HDD (BASE 65) ]
TOTAL THIS MO. 155 CLEAR (SCALE 0-3) 3
DPTR FM NORMAL -115 PTCLDY (SCALE 4-7) 22
TOTAL FM JUL 1 2023 CLOUDY (SCALE 8-10) 6
DPTR FM NORMAL -350
[CDD (BASE 65) ]
TOTAL THIS MO. 12
DPTR FM NORMAL 2 [PRESSURE DATA]
TOTAL FM JAN 1 12 HIGHEST SLP 30.32 ON 5
DPTR FM NORMAL 2 LOWEST SLP 29.50 ON 27
[REMARKS]
#FINAL-03-20#