000
CXUS53 KMKX 010810
CF6ENW
PRELIMINARY LOCAL CLIMATOLOGICAL DATA (WS FORM: F-6)
STATION: KENOSHA WI
MONTH: JUNE
YEAR: 2023
LATITUDE: 42 35 N
LONGITUDE: 87 56 W
TEMPERATURE IN F: :PCPN: SNOW: WIND :SUNSHINE: SKY :PK WND
================================================================================
1 2 3 4 5 6A 6B 7 8 9 10 11 12 13 14 15 16 17 18
12Z AVG MX 2MIN
DY MAX MIN AVG DEP HDD CDD WTR SNW DPTH SPD SPD DIR MIN PSBL S-S WX SPD DR
================================================================================
1 90 60 75 11 0 10 0.00 M M 6.3 17 110 M M 0 18 21 110
2 90 60 75 11 0 10 0.00 M M 5.9 14 100 M M 0 18 18 80
3 90 59 75 11 0 10 0.00 M M 7.8 18 40 M M 0 8 26 30
4 78 55 67 3 0 2 0.00 M M 7.5 15 80 M M 0 8 19 80
5 84 53 69 4 0 4 0.00 M M 4.6 13 100 M M 0 8 18 100
6 75 58 67 2 0 2 0.06 M M 7.4 16 30 M M 3 8 22 30
7 75 56 66 1 0 1 0.00 M M 9.6 20 40 M M 0 28 20
8 76 49 63 -3 2 0 0.00 M M 7.0 17 80 M M 0 8 25 20
9 79 46 63 -3 2 0 0.00 M M 6.4 15 130 M M 0 20 130
10 89 53 71 5 0 6 T M M 9.2 18 20 M M 1 28 10
11 59 53 56 -11 9 0 0.19 M M 13.8 26 20 M M 10 1 37 30
12 71 47 59 -8 6 0 T M M 8.7 17 290 M M 6 26 320
13 63 54 59 -8 6 0 0.67 M M 11.5 26 300 M M 9 18 43 290
14 73 59 66 -2 0 1 0.00 M M 4.0 12 100 M M 6 18 15 110
15 71 53 62 -6 3 0 0.00 M M 8.9 16 50 M M 4 18 23 340
16 69 50 60 -8 5 0 0.00 M M 8.4 16 20 M M 6 18 26 360
17 78 47 63 -5 2 0 M M M 5.3 10 100 M M 0 128 M M
18 81 51 66 -3 0 1 0.00 M M 6.5 16 110 M M 0 18 23 110
19 85 57 71 2 0 6 0.00 M M 6.2 14 80 M M 0 18 19 80
20 84 58 71 2 0 6 0.00 0.0 0 8.3 17 30 M M 0 8 25 50
21 87 58 73 3 0 8 0.00 0.0 0 7.1 13 40 M M 0 18 19 60
22 88 61 75 5 0 10 0.00 M M 7.8 17 50 M M 0 8 24 20
23 86 59 73 3 0 8 0.00 M M 5.2 16 100 M M 1 8 21 90
24 91 57 74 4 0 9 T M M 6.3 18 240 M M 0 8 28 240
25 86 67 77 7 0 12 0.64 M M 12.7 28 70 M M 6 138 39 270
26 75 67 71 0 0 6 0.02 M M 11.3 22 290 M M 9 18 31 290
27 77 54 66 -5 0 1 0.00 M M 6.5 15 10 M M 10 18 24 350
28 82 53 68 -3 0 3 0.00 M M 6.7 15 130 M M 2 18 22 130
29 87 66 77 6 0 12 0.00 M M 5.0 14 130 M M 3 18 19 140
30 91 70 81 10 0 16 0.00 M M 5.5 16 240 M M 2 128 23 240
================================================================================
SM 2410 1690 35 144 1.58 0.0 227.4 M 78
================================================================================
AV 80.3 56.3 7.6 FASTST M M 3 MAX(MPH)
MISC ----> 28 70 43 290
================================================================================
NOTES:
# LAST OF SEVERAL OCCURRENCES
COLUMN 17 PEAK WIND IN M.P.H.
PRELIMINARY LOCAL CLIMATOLOGICAL DATA (WS FORM: F-6) , PAGE 2
STATION: KENOSHA WI
MONTH: JUNE
YEAR: 2023
LATITUDE: 42 35 N
LONGITUDE: 87 56 W
[TEMPERATURE DATA] [PRECIPITATION DATA] SYMBOLS USED IN COLUMN 16
AVERAGE MONTHLY: 68.3 TOTAL FOR MONTH: 1.58 1 = FOG OR MIST
DPTR FM NORMAL: 0.5 DPTR FM NORMAL: -2.11 2 = FOG REDUCING VISIBILITY
HIGHEST: 91 ON 30,24 GRTST 24HR 0.67 ON 13-13 TO 1/4 MILE OR LESS
LOWEST: 46 ON 9 3 = THUNDER
SNOW, ICE PELLETS, HAIL 4 = ICE PELLETS
TOTAL MONTH: 0.0 INCH 5 = HAIL
GRTST 24HR 0.0 6 = FREEZING RAIN OR DRIZZLE
GRTST DEPTH: 0 7 = DUSTSTORM OR SANDSTORM:
VSBY 1/2 MILE OR LESS
8 = SMOKE OR HAZE
[NO. OF DAYS WITH] [WEATHER - DAYS WITH] 9 = BLOWING SNOW
X = TORNADO
MAX 32 OR BELOW: 0 0.01 INCH OR MORE: 5
MAX 90 OR ABOVE: 5 0.10 INCH OR MORE: 3
MIN 32 OR BELOW: 0 0.50 INCH OR MORE: 2
MIN 0 OR BELOW: 0 1.00 INCH OR MORE: 0
[HDD (BASE 65) ]
TOTAL THIS MO. 35 CLEAR (SCALE 0-3) 21
DPTR FM NORMAL -19 PTCLDY (SCALE 4-7) 5
TOTAL FM JUL 1 5835 CLOUDY (SCALE 8-10) 4
DPTR FM NORMAL -614
[CDD (BASE 65) ]
TOTAL THIS MO. 144
DPTR FM NORMAL 6 [PRESSURE DATA]
TOTAL FM JAN 1 183 HIGHEST SLP M ON M
DPTR FM NORMAL 2 LOWEST SLP 29.51 ON 25
[REMARKS]
#FINAL-06-23#