736
CXUS53 KMKX 010910
CF6ENW
PRELIMINARY LOCAL CLIMATOLOGICAL DATA (WS FORM: F-6)
STATION: KENOSHA WI
MONTH: SEPTEMBER
YEAR: 2020
LATITUDE: 42 35 N
LONGITUDE: 87 56 W
TEMPERATURE IN F: :PCPN: SNOW: WIND :SUNSHINE: SKY :PK WND
================================================================================
1 2 3 4 5 6A 6B 7 8 9 10 11 12 13 14 15 16 17 18
12Z AVG MX 2MIN
DY MAX MIN AVG DEP HDD CDD WTR SNW DPTH SPD SPD DIR MIN PSBL S-S WX SPD DR
================================================================================
1 73 61 67 0 0 2 T 0.0 0 7.1 13 220 M M 5 18 18 240
2 84 57 71 4 0 6 0.12 0.0 0 8.4 17 280 M M 2 18 25 240
3 87 57 72 6 0 7 T 0.0 0 11.9 32 240 M M 1 8 46 240
4 79 48 64 -2 1 0 0.00 0.0 0 7.6 21 260 M M 0 31 270
5 81 55 68 2 0 3 T 0.0 0 4.7 20 270 M M 3 27 300
6 83 56 70 5 0 5 0.12 0.0 0 12.7 32 170 M M 5 3 46 170
7 79 60 70 5 0 5 0.04 0.0 0 9.1 21 90 M M 2 3 26 70
8 61 55 58 -7 7 0 1.50 0.0 0 11.0 23 70 M M 9 13 30 50
9 59 52 56 -8 9 0 0.38 0.0 0 9.2 16 50 M M 9 1 23 40
10 63 52 58 -6 7 0 0.09 0.0 0 8.6 18 60 M M 10 1 25 60
11 67 59 63 -1 2 0 0.01 0.0 0 10.4 20 100 M M 10 25 110
12 73 61 67 4 0 2 0.28 0.0 0 9.0 17 240 M M 9 1 21 240
13 73 54 64 1 1 0 0.00 0.0 0 5.7 15 300 M M 4 1 23 340
14 73 52 63 0 2 0 0.00 0.0 0 5.4 14 80 M M 3 12 18 90
15 79 58 69 7 0 4 0.00 0.0 0 8.8 18 220 M M 0 1 27 240
16 82 61 72 10 0 7 0.00 0.0 0 9.9 20 270 M M 3 27 260
17 67 53 60 -1 5 0 0.00 0.0 M 8.9 17 70 M M 6 23 80
18 61 40 51 -10 14 0 T M 0 8.2 18 50 M M 4 8 25 70
19 65 38 52 -9 13 0 0.00 0.0 0 4.5 17 150 M M 2 21 120
20 69 40 55 -5 10 0 T M 0 6.6 18 140 M M 0 25 160
21 75 50 63 3 2 0 0.00 0.0 0 6.6 14 130 M M 0 18 210
22 79 52 66 7 0 1 0.00 0.0 0 5.4 13 230 M M 0 18 220
23 80 53 67 8 0 2 0.00 0.0 0 5.8 14 250 M M 0 19 240
24 79 54 67 8 0 2 0.00 0.0 0 6.6 15 250 M M 2 8 25 240
25 79 56 68 10 0 3 0.00 0.0 0 8.1 20 200 M M 0 25 210
26 78 65 72 14 0 7 0.00 0.0 0 14.2 24 200 M M 3 38 220
27 76 55 66 9 0 1 0.25 0.0 0 11.5 18 230 M M 5 1 35 220
28 62 47 55 -2 10 0 0.24 M 0 8.8 20 270 M M 8 18 29 260
29 59 43 51 -6 14 0 T M 0 8.4 17 250 M M 4 24 250
30 62 45 54 -2 11 0 0.02 M 0 12.4 25 290 M M 3 39 300
================================================================================
SM 2187 1589 108 57 3.05 0.0 255.5 M 112
================================================================================
AV 72.9 53.0 8.5 FASTST M M 4 MAX(MPH)
MISC ----> # 32 240 # 46 240
================================================================================
NOTES:
# LAST OF SEVERAL OCCURRENCES
COLUMN 17 PEAK WIND IN M.P.H.
PRELIMINARY LOCAL CLIMATOLOGICAL DATA (WS FORM: F-6) , PAGE 2
STATION: KENOSHA WI
MONTH: SEPTEMBER
YEAR: 2020
LATITUDE: 42 35 N
LONGITUDE: 87 56 W
[TEMPERATURE DATA] [PRECIPITATION DATA] SYMBOLS USED IN COLUMN 16
AVERAGE MONTHLY: 62.9 TOTAL FOR MONTH: 3.05 1 = FOG OR MIST
DPTR FM NORMAL: 1.1 DPTR FM NORMAL: -0.33 2 = FOG REDUCING VISIBILITY
HIGHEST: 87 ON 3 GRTST 24HR 1.50 ON 8- 8 TO 1/4 MILE OR LESS
LOWEST: 38 ON 19 3 = THUNDER
SNOW, ICE PELLETS, HAIL 4 = ICE PELLETS
TOTAL MONTH: 0.0 INCH 5 = HAIL
GRTST 24HR 0.0 6 = FREEZING RAIN OR DRIZZLE
GRTST DEPTH: 0 7 = DUSTSTORM OR SANDSTORM:
VSBY 1/2 MILE OR LESS
8 = SMOKE OR HAZE
[NO. OF DAYS WITH] [WEATHER - DAYS WITH] 9 = BLOWING SNOW
X = TORNADO
MAX 32 OR BELOW: 0 0.01 INCH OR MORE: 11
MAX 90 OR ABOVE: 0 0.10 INCH OR MORE: 7
MIN 32 OR BELOW: 0 0.50 INCH OR MORE: 1
MIN 0 OR BELOW: 0 1.00 INCH OR MORE: 1
[HDD (BASE 65) ]
TOTAL THIS MO. 108 CLEAR (SCALE 0-3) 14
DPTR FM NORMAL -37 PTCLDY (SCALE 4-7) 11
TOTAL FM JUL 1 113 CLOUDY (SCALE 8-10) 5
DPTR FM NORMAL -63
[CDD (BASE 65) ]
TOTAL THIS MO. 57
DPTR FM NORMAL 7 [PRESSURE DATA]
TOTAL FM JAN 1 854 HIGHEST SLP 30.45 ON 20
DPTR FM NORMAL 317 LOWEST SLP 29.50 ON 30
[REMARKS]
#FINAL-09-20#