000
CXUS53 KMKX 010910
CF6ENW
PRELIMINARY LOCAL CLIMATOLOGICAL DATA (WS FORM: F-6)
STATION: KENOSHA WI
MONTH: JULY
YEAR: 2020
LATITUDE: 42 35 N
LONGITUDE: 87 56 W
TEMPERATURE IN F: :PCPN: SNOW: WIND :SUNSHINE: SKY :PK WND
================================================================================
1 2 3 4 5 6A 6B 7 8 9 10 11 12 13 14 15 16 17 18
12Z AVG MX 2MIN
DY MAX MIN AVG DEP HDD CDD WTR SNW DPTH SPD SPD DIR MIN PSBL S-S WX SPD DR
================================================================================
1 83 65 74 4 0 9 0.00 0.0 0 7.3 15 80 M M 1 19 90
2 87 64 76 6 0 11 0.00 0.0 0 3.8 10 80 M M 1 14 80
3 89 63 76 5 0 11 0.00 0.0 0 4.2 10 80 M M 0 1 16 330
4 86 64 75 4 0 10 0.00 0.0 0 5.2 13 60 M M 0 18 18 70
5 91 64 78 7 0 13 0.00 0.0 0 3.5 12 110 M M 2 18 15 60
6 93 68 81 10 0 16 0.00 0.0 0 5.5 12 160 M M 1 16 250
7 94 70 82 11 0 17 0.01 0.0 0 6.1 21 320 M M 3 38 34 300
8 91 66 79 8 0 14 0.00 0.0 0 4.2 14 150 M M 2 12 19 160
9 91 70 81 10 0 16 2.90 0.0 0 5.6 25 190 M M 2 138 41 200
10 85 71 78 7 0 13 0.16 0.0 0 8.5 20 300 M M 5 1 30 300
11 84 68 76 5 0 11 0.00 0.0 0 7.4 17 270 M M 1 25 270
12 78 60 69 -2 0 4 0.00 0.0 0 7.5 16 70 M M 2 22 80
13 80 57 69 -2 0 4 0.00 0.0 0 4.4 14 110 M M 2 1 17 100
14 85 62 74 3 0 9 0.00 0.0 0 7.4 18 140 M M 0 26 140
15 85 69 77 6 0 12 0.62 0.0 0 6.8 13 180 M M 5 13 18 190
16 81 66 74 3 0 9 0.00 0.0 M 6.2 10 80 M M 5 1 17 350
17 88 62 75 4 0 10 0.00 0.0 0 5.4 13 200 M M 0 12 19 250
18 90 74 82 11 0 17 0.01 0.0 0 11.1 21 210 M M 1 3 30 210
19 84 65 75 4 0 10 T 0.0 0 10.3 18 240 M M 2 30 230
20 83 63 73 2 0 8 T 0.0 0 6.8 14 70 M M 2 17 80
21 79 63 71 0 0 6 0.01 0.0 0 5.9 15 140 M M 5 1 21 140
22 87 68 78 7 0 13 0.00 0.0 0 7.8 15 260 M M 5 1 23 260
23 79 61 70 -1 0 5 T 0.0 0 6.2 16 70 M M 4 21 60
24 83 59 71 0 0 6 0.00 0.0 0 5.6 13 80 M M 1 1 19 80
25 90 66 78 7 0 13 0.00 0.0 0 6.2 15 140 M M 0 18 20 140
26 96 74 85 14 0 20 1.46 0.0 0 10.5 29 340 M M 2 13 41 340
27 84 65 75 4 0 10 0.00 0.0 0 7.7 15 290 M M 2 24 290
28 87 63 75 4 0 10 0.00 0.0 0 10.4 21 240 M M 2 30 250
29 87 70 79 8 0 14 0.00 0.0 0 6.5 15 250 M M 3 23 240
30 80 65 73 2 0 8 0.00 0.0 0 9.2 17 60 M M 1 23 60
31 80 64 72 1 0 7 0.00 0.0 0 7.8 16 60 M M 1 22 60
================================================================================
SM 2660 2029 0 336 5.17 0.0 211.0 M 63
================================================================================
AV 85.8 65.5 6.8 FASTST M M 2 MAX(MPH)
MISC ----> # 29 340 # 41 200
================================================================================
NOTES:
# LAST OF SEVERAL OCCURRENCES
COLUMN 17 PEAK WIND IN M.P.H.
PRELIMINARY LOCAL CLIMATOLOGICAL DATA (WS FORM: F-6) , PAGE 2
STATION: KENOSHA WI
MONTH: JULY
YEAR: 2020
LATITUDE: 42 35 N
LONGITUDE: 87 56 W
[TEMPERATURE DATA] [PRECIPITATION DATA] SYMBOLS USED IN COLUMN 16
AVERAGE MONTHLY: 75.6 TOTAL FOR MONTH: 5.17 1 = FOG OR MIST
DPTR FM NORMAL: 4.5 DPTR FM NORMAL: 1.57 2 = FOG REDUCING VISIBILITY
HIGHEST: 96 ON 26 GRTST 24HR 2.90 ON 9- 9 TO 1/4 MILE OR LESS
LOWEST: 57 ON 13 3 = THUNDER
SNOW, ICE PELLETS, HAIL 4 = ICE PELLETS
TOTAL MONTH: 0.0 INCH 5 = HAIL
GRTST 24HR 0.0 6 = FREEZING RAIN OR DRIZZLE
GRTST DEPTH: 0 7 = DUSTSTORM OR SANDSTORM:
VSBY 1/2 MILE OR LESS
8 = SMOKE OR HAZE
[NO. OF DAYS WITH] [WEATHER - DAYS WITH] 9 = BLOWING SNOW
X = TORNADO
MAX 32 OR BELOW: 0 0.01 INCH OR MORE: 7
MAX 90 OR ABOVE: 8 0.10 INCH OR MORE: 4
MIN 32 OR BELOW: 0 0.50 INCH OR MORE: 3
MIN 0 OR BELOW: 0 1.00 INCH OR MORE: 2
[HDD (BASE 65) ]
TOTAL THIS MO. 0 CLEAR (SCALE 0-3) 25
DPTR FM NORMAL -13 PTCLDY (SCALE 4-7) 6
TOTAL FM JUL 1 0 CLOUDY (SCALE 8-10) 0
DPTR FM NORMAL -13
[CDD (BASE 65) ]
TOTAL THIS MO. 336
DPTR FM NORMAL 136 [PRESSURE DATA]
TOTAL FM JAN 1 563 HIGHEST SLP 30.19 ON 24
DPTR FM NORMAL 230 LOWEST SLP 29.70 ON 19
[REMARKS]
#FINAL-07-20#