000
CXUS51 KCLE 041715
CLSERI
CLIMATE REPORT
NATIONAL WEATHER SERVICE CLEVELAND, OH
115 PM EDT MON SEP 04 2023
...................................
...THE ERIE PA CLIMATE SUMMARY FOR THE SEASON, FROM
6/1/2023 TO 8/31/2023...
CLIMATE NORMAL PERIOD 1991 TO 2020
CLIMATE RECORD PERIOD 1873 TO 2023
WEATHER OBSERVED NORMAL DEPART
VALUE DATE(S) VALUE FROM
NORMAL
................................................
TEMPERATURE (F)
RECORD
HIGH 100 06/25/1988
LOW 32 06/11/1972
HIGHEST 89 07/06
LOWEST 44 06/05
AVG. MAXIMUM 76.5 79.4 -2.9
AVG. MINIMUM 60.9 62.3 -1.4
MEAN 68.7 70.8 -2.1
DAYS MAX >= 90 0 4.0
DAYS MAX <= 32 0 0.0
DAYS MIN <= 32 0 0.0
DAYS MIN <= 0 0 0.0
PRECIPITATION (INCHES)
RECORD
MAXIMUM 22.12 1977
MINIMUM 3.53 1923
TOTALS 12.62 10.38 2.24
DAYS >= .01 34 32.2
DAYS >= .10 21 20.2
DAYS >= .50 10 6.5
DAYS >= 1.00 1 2.3
SNOWFALL (INCHES)
RECORDS
TOTAL T 1999
TOTALS 0.0 0.0
DAYS >= TRACE 0
DAYS >= 1.0 0 0.0
DEGREE DAYS
HEATING TOTAL 72 58 14
COOLING TOTAL 440 596 -156
................................................
WIND (MPH)
HIGHEST GUST SPEED/DIRECTION 48/310 DATE 07/26
SKY COVER
POSSIBLE SUNSHINE (PERCENT) MM
NUMBER OF DAYS FAIR 51
NUMBER OF DAYS PC 30
NUMBER OF DAYS CLOUDY 11
WEATHER CONDITIONS. NUMBER OF DAYS WITH
THUNDERSTORM 21 MIXED PRECIP 0
HEAVY RAIN 15 RAIN 23
LIGHT RAIN 41 FREEZING RAIN 0
LT FREEZING RAIN 0 HAIL 0
HEAVY SNOW 0 SNOW 0
LIGHT SNOW 0 SLEET 0
FOG 50 FOG W/VIS <= 1/4 MILE 6
HAZE 38
- INDICATES NEGATIVE NUMBERS.
R INDICATES RECORD WAS SET OR TIED.
MM INDICATES DATA IS MISSING.
T INDICATES TRACE AMOUNT.
$$