000
CXUS53 KDMX 050307
CF6EST
PRELIMINARY LOCAL CLIMATOLOGICAL DATA (WS FORM: F-6)
STATION: ESTHERVILLE IA
MONTH: DECEMBER
YEAR: 2021
LATITUDE: 43 24 N
LONGITUDE: 94 45 W
TEMPERATURE IN F: :PCPN: SNOW: WIND :SUNSHINE: SKY :PK WND
================================================================================
1 2 3 4 5 6A 6B 7 8 9 10 11 12 13 14 15 16 17 18
12Z AVG MX 2MIN
DY MAX MIN AVG DEP HDD CDD WTR SNW DPTH SPD SPD DIR MIN PSBL S-S WX SPD DR
================================================================================
1 56 34 45 20 20 0 0.03 0.0 M 12.5 22 230 M M 1 1 28 230
2 51 36 44 19 21 0 0.00 0.0 M 8.0 15 320 M M 4 21 300
3 51 25 38 13 27 0 0.00 0.0 M 8.9 20 350 M M 2 26 360
4 36 28 32 8 33 0 0.00 0.0 M 7.0 15 130 M M 10 19 130
5 43 28 36 12 29 0 T M M 21.7 41 320 M M 7 53 320
6 28 3 16 -7 49 0 0.00 0.0 M 18.9 40 330 M M 3 56 320
7 34 9 22 -1 43 0 M M M 11.8 21 150 M M 8 26 140
8 32 7 20 -3 45 0 0.00 0.0 M 9.6 25 150 M M 0 33 150
9 50 23 37 15 28 0 0.00 0.0 M 14.2 25 340 M M 1 32 140
10 31 26 29 7 36 0 M M M 18.9 35 350 M M 10 12 48 360
11 29 18 24 2 41 0 M M M 16.9 30 350 M M 2 1 42 350
12 37 23 30 9 35 0 0.00 0.0 M 14.9 22 200 M M 0 30 180
13 40 21 31 10 34 0 0.00 0.0 M 7.5 18 240 M M 0 23 240
14 39 20 30 10 35 0 0.00 0.0 M 8.5 15 150 M M 0 1 18 150
15 63 33 48 28 17 0 0.09 0.0 M 19.2 48 250 M M 7 1238 66 250
16 33 17 25 5 40 0 0.00 0.0 M 20.8 52 290 M M 3 67 280
17 30 17 24 4 41 0 0.00 0.0 M 9.5 17 80 M M 6 22 70
18 21 7 14 -5 51 0 0.00 0.0 M 10.4 17 330 M M 7 23 330
19 34 7 21 2 44 0 0.00 0.0 M 16.4 31 190 M M 3 1 42 190
20 25 8 17 -2 48 0 0.00 0.0 M 11.5 29 340 M M 0 38 350
21 34 8 21 3 44 0 0.00 0.0 M 14.2 38 300 M M 1 47 320
22 40 9 25 7 40 0 0.00 0.0 M 9.5 21 170 M M 3 26 180
23 46 21 34 16 31 0 0.00 0.0 M 7.6 13 190 M M 0 17 190
24 52 26 39 21 26 0 0.00 0.0 M 14.3 21 350 M M 3 128 27 340
25 26 14 20 3 45 0 0.00 0.0 M 10.2 23 360 M M 5 30 360
26 36 12 24 7 41 0 M M M 12.6 33 90 M M 6 1 46 80
27 37 14 26 9 39 0 M M M 15.0 35 280 M M 3 12 47 290
28 34 3 19 2 46 0 M M M 12.9 24 310 M M 7 31 310
29 15 0 8 -8 57 0 0.00 0.0 M 6.9 15 330 M M 3 18 330
30 34 6 20 4 45 0 M M M 9.7 23 190 M M 5 1 28 190
31 16 -3 7 -9 58 0 0.00 0.0 M 17.2 26 360 M M 7 18 35 360
================================================================================
SM 1133 500 1189 0 0.12 0.0 397.2 M 117
================================================================================
AV 36.5 16.1 12.8 FASTST M M 4 MAX(MPH)
MISC ----> 52 290 67 280
================================================================================
NOTES:
# LAST OF SEVERAL OCCURRENCES
COLUMN 17 PEAK WIND IN M.P.H.
PRELIMINARY LOCAL CLIMATOLOGICAL DATA (WS FORM: F-6) , PAGE 2
STATION: ESTHERVILLE IA
MONTH: DECEMBER
YEAR: 2021
LATITUDE: 43 24 N
LONGITUDE: 94 45 W
[TEMPERATURE DATA] [PRECIPITATION DATA] SYMBOLS USED IN COLUMN 16
AVERAGE MONTHLY: 26.3 TOTAL FOR MONTH: 0.12 1 = FOG OR MIST
DPTR FM NORMAL: 6.1 DPTR FM NORMAL: -0.42 2 = FOG REDUCING VISIBILITY
HIGHEST: 63 ON 15 GRTST 24HR 0.09 ON 15-15 TO 1/4 MILE OR LESS
LOWEST: -3 ON 31 3 = THUNDER
SNOW, ICE PELLETS, HAIL 4 = ICE PELLETS
TOTAL MONTH: 0.0 INCH 5 = HAIL
GRTST 24HR 0.0 6 = FREEZING RAIN OR DRIZZLE
GRTST DEPTH: M ON M 7 = DUSTSTORM OR SANDSTORM:
VSBY 1/2 MILE OR LESS
8 = SMOKE OR HAZE
[NO. OF DAYS WITH] [WEATHER - DAYS WITH] 9 = BLOWING SNOW
X = TORNADO
MAX 32 OR BELOW: 10 0.01 INCH OR MORE: 2
MAX 90 OR ABOVE: 0 0.10 INCH OR MORE: 0
MIN 32 OR BELOW: 28 0.50 INCH OR MORE: 0
MIN 0 OR BELOW: 2 1.00 INCH OR MORE: 0
[HDD (BASE 65) ]
TOTAL THIS MO. 1189 CLEAR (SCALE 0-3) 17
DPTR FM NORMAL -201 PTCLDY (SCALE 4-7) 12
TOTAL FM JUL 1 2449 CLOUDY (SCALE 8-10) 2
DPTR FM NORMAL -689
[CDD (BASE 65) ]
TOTAL THIS MO. 0
DPTR FM NORMAL 0 [PRESSURE DATA]
TOTAL FM JAN 1 759 HIGHEST SLP 30.43 ON 18
DPTR FM NORMAL 232 LOWEST SLP 29.02 ON 15
[REMARKS]
#FINAL-12-21#